000
CXUS55 KABQ 021525
CF6CAO
PRELIMINARY LOCAL CLIMATOLOGICAL DATA (WS FORM: F-6)
STATION: CLAYTON NM
MONTH: APRIL
YEAR: 2023
LATITUDE: 36 27 N
LONGITUDE: 103 9 W
TEMPERATURE IN F: :PCPN: SNOW: WIND :SUNSHINE: SKY :PK WND
================================================================================
1 2 3 4 5 6A 6B 7 8 9 10 11 12 13 14 15 16 17 18
12Z AVG MX 2MIN
DY MAX MIN AVG DEP HDD CDD WTR SNW DPTH SPD SPD DIR MIN PSBL S-S WX SPD DR
================================================================================
1 67 27 47 -2 18 0 0.00 0.0 0 13.7 31 180 M M 0 40 190
2 78 39 59 10 6 0 0.00 0.0 0 16.1 28 240 M M 0 40 250
3 79 40 60 11 5 0 0.00 0.0 0 16.1 36 230 M M 0 52 220
4 61 23 42 -8 23 0 0.00 0.0 0 22.4 38 240 M M 0 57 240
5 48 18 33 -17 32 0 0.00 0.0 0 8.0 21 150 M M 2 28 140
6 55 21 38 -12 27 0 0.00 0.0 0 10.4 24 170 M M 0 33 180
7 62 32 47 -3 18 0 0.00 0.0 0 15.9 29 200 M M 0 46 190
8 72 37 55 5 10 0 0.00 0.0 0 15.4 26 190 M M 0 37 180
9 72 45 59 9 6 0 0.00 0.0 0 10.4 20 20 M M 1 26 20
10 77 41 59 8 6 0 0.00 0.0 0 7.3 14 170 M M 0 25 220
11 82 39 61 10 4 0 0.00 0.0 0 12.1 23 170 M M 0 33 180
12 86 48 67 16 0 2 0.00 0.0 0 15.6 30 190 M M 0 40 180
13 82 49 66 15 0 1 T 0.0 0 16.3 37 240 M M 0 3 53 250
14 74 40 57 5 8 0 0.00 0.0 0 16.1 29 200 M M 0 43 200
15 56 28 42 -10 23 0 0.00 0.0 0 13.1 33 360 M M 1 43 30
16 65 28 47 -5 18 0 0.00 0.0 0 11.4 23 210 M M 0 31 210
17 77 41 59 7 6 0 0.00 0.0 0 14.3 23 240 M M 0 34 260
18 80 48 64 12 1 0 0.00 0.0 0 14.3 25 250 M M 0 39 240
19 78 39 59 6 6 0 0.00 0.0 0 16.1 39 250 M M 0 55 260
20 56 31 44 -9 21 0 0.00 0.0 0 13.1 30 360 M M 3 42 10
21 64 29 47 -6 18 0 0.00 0.0 0 12.9 23 40 M M 2 33 220
22 45 33 39 -14 26 0 0.00 0.0 0 13.9 24 30 M M 10 33 30
23 57 33 45 -9 20 0 0.00 0.0 0 14.0 25 160 M M 3 37 170
24 61 38 50 -4 15 0 0.04 0.0 0 15.9 26 210 M M 7 13 36 220
25 65 41 53 -1 12 0 0.22 0.0 0 10.1 25 70 M M 7 123 35 250
26 42 37 40 -14 25 0 0.43 0.0 0 15.8 29 350 M M 10 123 36 360
27 71 32 52 -3 13 0 T 0.0 0 8.9 43 20 M M 2 57 40
28 53 34 44 -11 21 0 0.04 T 0 23.0 40 360 M M 6 58 360
29 73 33 53 -2 12 0 0.00 0.0 0 12.2 24 10 M M 0 37 360
30 67 41 54 -2 11 0 0.00 0.0 0 10.6 21 50 M M 0 28 50
================================================================================
SM 2005 1065 411 3 0.73 T 415.4 M 54
================================================================================
AV 66.8 35.5 13.8 FASTST M M 2 MAX(MPH)
MISC ----> 43 20 58 360
================================================================================
NOTES:
# LAST OF SEVERAL OCCURRENCES
COLUMN 17 PEAK WIND IN M.P.H.
PRELIMINARY LOCAL CLIMATOLOGICAL DATA (WS FORM: F-6) , PAGE 2
STATION: CLAYTON NM
MONTH: APRIL
YEAR: 2023
LATITUDE: 36 27 N
LONGITUDE: 103 9 W
[TEMPERATURE DATA] [PRECIPITATION DATA] SYMBOLS USED IN COLUMN 16
AVERAGE MONTHLY: 51.2 TOTAL FOR MONTH: 0.73 1 = FOG OR MIST
DPTR FM NORMAL: -0.8 DPTR FM NORMAL: -0.39 2 = FOG REDUCING VISIBILITY
HIGHEST: 86 ON 12 GRTST 24HR 0.64 ON 25-26 TO 1/4 MILE OR LESS
LOWEST: 18 ON 5 3 = THUNDER
SNOW, ICE PELLETS, HAIL 4 = ICE PELLETS
TOTAL MONTH: T 5 = HAIL
GRTST 24HR T ON 28-28 6 = FREEZING RAIN OR DRIZZLE
GRTST DEPTH: 0 7 = DUSTSTORM OR SANDSTORM:
VSBY 1/2 MILE OR LESS
8 = SMOKE OR HAZE
[NO. OF DAYS WITH] [WEATHER - DAYS WITH] 9 = BLOWING SNOW
X = TORNADO
MAX 32 OR BELOW: 0 0.01 INCH OR MORE: 4
MAX 90 OR ABOVE: 0 0.10 INCH OR MORE: 2
MIN 32 OR BELOW: 10 0.50 INCH OR MORE: 0
MIN 0 OR BELOW: 0 1.00 INCH OR MORE: 0
[HDD (BASE 65) ]
TOTAL THIS MO. 411 CLEAR (SCALE 0-3) 25
DPTR FM NORMAL 17 PTCLDY (SCALE 4-7) 3
TOTAL FM JUL 1 4777 CLOUDY (SCALE 8-10) 2
DPTR FM NORMAL 108
[CDD (BASE 65) ]
TOTAL THIS MO. 3
DPTR FM NORMAL -2 [PRESSURE DATA]
TOTAL FM JAN 1 3 HIGHEST SLP 30.33 ON 16
DPTR FM NORMAL -3 LOWEST SLP 29.19 ON 4
[REMARKS]
#FINAL-04-23#