000
CXUS51 KCAR 010700
CF6CAR
PRELIMINARY LOCAL CLIMATOLOGICAL DATA (WS FORM: F-6)
STATION: CARIBOU ME
MONTH: JULY
YEAR: 2022
LATITUDE: 46 52 N
LONGITUDE: 68 1 W
TEMPERATURE IN F: :PCPN: SNOW: WIND :SUNSHINE: SKY :PK WND
================================================================================
1 2 3 4 5 6A 6B 7 8 9 10 11 12 13 14 15 16 17 18
12Z AVG MX 2MIN
DY MAX MIN AVG DEP HDD CDD WTR SNW DPTH SPD SPD DIR MIN PSBL S-S WX SPD DR
================================================================================
1 81 50 66 1 0 1 0.28 0.0 0 5.7 15 210 M M 4 13 24 210
2 82 60 71 5 0 6 0.00 0.0 0 8.4 17 240 M M 4 3 27 250
3 75 51 63 -3 2 0 0.02 0.0 0 5.6 21 330 M M 5 32 320
4 71 49 60 -6 5 0 0.00 0.0 0 6.9 17 300 M M 1 27 250
5 77 50 64 -2 1 0 0.18 0.0 0 5.0 15 240 M M 4 24 240
6 70 50 60 -6 5 0 0.93 0.0 0 9.1 22 20 M M 7 1 33 10
7 73 47 60 -6 5 0 T 0.0 0 3.5 10 300 M M 2 17 300
8 74 54 64 -2 1 0 0.21 0.0 0 4.3 18 340 M M 5 13 30 340
9 69 49 59 -7 6 0 0.00 0.0 0 8.0 16 330 M M 1 27 300
10 77 44 61 -6 4 0 0.00 0.0 0 4.5 13 250 M M 0 19 230
11 81 58 70 3 0 5 T 0.0 0 8.0 21 250 M M 5 31 240
12 81 63 72 5 0 7 T 0.0 0 11.6 21 210 M M 6 3 40 200
13 79 59 69 2 0 4 0.00 0.0 0 6.6 14 310 M M 2 23 250
14 76 53 65 -2 0 0 0.32 0.0 0 2.6 13 330 M M 5 1 20 320
15 78 55 67 0 0 2 0.01 0.0 0 4.8 14 300 M M 2 1 22 300
16 81 56 69 2 0 4 0.00 0.0 0 5.8 17 240 M M 2 25 250
17 84 58 71 4 0 6 0.00 0.0 0 4.6 12 260 M M 3 19 260
18 87 61 74 7 0 9 0.04 0.0 0 7.2 17 210 M M 3 24 200
19 80 62 71 4 0 6 1.50 0.0 0 7.2 16 300 M M 6 13 27 260
20 80 56 68 1 0 3 0.00 0.0 0 5.3 16 320 M M 0 27 320
21 87 56 72 5 0 7 0.37 0.0 0 8.1 22 170 M M 2 13 32 150
22 84 65 75 8 0 10 T 0.0 0 6.5 17 240 M M 5 27 240
23 86 61 74 7 0 9 0.00 0.0 0 6.3 20 230 M M 1 28 220
24 86 65 76 9 0 11 0.02 0.0 0 5.6 14 240 M M 2 3 22 180
25 81 62 72 5 0 7 0.02 0.0 0 8.2 18 230 M M 5 3 29 240
26 77 56 67 0 0 2 0.00 0.0 0 7.7 20 250 M M 1 18 30 260
27 81 56 69 2 0 4 0.00 0.0 0 5.2 13 330 M M 3 20 360
28 81 57 69 2 0 4 0.05 0.0 0 5.1 13 180 M M 3 20 180
29 80 59 70 3 0 5 0.13 0.0 0 7.2 21 240 M M 6 1 31 230
30 78 56 67 0 0 2 T 0.0 0 6.5 18 240 M M 3 28 320
31 83 58 71 4 0 6 0.00 0.0 0 6.5 13 240 M M 2 21 310
================================================================================
SM 2460 1736 29 120 4.08 0.0 197.6 M 100
================================================================================
AV 79.4 56.0 6.4 FASTST M M 3 MAX(MPH)
MISC ----> # 22 20 40 200
================================================================================
NOTES:
# LAST OF SEVERAL OCCURRENCES
COLUMN 17 PEAK WIND IN M.P.H.
PRELIMINARY LOCAL CLIMATOLOGICAL DATA (WS FORM: F-6) , PAGE 2
STATION: CARIBOU ME
MONTH: JULY
YEAR: 2022
LATITUDE: 46 52 N
LONGITUDE: 68 1 W
[TEMPERATURE DATA] [PRECIPITATION DATA] SYMBOLS USED IN COLUMN 16
AVERAGE MONTHLY: 67.7 TOTAL FOR MONTH: 4.08 1 = FOG OR MIST
DPTR FM NORMAL: 1.0 DPTR FM NORMAL: -0.15 2 = FOG REDUCING VISIBILITY
HIGHEST: 87 ON 21,18 GRTST 24HR 1.54 ON 18-19 TO 1/4 MILE OR LESS
LOWEST: 44 ON 10 3 = THUNDER
SNOW, ICE PELLETS, HAIL 4 = ICE PELLETS
TOTAL MONTH: 0.0 INCH 5 = HAIL
GRTST 24HR 0.0 6 = FREEZING RAIN OR DRIZZLE
GRTST DEPTH: 0 7 = DUSTSTORM OR SANDSTORM:
VSBY 1/2 MILE OR LESS
8 = SMOKE OR HAZE
[NO. OF DAYS WITH] [WEATHER - DAYS WITH] 9 = BLOWING SNOW
X = TORNADO
MAX 32 OR BELOW: 0 0.01 INCH OR MORE: 14
MAX 90 OR ABOVE: 0 0.10 INCH OR MORE: 8
MIN 32 OR BELOW: 0 0.50 INCH OR MORE: 2
MIN 0 OR BELOW: 0 1.00 INCH OR MORE: 1
[HDD (BASE 65) ]
TOTAL THIS MO. 29 CLEAR (SCALE 0-3) 16
DPTR FM NORMAL -13 PTCLDY (SCALE 4-7) 15
TOTAL FM JUL 1 29 CLOUDY (SCALE 8-10) 0
DPTR FM NORMAL -10
[CDD (BASE 65) ]
TOTAL THIS MO. 120
DPTR FM NORMAL 25 [PRESSURE DATA]
TOTAL FM JAN 1 147 HIGHEST SLP 30.05 ON 16
DPTR FM NORMAL 8 LOWEST SLP 29.38 ON 19
[REMARKS]
#FINAL-07-22#