000
CXUS56 KMTR 042012
CF6CCR
PRELIMINARY LOCAL CLIMATOLOGICAL DATA (WS FORM: F-6)
STATION: CONCORD AIRPORT
MONTH: AUGUST
YEAR: 2020
LATITUDE: 37 58 N
LONGITUDE: 122 3 W
TEMPERATURE IN F: :PCPN: SNOW: WIND :SUNSHINE: SKY :PK WND
================================================================================
1 2 3 4 5 6A 6B 7 8 9 10 11 12 13 14 15 16 17 18
12Z AVG MX 2MIN
DY MAX MIN AVG DEP HDD CDD WTR SNW DPTH SPD SPD DIR MIN PSBL S-S WX SPD DR
================================================================================
1 93 59 76 4 0 11 0.00 M M 11.8 20 190 M M 0 26 180
2 93 59 76 4 0 11 0.00 M M 11.7 20 190 M M 0 33 210
3 96 62 79 7 0 14 0.00 M M 12.3 22 190 M M 0 45 210
4 86 60 73 1 0 8 0.00 M M 17.4 29 190 M M 1 8 36 200
5 72 59 66 -6 0 1 0.00 M M 21.0 26 190 M M 6 34 200
6 87 59 73 1 0 8 0.00 M M 13.3 23 200 M M 1 29 190
7 90 60 75 3 0 10 0.00 M M 10.6 21 200 M M 0 33 170
8 92 60 76 4 0 11 0.00 M M 8.4 16 250 M M 0 20 270
9 98 59 79 7 0 14 0.00 M M 7.1 16 260 M M 0 20 310
10 92 60 76 4 0 11 0.00 M M 8.7 16 240 M M 0 23 260
11 81 60 71 -1 0 6 0.00 M M 10.9 21 270 M M 1 27 230
12 95 59 77 5 0 12 0.00 M M 7.4 17 330 M M 0 20 330
13 101 60 81 9 0 16 0.00 M M 5.8 17 260 M M 0 22 270
14 106 71 89 17 0 24 0.00 M M 3.9 16 290 M M 0 20 300
15 106 70 88 16 0 23 0.00 M M 7.6 20 320 M M 0 23 320
16 106 76 91 19 0 26 0.02 M M 8.7 35 200 M M 1 38 45 190
17 99 73 86 14 0 21 T M M 4.2 21 320 M M 0 25 310
18 106 71 89 17 0 24 0.00 M M 5.8 21 270 M M 0 26 280
19 104 70 87 15 0 22 0.00 M M 7.5 21 270 M M 1 8 25 290
20 94 65 80 8 0 15 0.00 M M 9.1 16 180 M M 8 8 20 180
21 96 64 80 8 0 15 0.00 M M 10.3 16 230 M M 2 8 21 300
22 98 66 82 10 0 17 0.00 M M 6.8 15 260 M M 2 8 20 320
23 94 63 79 7 0 14 0.00 M M 8.3 18 200 M M 2 8 24 210
24 92 66 79 7 0 14 0.00 M M 7.5 21 250 M M 3 8 26 250
25 88 62 75 3 0 10 0.00 M M 9.4 15 290 M M 0 8 20 300
26 86 58 72 0 0 7 0.00 M M 10.8 21 190 M M 0 8 26 190
27 86 57 72 0 0 7 0.00 M M 10.6 20 190 M M 2 8 25 200
28 87 57 72 0 0 7 0.00 M M 7.2 18 280 M M 0 18 22 270
29 83 58 71 -1 0 6 0.00 M M 9.6 16 270 M M 0 8 20 310
30 87 56 72 0 0 7 0.00 M M 8.6 16 310 M M 0 8 19 300
31 86 57 72 0 0 7 0.00 M M 6.6 17 290 M M 0 8 21 290
================================================================================
SM 2880 1936 0 399 0.02 M 288.9 M 30
================================================================================
AV 92.9 62.5 9.3 FASTST M M 1 MAX(MPH)
MISC ----> 35 200 # 45 210
================================================================================
NOTES:
# LAST OF SEVERAL OCCURRENCES
COLUMN 17 PEAK WIND IN M.P.H.
PRELIMINARY LOCAL CLIMATOLOGICAL DATA (WS FORM: F-6) , PAGE 2
STATION: CONCORD AIRPORT
MONTH: AUGUST
YEAR: 2020
LATITUDE: 37 58 N
LONGITUDE: 122 3 W
[TEMPERATURE DATA] [PRECIPITATION DATA] SYMBOLS USED IN COLUMN 16
AVERAGE MONTHLY: 77.7 TOTAL FOR MONTH: 0.02 1 = FOG OR MIST
DPTR FM NORMAL: 5.3 DPTR FM NORMAL: 0.00 2 = FOG REDUCING VISIBILITY
HIGHEST: 106 ON 18,16 GRTST 24HR 0.02 ON 16-16 TO 1/4 MILE OR LESS
LOWEST: 56 ON 30 3 = THUNDER
SNOW, ICE PELLETS, HAIL 4 = ICE PELLETS
TOTAL MONTH: M 5 = HAIL
GRTST 24HR M ON M 6 = FREEZING RAIN OR DRIZZLE
GRTST DEPTH: M ON M 7 = DUSTSTORM OR SANDSTORM:
VSBY 1/2 MILE OR LESS
8 = SMOKE OR HAZE
[NO. OF DAYS WITH] [WEATHER - DAYS WITH] 9 = BLOWING SNOW
X = TORNADO
MAX 32 OR BELOW: 0 0.01 INCH OR MORE: 1
MAX 90 OR ABOVE: 20 0.10 INCH OR MORE: 0
MIN 32 OR BELOW: 0 0.50 INCH OR MORE: 0
MIN 0 OR BELOW: 0 1.00 INCH OR MORE: 0
[HDD (BASE 65) ]
TOTAL THIS MO. 0 CLEAR (SCALE 0-3) 29
DPTR FM NORMAL -2 PTCLDY (SCALE 4-7) 2
TOTAL FM JUL 1 0 CLOUDY (SCALE 8-10) 0
DPTR FM NORMAL -3
[CDD (BASE 65) ]
TOTAL THIS MO. 399
DPTR FM NORMAL 169 [PRESSURE DATA]
TOTAL FM JAN 1 1087 HIGHEST SLP 29.98 ON 1
DPTR FM NORMAL 414 LOWEST SLP 29.68 ON 27
[REMARKS]
#FINAL-08-20#