000
CXAK56 PAFC 011017
CF6CDB
PRELIMINARY LOCAL CLIMATOLOGICAL DATA (WS FORM: F-6)
STATION: COLD BAY
MONTH: APRIL
YEAR: 2022
LATITUDE: 55 13 N
LONGITUDE: 162 44 W
TEMPERATURE IN F: :PCPN: SNOW: WIND :SUNSHINE: SKY :PK WND
================================================================================
1 2 3 4 5 6A 6B 7 8 9 10 11 12 13 14 15 16 17 18
12Z AVG MX 2MIN
DY MAX MIN AVG DEP HDD CDD WTR SNW DPTH SPD SPD DIR MIN PSBL S-S WX SPD DR
================================================================================
1 34 19 27 -5 38 0 0.10 M M 12.6 26 280 M M 5 12 32 270
2 39 31 35 3 30 0 T M M 18.4 30 290 M M 9 1 36 290
3 36 29 33 1 32 0 0.20 M M 18.3 31 280 M M 7 1 38 290
4 38 28 33 1 32 0 0.10 M M 14.2 22 310 M M 6 128 26 320
5 M M M M M M M M M 17.8 23 290 M M 6 1 26 300
6 M M M M M M M M M M 18 M M M 4 25 M
7 M M M M M M M M M 15.0 26 240 M M 6 18 32 240
8 28 20 24 -9 41 0 T M M 14.0 32 310 M M 7 18 37 310
9 38 7 23 -10 42 0 0.00 M M 3.8 17 20 M M 0 21 20
10 39 22 31 -3 34 0 T M M 27.3 43 130 M M 3 1 54 140
11 39 34 37 3 28 0 0.20 M M 35.7 46 130 M M 8 1 55 130
12 43 36 40 6 25 0 T M M 25.6 38 140 M M 9 1 47 140
13 46 35 41 7 24 0 0.15 M M 19.6 35 150 M M 8 1 39 150
14 38 36 37 2 28 0 0.00 M M 15.5 16 160 M M M 20 160
15 48 32 40 5 25 0 T M M 10.4 24 140 M M 6 18 30 150
16 47 28 38 3 27 0 T M M 6.0 21 290 M M 7 22 290
17 43 23 33 -3 32 0 0.03 M M 24.2 51 140 M M 7 12 65 130
18 38 35 37 1 28 0 0.28 M M 31.5 49 130 M M 10 1 61 130
19 46 35 41 5 24 0 0.01 M M 7.8 20 100 M M 9 27 100
20 46 34 40 4 25 0 T M M 17.1 37 120 M M 9 44 120
21 43 34 39 3 26 0 0.19 M M 21.9 46 120 M M 10 1 57 120
22 45 27 36 -1 29 0 0.00 M M 9.6 18 320 M M 6 22 320
23 40 33 37 0 28 0 0.03 M M 18.3 26 280 M M 10 1 32 290
24 44 33 39 2 26 0 T M M 10.4 22 280 M M 9 25 290
25 43 34 39 2 26 0 0.02 M M 12.4 24 130 M M 10 1 27 130
26 46 32 39 1 26 0 0.04 M M 7.7 15 260 M M 8 1 18 250
27 41 35 38 0 27 0 0.04 M M 20.2 30 140 M M 7 1 36 140
28 41 37 39 1 26 0 0.06 M M 23.8 33 130 M M 10 1 40 130
29 48 35 42 4 23 0 0.07 M M 24.0 41 120 M M 8 1 54 120
30 41 33 37 -1 28 0 0.23 M M 8.5 22 140 M M 9 1 28 150
================================================================================
SM 1118 817 780 0 1.75 M 491.6 M 213
================================================================================
AV 41.4 30.3 17.0 FASTST M M 7 MAX(MPH)
MISC ----> 51 140 65 130
================================================================================
NOTES:
# LAST OF SEVERAL OCCURRENCES
COLUMN 17 PEAK WIND IN M.P.H.
PRELIMINARY LOCAL CLIMATOLOGICAL DATA (WS FORM: F-6) , PAGE 2
STATION: COLD BAY
MONTH: APRIL
YEAR: 2022
LATITUDE: 55 13 N
LONGITUDE: 162 44 W
[TEMPERATURE DATA] [PRECIPITATION DATA] SYMBOLS USED IN COLUMN 16
AVERAGE MONTHLY: 35.8 TOTAL FOR MONTH: 1.75 1 = FOG OR MIST
DPTR FM NORMAL: 0.8 DPTR FM NORMAL: -0.95 2 = FOG REDUCING VISIBILITY
HIGHEST: 48 ON 29,15 GRTST 24HR 0.68 ON 13-14 TO 1/4 MILE OR LESS
LOWEST: 7 ON 9 3 = THUNDER
SNOW, ICE PELLETS, HAIL 4 = ICE PELLETS
TOTAL MONTH: M 5 = HAIL
GRTST 24HR M ON M 6 = FREEZING RAIN OR DRIZZLE
GRTST DEPTH: M ON M 7 = DUSTSTORM OR SANDSTORM:
VSBY 1/2 MILE OR LESS
8 = SMOKE OR HAZE
[NO. OF DAYS WITH] [WEATHER - DAYS WITH] 9 = BLOWING SNOW
X = TORNADO
MAX 32 OR BELOW: 1 0.01 INCH OR MORE: 16
MAX 90 OR ABOVE: 0 0.10 INCH OR MORE: 8
MIN 32 OR BELOW: 12 0.50 INCH OR MORE: 0
MIN 0 OR BELOW: 0 1.00 INCH OR MORE: 0
[HDD (BASE 65) ]
TOTAL THIS MO. 780 CLEAR (SCALE 0-3) 2
DPTR FM NORMAL -120 PTCLDY (SCALE 4-7) 16
TOTAL FM JUL 1 7814 CLOUDY (SCALE 8-10) 12
DPTR FM NORMAL -269
[CDD (BASE 65) ]
TOTAL THIS MO. 0
DPTR FM NORMAL 0 [PRESSURE DATA]
TOTAL FM JAN 1 0 HIGHEST SLP M ON M
DPTR FM NORMAL 0 LOWEST SLP 28.79 ON 21
[REMARKS]
#FINAL-04-22#