000
CXUS54 KMRX 011030
CF6CHA
PRELIMINARY LOCAL CLIMATOLOGICAL DATA (WS FORM: F-6)
STATION: CHATTANOOGA AIRPORT
MONTH: MAY
YEAR: 2022
LATITUDE: 35 1 N
LONGITUDE: 85 12 W
TEMPERATURE IN F: :PCPN: SNOW: WIND :SUNSHINE: SKY :PK WND
================================================================================
1 2 3 4 5 6A 6B 7 8 9 10 11 12 13 14 15 16 17 18
12Z AVG MX 2MIN
DY MAX MIN AVG DEP HDD CDD WTR SNW DPTH SPD SPD DIR MIN PSBL S-S WX SPD DR
================================================================================
1 83 65 74 8 0 9 0.00 0.0 0 7.0 17 210 M M 5 24 190
2 87 58 73 7 0 8 0.00 0.0 0 2.3 12 190 M M 4 1 17 200
3 85 65 75 8 0 10 0.08 0.0 0 7.8 24 290 M M 6 138 36 300
4 84 65 75 8 0 10 0.00 0.0 0 5.5 17 270 M M 5 1 27 280
5 86 59 73 6 0 8 0.00 0.0 0 5.6 12 170 M M 5 17 160
6 82 61 72 5 0 7 0.12 0.0 0 10.8 44 230 M M 7 13 61 260
7 64 57 61 -7 4 0 0.01 0.0 0 7.3 18 280 M M 10 1 25 270
8 75 53 64 -4 1 0 0.00 0.0 0 5.2 14 20 M M 7 17 40
9 78 58 68 0 0 3 0.00 0.0 0 5.0 12 140 M M 2 20 140
10 84 55 70 2 0 5 0.00 0.0 0 2.0 13 200 M M 1 1 18 200
11 85 60 73 4 0 8 0.00 0.0 0 2.8 10 170 M M 4 14 170
12 87 62 75 6 0 10 0.00 0.0 0 4.5 14 330 M M 2 1 26 20
13 83 67 75 6 0 10 0.00 0.0 0 5.5 12 120 M M 6 19 140
14 86 62 74 4 0 9 0.26 0.0 0 3.6 29 310 M M 5 3 37 310
15 87 66 77 7 0 12 0.06 0.0 0 3.1 13 300 M M 7 13 17 300
16 84 62 73 3 0 8 0.00 0.0 0 5.2 14 330 M M 5 21 340
17 85 56 71 1 0 6 0.00 0.0 0 2.2 15 360 M M 2 1 27 20
18 88 57 73 3 0 8 0.00 0.0 0 5.3 18 170 M M 5 28 160
19 93 66 80 9 0 15 0.00 0.0 0 7.6 18 200 M M 5 32 260
20 90 69 80 9 0 15 0.00 0.0 0 9.3 22 200 M M 4 30 190
21 90 70 80 9 0 15 0.00 0.0 0 6.1 16 200 M M 5 3 24 220
22 89 70 80 8 0 15 0.70 0.0 0 6.3 20 40 M M 7 13 27 190
23 77 63 70 -2 0 5 0.98 0.0 0 6.4 16 10 M M 9 1 22 360
24 80 63 72 0 0 7 0.73 0.0 0 4.5 25 240 M M 8 13 39 240
25 77 66 72 0 0 7 0.06 0.0 0 6.5 20 170 M M 9 18 29 130
26 75 66 71 -2 0 6 0.07 0.0 0 8.5 18 170 M M 9 1 27 170
27 78 63 71 -2 0 6 0.05 0.0 0 7.7 25 220 M M 6 1 33 210
28 81 58 70 -3 0 5 0.00 0.0 0 4.0 10 340 M M 3 15 340
29 86 59 73 -1 0 8 0.00 0.0 0 3.7 15 180 M M 3 22 200
30 90 63 77 3 0 12 0.00 0.0 0 4.6 16 120 M M 3 26 170
31 91 67 79 5 0 14 0.00 0.0 0 2.7 9 220 M M 3 14 200
================================================================================
SM 2590 1931 5 261 3.12 0.0 168.6 M 162
================================================================================
AV 83.5 62.3 5.4 FASTST M M 5 MAX(MPH)
MISC ----> 44 230 61 260
================================================================================
NOTES:
# LAST OF SEVERAL OCCURRENCES
COLUMN 17 PEAK WIND IN M.P.H.
PRELIMINARY LOCAL CLIMATOLOGICAL DATA (WS FORM: F-6) , PAGE 2
STATION: CHATTANOOGA AIRPORT
MONTH: MAY
YEAR: 2022
LATITUDE: 35 1 N
LONGITUDE: 85 12 W
[TEMPERATURE DATA] [PRECIPITATION DATA] SYMBOLS USED IN COLUMN 16
AVERAGE MONTHLY: 72.9 TOTAL FOR MONTH: 3.12 1 = FOG OR MIST
DPTR FM NORMAL: 2.9 DPTR FM NORMAL: -0.82 2 = FOG REDUCING VISIBILITY
HIGHEST: 93 ON 19 GRTST 24HR 1.68 ON 22-23 TO 1/4 MILE OR LESS
LOWEST: 53 ON 8 3 = THUNDER
SNOW, ICE PELLETS, HAIL 4 = ICE PELLETS
TOTAL MONTH: 0.0 INCH 5 = HAIL
GRTST 24HR 0.0 6 = FREEZING RAIN OR DRIZZLE
GRTST DEPTH: 0 7 = DUSTSTORM OR SANDSTORM:
VSBY 1/2 MILE OR LESS
8 = SMOKE OR HAZE
[NO. OF DAYS WITH] [WEATHER - DAYS WITH] 9 = BLOWING SNOW
X = TORNADO
MAX 32 OR BELOW: 0 0.01 INCH OR MORE: 11
MAX 90 OR ABOVE: 5 0.10 INCH OR MORE: 5
MIN 32 OR BELOW: 0 0.50 INCH OR MORE: 3
MIN 0 OR BELOW: 0 1.00 INCH OR MORE: 0
[HDD (BASE 65) ]
TOTAL THIS MO. 5 CLEAR (SCALE 0-3) 7
DPTR FM NORMAL -25 PTCLDY (SCALE 4-7) 20
TOTAL FM JUL 1 2654 CLOUDY (SCALE 8-10) 4
DPTR FM NORMAL -371
[CDD (BASE 65) ]
TOTAL THIS MO. 261
DPTR FM NORMAL 76 [PRESSURE DATA]
TOTAL FM JAN 1 322 HIGHEST SLP 30.30 ON 10
DPTR FM NORMAL 76 LOWEST SLP 29.53 ON 6
[REMARKS]
#FINAL-05-22#