000
CXUS54 KMRX 012027
CLMCHA
CLIMATE REPORT
NATIONAL WEATHER SERVICE MORRISTOWN, TN
327 PM EST FRI DEC 01 2023
...................................
...THE CHATTANOOGA AIRPORT CLIMATE SUMMARY FOR THE MONTH OF NOVEMBER 2023...
CLIMATE NORMAL PERIOD: 1991 TO 2020
CLIMATE RECORD PERIOD: 1879 TO 2023
WEATHER OBSERVED NORMAL DEPART
VALUE DATE(S) VALUE FROM
NORMAL
................................................
TEMPERATURE (F)
HIGHEST 83 11/07
LOWEST 23 11/29
AVG. MAXIMUM 66.0 62.0 4.0
AVG. MINIMUM 42.3 40.3 2.0
MEAN 54.2 51.2 3.0
DAYS MAX >= 90 0
DAYS MAX <= 32 0
DAYS MIN <= 32 5
DAYS MIN <= 0 0
PRECIPITATION (INCHES)
RECORD
MAXIMUM 13.59 1948
MINIMUM 0.16 1890
TOTALS 2.86 4.80 -1.94
DAYS >= .01 3
DAYS >= .10 1
DAYS >= .50 1
DAYS >= 1.00 1
GREATEST
24 HR. TOTAL 2.77 11/21 TO 11/21
SNOWFALL (INCHES)
TOTALS 0.0 0.0 0.0
SINCE 7/1 0.0
SNOWDEPTH AVG. 0
DAYS >= TRACE 0
GREATEST
SNOW DEPTH 0
DEGREE DAYS
HEATING TOTAL 325 420 -95
SINCE 7/1 421 562 -141
COOLING TOTAL 4 5 -1
SINCE 1/1 1948 1919 29
................................................
WEATHER CONDITIONS. NUMBER OF DAYS WITH
THUNDERSTORM 0 RAIN 2
SNOW 0 FOG 4
FOG W/VIS <= 1/4 MILE 1
- INDICATES NEGATIVE NUMBERS.
R INDICATES RECORD WAS SET OR TIED.
MM INDICATES DATA IS MISSING.
T INDICATES TRACE AMOUNT.
$$