000
CXUS51 KLWX 011134
CF6CHO
PRELIMINARY LOCAL CLIMATOLOGICAL DATA (WS FORM: F-6)
STATION: CHARLOTTESVILLE VA
MONTH: MARCH
YEAR: 2020
LATITUDE: 38 7 N
LONGITUDE: 78 27 W
TEMPERATURE IN F: :PCPN: SNOW: WIND :SUNSHINE: SKY :PK WND
================================================================================
1 2 3 4 5 6A 6B 7 8 9 10 11 12 13 14 15 16 17 18
12Z AVG MX 2MIN
DY MAX MIN AVG DEP HDD CDD WTR SNW DPTH SPD SPD DIR MIN PSBL S-S WX SPD DR
================================================================================
1 56 27 42 1 23 0 0.00 M M 4.9 15 170 M M 0 19 170
2 65 36 51 9 14 0 0.02 M M 10.0 28 200 M M 4 37 190
3 68 46 57 15 8 0 0.02 M M 9.8 20 200 M M 3 28 300
4 66 47 57 15 8 0 0.00 M M 6.2 18 180 M M 0 26 280
5 57 39 48 6 17 0 0.00 M M 4.6 12 10 M M 0 18 360
6 57 31 44 1 21 0 T M M 6.4 22 310 M M 6 38 310
7 53 39 46 3 19 0 0.00 M M 9.2 23 320 M M 4 39 330
8 66 27 47 4 18 0 0.00 M M 7.6 17 200 M M 0 22 200
9 77 40 59 15 6 0 0.00 M M 10.1 21 200 M M 0 25 200
10 72 58 65 21 0 0 T M M 10.4 29 200 M M 6 36 200
11 67 47 57 13 8 0 0.00 M M 5.6 16 30 M M 6 8 17 30
12 65 47 56 11 9 0 0.09 M M 2.4 9 40 M M 7 1 11 40
13 77 53 65 20 0 0 0.13 M M 6.5 16 300 M M 3 1 29 320
14 59 42 51 6 14 0 0.05 M M 4.6 15 60 M M 6 18 60
15 48 40 44 -2 21 0 T M M 5.9 14 40 M M 10 1 18 40
16 54 40 47 1 18 0 0.00 M M 3.2 10 50 M M 5 50 14
17 71 44 58 12 7 0 T M M 5.2 14 170 M M 6 19 180
18 58 45 52 5 13 0 0.14 M M 4.7 13 30 M M 8 1 16 50
19 84 50 67 20 0 2 0.10 M M 7.9 16 190 M M 4 18 21 190
20 82 64 73 26 0 8 0.01 M M 8.7 21 220 M M 4 33 210
21 67 46 57 9 8 0 0.15 M M 6.8 15 30 M M 9 1 20 60
22 53 42 48 0 17 0 T M M 8.1 14 30 M M 7 18 40
23 52 40 46 -2 19 0 0.09 M M 4.3 12 190 M M 8 1 14 200
24 57 38 48 -1 17 0 0.06 M M 3.4 10 160 M M 9 12 20 150
25 52 45 49 0 16 0 0.32 M M 8.0 16 40 M M 10 1 20 20
26 61 44 53 4 12 0 0.00 M M 7.3 20 190 M M 6 25 190
27 74 47 61 11 4 0 0.01 M M 5.2 13 50 M M 4 17 50
28 72 56 64 14 1 0 0.03 M M 4.5 15 40 M M 6 1 19 40
29 89 57 73 23 0 8 T M M 5.9 25 200 M M 5 12 35 210
30 79 53 66 15 0 1 0.00 M M 6.8 17 300 M M 0 28 300
31 55 44 50 -1 15 0 0.31 M M 4.7 15 40 M M 5 1 21 40
================================================================================
SM 2013 1374 333 19 1.53 M 198.9 M 151
================================================================================
AV 64.9 44.3 6.4 FASTST M M 5 MAX(MPH)
MISC ----> 29 200 50 14
================================================================================
NOTES:
# LAST OF SEVERAL OCCURRENCES
COLUMN 17 PEAK WIND IN M.P.H.
PRELIMINARY LOCAL CLIMATOLOGICAL DATA (WS FORM: F-6) , PAGE 2
STATION: CHARLOTTESVILLE VA
MONTH: MARCH
YEAR: 2020
LATITUDE: 38 7 N
LONGITUDE: 78 27 W
[TEMPERATURE DATA] [PRECIPITATION DATA] SYMBOLS USED IN COLUMN 16
AVERAGE MONTHLY: 54.6 TOTAL FOR MONTH: 1.53 1 = FOG OR MIST
DPTR FM NORMAL: 8.7 DPTR FM NORMAL: -2.13 2 = FOG REDUCING VISIBILITY
HIGHEST: 89 ON 29 GRTST 24HR 0.38 ON 24-25 TO 1/4 MILE OR LESS
LOWEST: 27 ON 8, 1 3 = THUNDER
SNOW, ICE PELLETS, HAIL 4 = ICE PELLETS
TOTAL MONTH: M 5 = HAIL
GRTST 24HR M ON M 6 = FREEZING RAIN OR DRIZZLE
GRTST DEPTH: M ON M 7 = DUSTSTORM OR SANDSTORM:
VSBY 1/2 MILE OR LESS
8 = SMOKE OR HAZE
[NO. OF DAYS WITH] [WEATHER - DAYS WITH] 9 = BLOWING SNOW
X = TORNADO
MAX 32 OR BELOW: 0 0.01 INCH OR MORE: 15
MAX 90 OR ABOVE: 0 0.10 INCH OR MORE: 6
MIN 32 OR BELOW: 3 0.50 INCH OR MORE: 0
MIN 0 OR BELOW: 0 1.00 INCH OR MORE: 0
[HDD (BASE 65) ]
TOTAL THIS MO. 333 CLEAR (SCALE 0-3) 7
DPTR FM NORMAL -259 PTCLDY (SCALE 4-7) 20
TOTAL FM JUL 1 2971 CLOUDY (SCALE 8-10) 4
DPTR FM NORMAL -1031
[CDD (BASE 65) ]
TOTAL THIS MO. 19
DPTR FM NORMAL 17 [PRESSURE DATA]
TOTAL FM JAN 1 20 HIGHEST SLP 30.57 ON 8
DPTR FM NORMAL 18 LOWEST SLP 29.49 ON 3
[REMARKS]
#FINAL-03-20#