000
CXUS55 KDVN 011000
CF6CID
PRELIMINARY LOCAL CLIMATOLOGICAL DATA (WS FORM: F-6)
STATION: CEDAR RAPIDS IA
MONTH: MAY
YEAR: 2023
LATITUDE: 41 52 N
LONGITUDE: 91 42 W
TEMPERATURE IN F: :PCPN: SNOW: WIND :SUNSHINE: SKY :PK WND
================================================================================
1 2 3 4 5 6A 6B 7 8 9 10 11 12 13 14 15 16 17 18
12Z AVG MX 2MIN
DY MAX MIN AVG DEP HDD CDD WTR SNW DPTH SPD SPD DIR MIN PSBL S-S WX SPD DR
================================================================================
1 61 38 50 -5 15 0 0.00 M M 21.0 38 310 M M 1 50 350
2 64 36 50 -5 15 0 0.00 M M 18.6 35 320 M M 2 47 320
3 68 33 51 -4 14 0 0.00 M M 7.1 17 360 M M 0 23 340
4 79 38 59 3 6 0 0.00 M M 9.7 21 190 M M 0 8 38 170
5 72 48 60 4 5 0 0.77 M M 10.9 21 130 M M 5 1 28 130
6 77 56 67 11 0 2 T M M 10.6 18 150 M M 7 18 25 130
7 85 57 71 14 0 6 0.70 M M 9.1 48 360 M M 1 138 66 10
8 72 56 64 7 1 0 0.67 M M 10.8 31 100 M M 6 13 40 80
9 73 54 64 6 1 0 0.00 M M 9.8 16 130 M M 3 1 23 130
10 80 53 67 9 0 2 0.00 M M 10.9 20 130 M M 0 29 130
11 81 55 68 10 0 3 T M M 8.5 17 140 M M 4 23 120
12 81 65 73 14 0 8 T M M 10.8 17 110 M M 6 26 80
13 78 62 70 11 0 5 0.02 M M 15.2 23 80 M M 7 138 30 80
14 64 51 58 -2 7 0 0.07 M M 16.0 26 70 M M 9 1 37 60
15 70 52 61 1 4 0 0.00 M M 7.6 18 50 M M 7 25 70
16 81 51 66 6 0 1 0.00 M M 7.6 18 320 M M 3 27 300
17 72 50 61 0 4 0 0.00 M M 10.9 21 90 M M 0 27 100
18 83 48 66 5 0 1 0.06 M M 10.1 21 200 M M 3 27 200
19 65 45 55 -7 10 0 T M M 13.3 23 320 M M 2 8 30 310
20 73 42 58 -4 7 0 0.00 M M 5.6 15 30 M M 0 8 25 340
21 78 48 63 1 2 0 0.00 M M 4.7 14 200 M M 0 20 200
22 80 53 67 4 0 2 0.00 M M 6.2 17 200 M M 0 23 180
23 82 50 66 3 0 1 0.00 M M 4.6 15 130 M M 0 23 160
24 86 53 70 7 0 5 0.00 M M 10.1 21 80 M M 1 29 90
25 75 48 62 -2 3 0 0.00 M M 13.6 23 100 M M 2 31 110
26 77 42 60 -4 5 0 0.00 M M 8.4 17 110 M M 0 29 120
27 81 47 64 0 1 0 0.00 M M 8.1 16 150 M M 0 22 150
28 82 51 67 2 0 2 0.00 M M 7.2 17 140 M M 0 24 140
29 85 55 70 5 0 5 0.00 M M 6.0 17 180 M M 0 26 190
30 89 53 71 5 0 6 0.00 M M 6.8 17 130 M M 0 24 160
31 90 58 74 8 0 9 0.00 M M 6.7 17 180 M M 1 25 180
================================================================================
SM 2384 1548 100 58 2.29 M 306.5 M 70
================================================================================
AV 76.9 49.9 9.9 FASTST M M 2 MAX(MPH)
MISC ----> 48 360 66 10
================================================================================
NOTES:
# LAST OF SEVERAL OCCURRENCES
COLUMN 17 PEAK WIND IN M.P.H.
PRELIMINARY LOCAL CLIMATOLOGICAL DATA (WS FORM: F-6) , PAGE 2
STATION: CEDAR RAPIDS IA
MONTH: MAY
YEAR: 2023
LATITUDE: 41 52 N
LONGITUDE: 91 42 W
[TEMPERATURE DATA] [PRECIPITATION DATA] SYMBOLS USED IN COLUMN 16
AVERAGE MONTHLY: 63.4 TOTAL FOR MONTH: 2.29 1 = FOG OR MIST
DPTR FM NORMAL: 3.1 DPTR FM NORMAL: -1.96 2 = FOG REDUCING VISIBILITY
HIGHEST: 90 ON 31 GRTST 24HR 1.37 ON 7- 8 TO 1/4 MILE OR LESS
LOWEST: 33 ON 3 3 = THUNDER
SNOW, ICE PELLETS, HAIL 4 = ICE PELLETS
TOTAL MONTH: M 5 = HAIL
GRTST 24HR M ON M 6 = FREEZING RAIN OR DRIZZLE
GRTST DEPTH: M ON M 7 = DUSTSTORM OR SANDSTORM:
VSBY 1/2 MILE OR LESS
8 = SMOKE OR HAZE
[NO. OF DAYS WITH] [WEATHER - DAYS WITH] 9 = BLOWING SNOW
X = TORNADO
MAX 32 OR BELOW: 0 0.01 INCH OR MORE: 6
MAX 90 OR ABOVE: 1 0.10 INCH OR MORE: 3
MIN 32 OR BELOW: 0 0.50 INCH OR MORE: 3
MIN 0 OR BELOW: 0 1.00 INCH OR MORE: 0
[HDD (BASE 65) ]
TOTAL THIS MO. 100 CLEAR (SCALE 0-3) 22
DPTR FM NORMAL -97 PTCLDY (SCALE 4-7) 8
TOTAL FM JUL 1 6357 CLOUDY (SCALE 8-10) 1
DPTR FM NORMAL -442
[CDD (BASE 65) ]
TOTAL THIS MO. 58
DPTR FM NORMAL 6 [PRESSURE DATA]
TOTAL FM JAN 1 65 HIGHEST SLP 30.38 ON 14
DPTR FM NORMAL 7 LOWEST SLP 29.61 ON 1
[REMARKS]
#FINAL-05-23#