000
CXUS53 KDVN 011121
CLSCID
CLIMATE REPORT
NATIONAL WEATHER SERVICE QUAD CITIES IA IL
621 AM CDT TUE JUN 01 2021
...................................
...THE CEDAR RAPIDS IA CLIMATE SUMMARY FOR THE SEASON, FROM
3/1/2021 TO 5/31/2021...
CLIMATE NORMAL PERIOD 1991 TO 2020
CLIMATE RECORD PERIOD 1891 TO 2021
WEATHER OBSERVED NORMAL DEPART LAST YEAR`S
VALUE DATE(S) VALUE FROM VALUE
NORMAL
..............................................................
TEMPERATURE (F)
RECORD
HIGH 104 05/31/1934
LOW -20 03/01/1962
HIGHEST 87 05/01 76 11
LOWEST 9 03/02 21 -12
AVG. MAXIMUM 59.7 59.2 0.5
AVG. MINIMUM 39.4 38.0 1.4
MEAN 49.6 48.6 1.0
DAYS MAX >= 90 0
DAYS MAX <= 32 1
DAYS MIN <= 32 29
DAYS MIN <= 0 0
PRECIPITATION (INCHES)
TOTALS 5.88 9.80 -3.92
DAILY AVG. 0.06 0.11 -0.05
DAYS >= .01 30
DAYS >= .10 14
DAYS >= .50 4
DAYS >= 1.00 0
GREATEST
24 HR. TOTAL MM
DEGREE DAYS
HEATING TOTAL 1464 1570 -106
SINCE 7/1 6951 6799 152
COOLING TOTAL 66 58 8
SINCE 1/1 66 58 8
..............................................................
WIND (MPH)
AVERAGE WIND SPEED 11.4
HIGHEST WIND SPEED/DIRECTION 41/190 DATE 03/10
41/190 03/29
HIGHEST GUST SPEED/DIRECTION 60/180 DATE 03/10
SKY COVER
POSSIBLE SUNSHINE (PERCENT) MM
AVERAGE SKY COVER 0.43
NUMBER OF DAYS FAIR 46
NUMBER OF DAYS PC 21
NUMBER OF DAYS CLOUDY 25
AVERAGE RH (PERCENT) 67
WEATHER CONDITIONS. NUMBER OF DAYS WITH
THUNDERSTORM 6 HAIL 0
SLEET 0 FOG 35
FOG W/VIS <= 1/4 MILE 0 HAZE 16
- INDICATES NEGATIVE NUMBERS.
R INDICATES RECORD WAS SET OR TIED.
MM INDICATES DATA IS MISSING.
T INDICATES TRACE AMOUNT.
$$