000
CXUS53 KILX 011748
CLACMI
CLIMATE REPORT
NATIONAL WEATHER SERVICE LINCOLN IL
1219 PM CST SUN JAN 01 2023
...................................
...THE CHAMPAIGN IL AIRPORT CLIMATE SUMMARY FOR THE YEAR OF 2022...
CLIMATE NORMAL PERIOD 1991 TO 2020
CLIMATE RECORD PERIOD 9999 TO 9999
WEATHER OBSERVED NORMAL DEPART LAST YEAR`S
VALUE DATE(S) VALUE FROM VALUE DATE(S)
NORMAL
................................................................
TEMPERATURE (F)
RECORD
HIGH MM MM
LOW MM MM
HIGHEST 100 06/14 MM MM 97
06/16
LOWEST -9 12/23 MM MM -8
AVG. MAXIMUM 63.0 62.8 0.2 63.9
AVG. MINIMUM 41.6 42.1 -0.5 43.8
MEAN 52.3 52.5 -0.2 53.8
DAYS MAX >= 90 30 21.7 8.3 18
DAYS MAX <= 32 36 34.7 1.3 27
DAYS MIN <= 32 118 122.2 -4.2 112
DAYS MIN <= 0 7 6.5 0.5 6
PRECIPITATION (INCHES)
RECORD
MAXIMUM MM MM
MINIMUM MM MM
TOTALS 29.89 36.97 -7.08 40.50
DAILY AVG. 0.09 0.11
DAYS >= .01 96 122.2 -26.2 121
DAYS >= .10 57 67.8 -10.8 72
DAYS >= .50 24 24.4 -0.4 26
DAYS >= 1.00 8 8.6 -0.6 13
GREATEST
24 HR. TOTAL 1.79 03/30 TO 03/31 2.64
SNOWFALL (INCHES)
RECORDS
TOTAL MM MM
24 HR TOTAL MM
TOTALS MM MM MM MM
DAYS >= TRACE MM MM MM MM
DAYS >= 1.0 MM MM MM MM
GREATEST
SNOW DEPTH MM MM MM
24 HR TOTAL MM MM
DEGREE DAYS
HEATING TOTAL 5704 5586 118 5177
COOLING TOTAL 1205 1054 151 1277
FREEZE DATES
RECORD
EARLIEST MM
LATEST MM
EARLIEST 10/08
LATEST 04/19
................................................................
SKY COVER
POSSIBLE SUNSHINE (PERCENT) MM
- INDICATES NEGATIVE NUMBERS.
R INDICATES RECORD WAS SET OR TIED.
MM INDICATES DATA IS MISSING.
T INDICATES TRACE AMOUNT.
$$
GEELHART