000
CXUS53 KICT 011604
CF6CNU
PRELIMINARY LOCAL CLIMATOLOGICAL DATA (WS FORM: F-6)
STATION: CHANUTE KS
MONTH: MAY
YEAR: 2022
LATITUDE: 37 40 N
LONGITUDE: 95 29 W
TEMPERATURE IN F: :PCPN: SNOW: WIND :SUNSHINE: SKY :PK WND
================================================================================
1 2 3 4 5 6A 6B 7 8 9 10 11 12 13 14 15 16 17 18
12Z AVG MX 2MIN
DY MAX MIN AVG DEP HDD CDD WTR SNW DPTH SPD SPD DIR MIN PSBL S-S WX SPD DR
================================================================================
1 75 44 60 -2 5 0 0.00 M M 5.3 14 260 M M 0 8 19 270
2 65 50 58 -4 7 0 0.41 M M 9.0 22 340 M M 7 13 31 330
3 60 47 54 -9 11 0 0.00 M M 10.5 21 320 M M 10 1 30 340
4 58 52 55 -8 10 0 1.46 M M 9.6 25 60 M M 10 13 39 80
5 64 56 60 -3 5 0 1.27 M M 9.5 25 110 M M 9 13 42 100
6 70 56 63 -1 2 0 0.01 M M 5.7 14 330 M M 9 1 21 320
7 77 50 64 0 1 0 0.00 M M 9.5 18 110 M M 0 12 26 130
8 82 64 73 9 0 8 0.00 M M 15.3 24 150 M M 6 36 140
9 89 73 81 16 0 16 0.00 M M 20.7 30 170 M M 1 8 45 200
10 88 76 82 17 0 17 0.00 M M 15.9 24 180 M M 5 8 33 180
11 90 73 82 17 0 17 0.00 M M 11.5 17 160 M M 1 24 150
12 91 69 80 14 0 15 0.00 M M 13.6 23 180 M M 0 31 150
13 85 66 76 10 0 11 0.14 M M 7.7 28 60 M M 1 13 36 70
14 91 63 77 11 0 12 0.00 M M 2.9 9 100 M M 1 13 100
15 75 62 69 2 0 4 0.83 M M 6.2 23 90 M M 4 13 32 50
16 80 52 66 -1 0 1 0.00 M M 3.8 9 20 M M 0 15 10
17 83 59 71 4 0 6 0.01 M M 12.2 25 210 M M 4 3 36 210
18 88 62 75 7 0 10 0.60 M M 6.5 29 320 M M 1 13 41 350
19 83 66 75 7 0 10 0.46 M M 11.4 25 210 M M 2 13 37 200
20 82 60 71 3 0 6 0.01 M M 15.7 29 200 M M 5 3 39 190
21 66 49 58 -11 7 0 0.15 M M 11.4 20 20 M M 7 3 31 10
22 70 47 59 -10 6 0 0.00 M M 7.5 17 60 M M 0 23 50
23 65 48 57 -12 8 0 0.06 M M 7.8 17 100 M M 6 26 100
24 66 58 62 -8 3 0 0.96 M M 8.7 18 110 M M 8 1 26 110
25 65 56 61 -9 4 0 0.38 M M 7.9 21 190 M M 10 1 28 180
26 68 52 60 -10 5 0 0.06 M M 8.6 22 300 M M 8 30 300
27 83 46 65 -6 0 0 0.00 M M 3.7 10 150 M M 0 12 14 150
28 85 61 73 2 0 8 0.02 M M 14.9 31 170 M M 1 42 180
29 89 72 81 10 0 16 0.00 M M 19.0 29 170 M M 0 42 170
30 86 73 80 8 0 15 0.00 M M 19.1 33 180 M M 2 46 190
31 82 66 74 2 0 9 2.34 M M 8.6 40 270 M M 6 13 75 260
================================================================================
SM 2401 1828 74 181 9.17 M 319.7 M 124
================================================================================
AV 77.5 59.0 10.3 FASTST M M 4 MAX(MPH)
MISC ----> 40 270 75 260
================================================================================
NOTES:
# LAST OF SEVERAL OCCURRENCES
COLUMN 17 PEAK WIND IN M.P.H.
PRELIMINARY LOCAL CLIMATOLOGICAL DATA (WS FORM: F-6) , PAGE 2
STATION: CHANUTE KS
MONTH: MAY
YEAR: 2022
LATITUDE: 37 40 N
LONGITUDE: 95 29 W
[TEMPERATURE DATA] [PRECIPITATION DATA] SYMBOLS USED IN COLUMN 16
AVERAGE MONTHLY: 68.2 TOTAL FOR MONTH: 9.17 1 = FOG OR MIST
DPTR FM NORMAL: 1.3 DPTR FM NORMAL: 3.30 2 = FOG REDUCING VISIBILITY
HIGHEST: 91 ON 14,12 GRTST 24HR 2.34 ON 31-31 TO 1/4 MILE OR LESS
LOWEST: 44 ON 1 3 = THUNDER
SNOW, ICE PELLETS, HAIL 4 = ICE PELLETS
TOTAL MONTH: M 5 = HAIL
GRTST 24HR M ON M 6 = FREEZING RAIN OR DRIZZLE
GRTST DEPTH: M ON M 7 = DUSTSTORM OR SANDSTORM:
VSBY 1/2 MILE OR LESS
8 = SMOKE OR HAZE
[NO. OF DAYS WITH] [WEATHER - DAYS WITH] 9 = BLOWING SNOW
X = TORNADO
MAX 32 OR BELOW: 0 0.01 INCH OR MORE: 17
MAX 90 OR ABOVE: 3 0.10 INCH OR MORE: 11
MIN 32 OR BELOW: 0 0.50 INCH OR MORE: 6
MIN 0 OR BELOW: 0 1.00 INCH OR MORE: 3
[HDD (BASE 65) ]
TOTAL THIS MO. 74 CLEAR (SCALE 0-3) 15
DPTR FM NORMAL 4 PTCLDY (SCALE 4-7) 9
TOTAL FM JUL 1 3694 CLOUDY (SCALE 8-10) 7
DPTR FM NORMAL -531
[CDD (BASE 65) ]
TOTAL THIS MO. 181
DPTR FM NORMAL 50 [PRESSURE DATA]
TOTAL FM JAN 1 223 HIGHEST SLP 30.40 ON 22
DPTR FM NORMAL 55 LOWEST SLP 29.27 ON 20
[REMARKS]
#FINAL-05-22#