000
CXUS55 KGJT 010910
CF6CNY
PRELIMINARY LOCAL CLIMATOLOGICAL DATA (WS FORM: F-6)
STATION: CANYONLANDS AIRPORT UT
MONTH: SEPTEMBER
YEAR: 2021
LATITUDE: 38 46 N
LONGITUDE: 109 45 W
TEMPERATURE IN F: :PCPN: SNOW: WIND :SUNSHINE: SKY :PK WND
================================================================================
1 2 3 4 5 6A 6B 7 8 9 10 11 12 13 14 15 16 17 18
12Z AVG MX 2MIN
DY MAX MIN AVG DEP HDD CDD WTR SNW DPTH SPD SPD DIR MIN PSBL S-S WX SPD DR
================================================================================
1 77 62 70 -4 0 5 0.57 M M 6.9 29 270 M M 10 1 36 270
2 80 62 71 -2 0 6 0.00 M M 3.2 9 280 M M 3 11 330
3 87 61 74 1 0 9 0.00 M M 3.3 15 250 M M 1 18 250
4 88 58 73 0 0 8 0.00 M M 2.8 13 350 M M 0 18 360
5 89 56 73 1 0 8 0.00 M M 3.2 12 80 M M 0 16 90
6 93 55 74 2 0 9 0.00 M M 1.6 8 150 M M 0 13 280
7 93 55 74 2 0 9 0.00 M M 3.3 14 70 M M 0 17 70
8 94 53 74 3 0 9 0.00 M M 2.2 8 260 M M 0 12 280
9 96 56 76 5 0 11 0.00 M M 3.5 12 130 M M 0 8 16 140
10 98 61 80 9 0 15 0.00 M M 6.1 38 320 M M 0 8 50 320
11 93 59 76 6 0 11 0.03 M M 7.0 38 300 M M 2 3 59 300
12 88 58 73 3 0 8 0.00 M M 3.5 13 100 M M 0 16 100
13 92 58 75 5 0 10 0.00 M M 4.5 17 240 M M 0 23 230
14 90 59 75 6 0 10 0.00 M M 4.9 17 250 M M 0 24 270
15 90 53 72 3 0 7 0.00 M M 2.4 12 250 M M 0 14 250
16 90 55 73 5 0 8 0.00 M M 7.0 22 220 M M 0 8 31 220
17 89 51 70 2 0 5 0.00 M M 3.9 20 240 M M 0 26 240
18 85 58 72 4 0 7 0.01 M M 7.1 45 260 M M 2 38 58 260
19 83 55 69 2 0 4 0.00 M M 13.2 29 210 M M 2 38 170
20 72 53 63 -4 2 0 0.00 M M 10.1 22 300 M M 0 26 290
21 73 46 60 -6 5 0 0.00 M M 4.7 15 30 M M 0 21 40
22 80 43 62 -4 3 0 0.00 M M 3.3 9 330 M M 0 12 100
23 81 47 64 -1 1 0 0.00 M M 5.3 15 270 M M 0 21 290
24 83 46 65 0 0 0 0.00 M M 4.2 13 320 M M 0 8 20 320
25 87 46 67 3 0 2 0.00 M M 3.3 13 280 M M 0 16 310
26 81 55 68 4 0 3 0.00 M M 2.9 14 280 M M 0 19 300
27 83 51 67 3 0 2 0.00 M M 3.6 14 220 M M 0 20 230
28 80 59 70 7 0 5 0.02 M M 8.4 18 150 M M 1 38 23 140
29 64 52 58 -5 7 0 0.19 M M 6.0 17 80 M M 4 13 20 140
30 65 44 55 -7 10 0 0.04 M M 2.8 10 150 M M 5 17 310
================================================================================
SM 2544 1627 28 171 0.86 M 144.2 M 30
================================================================================
AV 84.8 54.2 4.8 FASTST M M 1 MAX(MPH)
MISC ----> 45 260 59 300
================================================================================
NOTES:
# LAST OF SEVERAL OCCURRENCES
COLUMN 17 PEAK WIND IN M.P.H.
PRELIMINARY LOCAL CLIMATOLOGICAL DATA (WS FORM: F-6) , PAGE 2
STATION: CANYONLANDS AIRPORT UT
MONTH: SEPTEMBER
YEAR: 2021
LATITUDE: 38 46 N
LONGITUDE: 109 45 W
[TEMPERATURE DATA] [PRECIPITATION DATA] SYMBOLS USED IN COLUMN 16
AVERAGE MONTHLY: 69.5 TOTAL FOR MONTH: 0.86 1 = FOG OR MIST
DPTR FM NORMAL: 1.2 DPTR FM NORMAL: -0.03 2 = FOG REDUCING VISIBILITY
HIGHEST: 98 ON 10 GRTST 24HR 0.57 ON 31- 1 TO 1/4 MILE OR LESS
LOWEST: 43 ON 22 3 = THUNDER
SNOW, ICE PELLETS, HAIL 4 = ICE PELLETS
TOTAL MONTH: M 5 = HAIL
GRTST 24HR M ON M 6 = FREEZING RAIN OR DRIZZLE
GRTST DEPTH: M ON M 7 = DUSTSTORM OR SANDSTORM:
VSBY 1/2 MILE OR LESS
8 = SMOKE OR HAZE
[NO. OF DAYS WITH] [WEATHER - DAYS WITH] 9 = BLOWING SNOW
X = TORNADO
MAX 32 OR BELOW: 0 0.01 INCH OR MORE: 6
MAX 90 OR ABOVE: 10 0.10 INCH OR MORE: 2
MIN 32 OR BELOW: 0 0.50 INCH OR MORE: 1
MIN 0 OR BELOW: 0 1.00 INCH OR MORE: 0
[HDD (BASE 65) ]
TOTAL THIS MO. 28 CLEAR (SCALE 0-3) 27
DPTR FM NORMAL -17 PTCLDY (SCALE 4-7) 2
TOTAL FM JUL 1 37 CLOUDY (SCALE 8-10) 1
DPTR FM NORMAL -7
[CDD (BASE 65) ]
TOTAL THIS MO. 171
DPTR FM NORMAL 26 [PRESSURE DATA]
TOTAL FM JAN 1 1689 HIGHEST SLP M ON M
DPTR FM NORMAL 282 LOWEST SLP 29.56 ON 28
[REMARKS]
#FINAL-09-21#