000
CXUS51 KGYX 052116
CF6CON
PRELIMINARY LOCAL CLIMATOLOGICAL DATA (WS FORM: F-6)
STATION: CONCORD NH
MONTH: DECEMBER
YEAR: 2021
LATITUDE: 43 12 N
LONGITUDE: 71 30 W
TEMPERATURE IN F: :PCPN: SNOW: WIND :SUNSHINE: SKY :PK WND
================================================================================
1 2 3 4 5 6A 6B 7 8 9 10 11 12 13 14 15 16 17 18
12Z AVG MX 2MIN
DY MAX MIN AVG DEP HDD CDD WTR SNW DPTH SPD SPD DIR MIN PSBL S-S WX SPD DR
================================================================================
1 45 26 36 3 29 0 0.00 0.0 0 3.9 16 290 M M 4 22 280
2 45 30 38 5 27 0 0.20 0.1 T 2.7 16 320 M M 10 16 21 320
3 42 26 34 2 31 0 T 0.0 0 14.2 30 310 M M 4 1 43 310
4 39 15 27 -5 38 0 0.00 0.0 0 3.2 12 210 M M 3 14 210
5 41 20 31 -1 34 0 0.00 0.0 0 2.4 12 240 M M 2 8 17 250
6 56 35 46 15 19 0 0.22 0.0 0 6.9 31 280 M M 10 12 44 260
7 41 23 32 1 33 0 0.00 0.0 0 9.6 22 290 M M 2 36 290
8 31 21 26 -5 39 0 0.01 0.3 T 4.2 12 30 M M 8 18 15 30
9 35 12 24 -6 41 0 0.04 0.6 1 3.5 22 320 M M 4 12 27 330
10 32 17 25 -5 40 0 T T 1 0.7 6 360 M M 7 7 30
11 57 22 40 10 25 0 1.00 0.0 T 3.2 28 270 M M 10 126 40 270
12 51 28 40 11 25 0 T 0.0 0 12.2 26 290 M M 2 39 280
13 54 27 41 12 24 0 0.00 0.0 0 5.6 16 260 M M 0 25 250
14 47 27 37 8 28 0 0.00 0.0 0 10.1 24 320 M M 0 29 300
15 40 22 31 3 34 0 0.08 T 0 2.5 12 170 M M 3 1 17 170
16 44 34 39 11 26 0 0.35 0.0 0 1.4 7 150 M M 8 12 9 150
17 54 34 44 16 21 0 0.00 0.0 0 11.1 25 290 M M 0 36 290
18 38 29 34 6 31 0 0.41 3.1 0 3.9 15 320 M M 7 128 19 320
19 32 17 25 -2 40 0 0.17 1.1 4 10.3 23 320 M M 5 1 31 340
20 29 7 18 -9 47 0 0.00 0.0 4 3.9 10 170 M M 0 13 320
21 42 18 30 3 35 0 0.00 0.0 4 2.3 10 220 M M 1 12 14 250
22 38 19 29 3 36 0 0.70 0.0 4 7.4 28 290 M M 8 126 40 280
23 31 10 21 -5 44 0 0.00 0.0 3 11.5 31 290 M M 0 42 310
24 25 10 18 -8 47 0 0.00 0.0 3 0.8 5 80 M M 9 6 320
25 31 19 25 -1 40 0 0.52 T 3 2.8 8 300 M M 8 16 10 320
26 33 26 30 5 35 0 0.18 2.0 5 8.8 22 310 M M 9 1 27 320
27 31 21 26 1 39 0 0.00 0.0 5 4.1 17 320 M M 3 25 320
28 38 26 32 7 33 0 0.04 0.4 5 2.4 9 260 M M 8 16 12 270
29 39 27 33 8 32 0 0.01 T 5 0.1 5 40 M M 9 12 6 150
30 37 32 35 11 30 0 0.04 0.1 4 0.6 6 90 M M 10 12 7 80
31 39 33 36 12 29 0 0.02 0.0 4 1.1 6 160 M M 10 12 7 170
================================================================================
SM 1237 713 1032 0 3.99 7.7 157.4 M 164
================================================================================
AV 39.9 23.0 5.1 FASTST M M 5 MAX(MPH)
MISC ----> # 31 280 44 260
================================================================================
NOTES:
# LAST OF SEVERAL OCCURRENCES
COLUMN 17 PEAK WIND IN M.P.H.
PRELIMINARY LOCAL CLIMATOLOGICAL DATA (WS FORM: F-6) , PAGE 2
STATION: CONCORD NH
MONTH: DECEMBER
YEAR: 2021
LATITUDE: 43 12 N
LONGITUDE: 71 30 W
[TEMPERATURE DATA] [PRECIPITATION DATA] SYMBOLS USED IN COLUMN 16
AVERAGE MONTHLY: 31.5 TOTAL FOR MONTH: 3.99 1 = FOG OR MIST
DPTR FM NORMAL: 3.2 DPTR FM NORMAL: 0.29 2 = FOG REDUCING VISIBILITY
HIGHEST: 57 ON 11 GRTST 24HR 1.00 ON 11-11 TO 1/4 MILE OR LESS
LOWEST: 7 ON 20 3 = THUNDER
SNOW, ICE PELLETS, HAIL 4 = ICE PELLETS
TOTAL MONTH: 7.7 INCHES 5 = HAIL
GRTST 24HR 3.1 ON 18-18 6 = FREEZING RAIN OR DRIZZLE
GRTST DEPTH: 5 ON 29,28 7 = DUSTSTORM OR SANDSTORM:
VSBY 1/2 MILE OR LESS
8 = SMOKE OR HAZE
[NO. OF DAYS WITH] [WEATHER - DAYS WITH] 9 = BLOWING SNOW
X = TORNADO
MAX 32 OR BELOW: 8 0.01 INCH OR MORE: 16
MAX 90 OR ABOVE: 0 0.10 INCH OR MORE: 9
MIN 32 OR BELOW: 27 0.50 INCH OR MORE: 3
MIN 0 OR BELOW: 0 1.00 INCH OR MORE: 1
[HDD (BASE 65) ]
TOTAL THIS MO. 1032 CLEAR (SCALE 0-3) 11
DPTR FM NORMAL -106 PTCLDY (SCALE 4-7) 11
TOTAL FM JUL 1 2246 CLOUDY (SCALE 8-10) 9
DPTR FM NORMAL -364
[CDD (BASE 65) ]
TOTAL THIS MO. 0
DPTR FM NORMAL 0 [PRESSURE DATA]
TOTAL FM JAN 1 658 HIGHEST SLP 30.70 ON 15
DPTR FM NORMAL 130 LOWEST SLP 29.33 ON 11
[REMARKS]
#FINAL-12-21#