000
CXUS55 KPUB 011341
CF6COS
PRELIMINARY LOCAL CLIMATOLOGICAL DATA (WS FORM: F-6)
STATION: COLORADO SPRINGS CO
MONTH: DECEMBER
YEAR: 2022
LATITUDE: 38 49 N
LONGITUDE: 104 43 W
TEMPERATURE IN F: :PCPN: SNOW: WIND :SUNSHINE: SKY :PK WND
================================================================================
1 2 3 4 5 6A 6B 7 8 9 10 11 12 13 14 15 16 17 18
12Z AVG MX 2MIN
DY MAX MIN AVG DEP HDD CDD WTR SNW DPTH SPD SPD DIR MIN PSBL S-S WX SPD DR
================================================================================
1 62 23 43 9 22 0 0.00 0.0 T 12.7 29 180 M M 6 46 240
2 59 23 41 7 24 0 0.00 0.0 0 15.3 36 250 M M 4 49 250
3 41 16 29 -5 36 0 0.00 0.0 0 4.4 16 80 M M 6 20 70
4 49 29 39 6 26 0 0.00 0.0 0 7.9 18 160 M M 6 23 160
5 62 29 46 13 19 0 0.00 0.0 0 8.9 22 90 M M 5 27 90
6 50 23 37 4 28 0 T 0.0 0 5.9 13 160 M M 3 19 360
7 51 24 38 6 27 0 0.00 0.0 0 7.1 16 170 M M 3 22 160
8 49 21 35 3 30 0 0.00 0.0 0 14.1 37 290 M M 1 49 320
9 45 13 29 -3 36 0 0.00 0.0 0 6.9 22 50 M M 2 28 40
10 45 18 32 0 33 0 0.00 0.0 0 7.8 22 160 M M 2 27 160
11 63 24 44 12 21 0 0.00 0.0 0 8.9 29 210 M M 4 37 210
12 52 27 40 8 25 0 0.01 0.2 0 10.7 33 360 M M 8 43 360
13 30 10 20 -11 45 0 T T T 10.4 31 350 M M 8 44 340
14 34 9 22 -9 43 0 0.00 0.0 T 6.1 13 30 M M 3 15 120
15 29 8 19 -12 46 0 0.03 0.3 0 5.2 15 160 M M 6 1 21 120
16 33 3 18 -13 47 0 0.00 0.0 T 9.0 32 350 M M 1 44 350
17 36 9 23 -8 42 0 0.00 0.0 0 7.0 14 120 M M 0 17 140
18 49 8 29 -2 36 0 0.00 0.0 0 5.8 15 20 M M 5 19 20
19 49 19 34 3 31 0 0.00 0.0 0 6.0 15 160 M M 2 20 160
20 47 12 30 -1 35 0 0.00 0.0 0 5.4 15 290 M M 6 20 290
21 52 1 27 -4 38 0 T T 0 12.3 35 320 M M 4 47 310
22 1 -10 -4 -35 69 0 0.11 1.4 1 6.2 20 330 M M 7 1 26 330
23 12 -9 2 -29 63 0 0.00 0.0 1 5.2 18 170 M M 7 25 170
24 50 12 31 0 34 0 0.00 0.0 1 5.9 17 340 M M 3 19 330
25 57 19 38 7 27 0 0.00 0.0 T 6.1 17 60 M M 5 20 30
26 43 24 34 3 31 0 0.00 0.0 0 5.9 15 150 M M 6 20 140
27 63 29 46 15 19 0 0.00 0.0 0 6.3 16 190 M M 5 20 200
28 53 33 43 12 22 0 0.33 1.0 0 7.0 23 30 M M 8 1 26 70
29 35 16 26 -5 39 0 0.02 1.0 2 5.9 20 10 M M 6 25 30
30 38 14 26 -5 39 0 0.00 0.0 1 5.1 13 30 M M 6 16 60
31 60 25 43 12 22 0 0.00 0.0 0 9.3 26 330 M M 6 46 320
================================================================================
SM 1399 502 1055 0 0.50 3.9 240.7 M 144
================================================================================
AV 45.1 16.2 7.8 FASTST M M 5 MAX(MPH)
MISC ----> 37 290 #49 250
================================================================================
NOTES:
# LAST OF SEVERAL OCCURRENCES
COLUMN 17 PEAK WIND IN M.P.H.
PRELIMINARY LOCAL CLIMATOLOGICAL DATA (WS FORM: F-6) , PAGE 2
STATION: COLORADO SPRINGS CO
MONTH: DECEMBER
YEAR: 2022
LATITUDE: 38 49 N
LONGITUDE: 104 43 W
[TEMPERATURE DATA] [PRECIPITATION DATA] SYMBOLS USED IN COLUMN 16
AVERAGE MONTHLY: 30.7 TOTAL FOR MONTH: 0.50 1 = FOG OR MIST
DPTR FM NORMAL: -1.0 DPTR FM NORMAL: 0.27 2 = FOG REDUCING VISIBILITY
HIGHEST: 63 ON 27,11 GRTST 24HR 0.35 ON 28-29 TO 1/4 MILE OR LESS
LOWEST: -10 ON 22 3 = THUNDER
SNOW, ICE PELLETS, HAIL 4 = ICE PELLETS
TOTAL MONTH: 3.9 INCHES 5 = HAIL
GRTST 24HR 2.0 ON 28-29 6 = FREEZING RAIN OR DRIZZLE
GRTST DEPTH: 2 ON 29 7 = DUSTSTORM OR SANDSTORM:
VSBY 1/2 MILE OR LESS
8 = SMOKE OR HAZE
[NO. OF DAYS WITH] [WEATHER - DAYS WITH] 9 = BLOWING SNOW
X = TORNADO
MAX 32 OR BELOW: 4 0.01 INCH OR MORE: 5
MAX 90 OR ABOVE: 0 0.10 INCH OR MORE: 2
MIN 32 OR BELOW: 30 0.50 INCH OR MORE: 0
MIN 0 OR BELOW: 2 1.00 INCH OR MORE: 0
[HDD (BASE 65) ]
TOTAL THIS MO. 1055 CLEAR (SCALE 0-3) 10
DPTR FM NORMAL 21 PTCLDY (SCALE 4-7) 18
TOTAL FM JUL 1 2333 CLOUDY (SCALE 8-10) 3
DPTR FM NORMAL -57
[CDD (BASE 65) ]
TOTAL THIS MO. 0
DPTR FM NORMAL 0 [PRESSURE DATA]
TOTAL FM JAN 1 841 HIGHEST SLP 30.71 ON 23
DPTR FM NORMAL 233 LOWEST SLP 29.27 ON 28
[REMARKS]
#FINAL-12-22#