000
CXUS55 KPUB 012056 RRA
CF6COS
PRELIMINARY LOCAL CLIMATOLOGICAL DATA (WS FORM: F-6)
STATION: COLORADO SPRINGS CO
MONTH: JULY
YEAR: 2022
LATITUDE: 38 49 N
LONGITUDE: 104 43 W
TEMPERATURE IN F: :PCPN: SNOW: WIND :SUNSHINE: SKY :PK WND
================================================================================
1 2 3 4 5 6A 6B 7 8 9 10 11 12 13 14 15 16 17 18
12Z AVG MX 2MIN
DY MAX MIN AVG DEP HDD CDD WTR SNW DPTH SPD SPD DIR MIN PSBL S-S WX SPD DR
================================================================================
1 80 56 68 -3 0 3 0.04 0.0 0 6.7 33 10 M M 6 3 43 20
2 86 56 71 0 0 6 0.01 0.0 0 6.9 21 200 M M 5 3 25 200
3 89 55 72 1 0 7 0.12 0.0 0 7.9 33 220 M M 7 3 48 210
4 91 57 74 2 0 9 T 0.0 0 8.9 26 330 M M 6 36 330
5 92 61 77 5 0 12 T 0.0 0 8.1 20 30 M M 6 27 330
6 87 61 74 2 0 9 0.08 0.0 0 8.1 29 20 M M 6 3 37 20
7 89 58 74 2 0 9 0.03 0.0 0 8.8 29 350 M M 6 13 48 350
8 91 58 75 3 0 10 0.01 0.0 0 10.8 29 150 M M 5 3 38 150
9 98 60 79 7 0 14 0.00 0.0 0 9.0 26 110 M M 3 34 110
10 98 63 81 9 0 16 0.08 0.0 0 12.1 45 300 M M 6 3 66 310
11 78 62 70 -2 0 5 0.00 0.0 0 11.4 36 340 M M 6 47 350
12 85 55 70 -2 0 5 0.00 0.0 0 8.9 23 290 M M 3 3 33 220
13 96 54 75 2 0 10 0.00 0.0 0 7.0 22 330 M M 5 29 330
14 95 67 81 8 0 16 T 0.0 0 8.9 30 340 M M 5 3 41 290
15 96 63 80 7 0 15 0.06 0.0 0 8.2 25 270 M M 6 3 38 350
16 92 61 77 4 0 12 0.05 0.0 0 6.3 23 330 M M 6 3 32 330
17 93 61 77 4 0 12 0.00 0.0 0 8.4 21 150 M M 4 30 150
18 96 62 79 6 0 14 0.11 0.0 0 6.7 30 310 M M 6 3 45 320
19 97 67 82 9 0 17 0.06 0.0 0 13.8 41 230 M M 7 3 70 270
20 90 61 76 3 0 11 0.58 0.0 0 8.6 41 290 M M 7 3 41 290
21 90 59 75 2 0 10 0.00 0.0 0 8.7 24 120 M M 3 3 30 120
22 94 62 78 5 0 13 T 0.0 0 8.1 37 300 M M 3 3 49 320
23 100 62 81 8 0 16 0.01 0.0 0 9.1 38 10 M M 6 3 49 10
24 86 62 74 1 0 9 0.94 0.0 0 9.2 25 280 M M 7 13 32 260
25 84 61 73 0 0 8 0.13 0.0 0 6.8 29 190 M M 8 13 43 200
26 89 61 75 2 0 10 1.66 0.0 0 10.9 28 300 M M 7 13 37 300
27 86 59 73 1 0 8 0.01 0.0 0 9.8 28 360 M M 7 37 350
28 71 60 66 -6 0 1 T 0.0 0 10.1 28 60 M M 9 38 50
29 78 58 68 -4 0 3 1.37 0.0 0 6.5 25 330 M M 8 13 32 340
30 83 58 71 -1 0 6 0.00 0.0 0 4.2 14 140 M M 7 1 21 130
31 88 61 75 3 0 10 T 0.0 0 6.1 30 300 M M 5 44 290
================================================================================
SM 2768 1861 0 306 5.35 0.0 265.0 M 181
================================================================================
AV 89.3 60.0 8.5 FASTST M M 6 MAX(MPH)
MISC ----> 45 300 70 270
================================================================================
NOTES:
COLUMN 7; USED ASOS 12HR2 DATA TO RESTORE TIPS REMOVED BY ASOS ALGORITMS ON 7/3,
7/8, 7/10, 7/20 AND 7/24.
COLUMN 17 PEAK WIND IN M.P.H.
PRELIMINARY LOCAL CLIMATOLOGICAL DATA (WS FORM: F-6) , PAGE 2
STATION: COLORADO SPRINGS CO
MONTH: JULY
YEAR: 2022
LATITUDE: 38 49 N
LONGITUDE: 104 43 W
[TEMPERATURE DATA] [PRECIPITATION DATA] SYMBOLS USED IN COLUMN 16
AVERAGE MONTHLY: 74.7 TOTAL FOR MONTH: 5.35 1 = FOG OR MIST
DPTR FM NORMAL: 2.3 DPTR FM NORMAL: 2.23 2 = FOG REDUCING VISIBILITY
HIGHEST: 100 ON 23 GRTST 24HR 1.67 ON 26-27 TO 1/4 MILE OR LESS
LOWEST: 54 ON 13 3 = THUNDER
SNOW, ICE PELLETS, HAIL 4 = ICE PELLETS
TOTAL MONTH: 0.0 INCH 5 = HAIL
GRTST 24HR 0.0 6 = FREEZING RAIN OR DRIZZLE
GRTST DEPTH: 0 7 = DUSTSTORM OR SANDSTORM:
VSBY 1/2 MILE OR LESS
8 = SMOKE OR HAZE
[NO. OF DAYS WITH] [WEATHER - DAYS WITH] 9 = BLOWING SNOW
X = TORNADO
MAX 32 OR BELOW: 0 0.01 INCH OR MORE: 18
MAX 90 OR ABOVE: 16 0.10 INCH OR MORE: 7
MIN 32 OR BELOW: 0 0.50 INCH OR MORE: 4
MIN 0 OR BELOW: 0 1.00 INCH OR MORE: 2
[HDD (BASE 65) ]
TOTAL THIS MO. 0 CLEAR (SCALE 0-3) 4
DPTR FM NORMAL -6 PTCLDY (SCALE 4-7) 24
TOTAL FM JUL 1 0 CLOUDY (SCALE 8-10) 3
DPTR FM NORMAL 0
[CDD (BASE 65) ]
TOTAL THIS MO. 306
DPTR FM NORMAL 72 [PRESSURE DATA]
TOTAL FM JAN 1 513 HIGHEST SLP 30.17 ON 8
DPTR FM NORMAL 142 LOWEST SLP 29.74 ON 23
[REMARKS]
#FINAL-07-22#