000
CXUS55 KPUB 011758
CLMCOS
CLIMATE REPORT
NATIONAL WEATHER SERVICE
1158 AM MDT MON MAY 01 2023
...................................
...THE COLORADO SPRINGS CO CLIMATE SUMMARY FOR THE MONTH OF APRIL 2023...
CLIMATE NORMAL PERIOD 1991 TO 2020
CLIMATE RECORD PERIOD 1872 TO 2023
WEATHER OBSERVED NORMAL DEPART LAST YEAR`S
VALUE DATE(S) VALUE FROM VALUE DATE(S)
NORMAL
................................................................
TEMPERATURE (F)
RECORD
HIGH 87 04/30/1992
LOW -3 04/10/1959
HIGHEST 83 04/11 63 20 87 04/22
LOWEST 12 04/05 28 -16 21 04/14
AVG. MAXIMUM 61.6 61.0 0.6 67.5
AVG. MINIMUM 31.3 34.0 -2.7 35.6
MEAN 46.5 47.5 -1.0 51.6
DAYS MAX >= 90 0 0.0 0.0
DAYS MAX <= 32 0 0.5 -0.5
DAYS MIN <= 32 15 13.5 1.5
DAYS MIN <= 0 0 0.0 0.0
PRECIPITATION (INCHES)
RECORD
MAXIMUM 7.50 1999
MINIMUM 0.01 2022
TOTALS 1.45 1.45 0.00 0.01
DAILY AVG. 0.05 0.05 0.00
DAYS >= .01 8 8.2 -0.2
DAYS >= .10 5 3.5 1.5
DAYS >= .50 1 0.6 0.4
DAYS >= 1.00 0 0.1 -0.1
GREATEST
24 HR. TOTAL 0.91 04/25 TO 04/26 0.01
SNOWFALL (INCHES)
RECORDS
TOTAL 42.7 1957
TOTALS 6.7 5.5 1.2 T
SINCE 7/1 36.0 31.9 4.1 MM
SNOWDEPTH AVG. 0
DAYS >= 1.0 4 1.7 2.3
GREATEST
SNOW DEPTH 3 04/06 0
24 HR TOTAL 2.8 04/05 TO 04/06 T
DEGREE DAYS
HEATING TOTAL 544 526 18 399
SINCE 7/1 5606 5576 30 MM
COOLING TOTAL 0 1 -1 3
SINCE 1/1 0 1 -1 MM
................................................................
WIND (MPH)
AVERAGE WIND SPEED 10.5
HIGHEST WIND SPEED/DIRECTION 44/200 DATE 04/19
HIGHEST GUST SPEED/DIRECTION 55/200 DATE 04/19
SKY COVER
POSSIBLE SUNSHINE (PERCENT) MM
AVERAGE SKY COVER 0.50
NUMBER OF DAYS FAIR 9
NUMBER OF DAYS PC 18
NUMBER OF DAYS CLOUDY 3
AVERAGE RH (PERCENT) 43
WEATHER CONDITIONS. NUMBER OF DAYS WITH
THUNDERSTORM 1 MIXED PRECIP 4
HEAVY RAIN 1 RAIN 2
LIGHT RAIN 5 FREEZING RAIN 0
LT FREEZING RAIN 0 HAIL 1
HEAVY SNOW 1 SNOW 5
LIGHT SNOW 12 SLEET 0
FOG 9 FOG W/VIS <= 1/4 MILE 0
HAZE 1
- INDICATES NEGATIVE NUMBERS.
R INDICATES RECORD WAS SET OR TIED.
MM INDICATES DATA IS MISSING.
T INDICATES TRACE AMOUNT.
$$