000
CXUS53 KLSX 150428
CF6COU
PRELIMINARY LOCAL CLIMATOLOGICAL DATA (WS FORM: F-6)
STATION: COLUMBIA ASOS
MONTH: JUNE
YEAR: 2022
LATITUDE: 38 49 N
LONGITUDE: 92 13 W
TEMPERATURE IN F: :PCPN: SNOW: WIND :SUNSHINE: SKY :PK WND
================================================================================
1 2 3 4 5 6A 6B 7 8 9 10 11 12 13 14 15 16 17 18
12Z AVG MX 2MIN
DY MAX MIN AVG DEP HDD CDD WTR SNW DPTH SPD SPD DIR MIN PSBL S-S WX SPD DR
================================================================================
1 76 63 70 -1 0 5 1.32 0.0 0 6.5 21 330 M M 9 13 28 340
2 75 57 66 -5 0 1 0.00 0.0 0 7.0 15 320 M M 1 21 350
3 82 54 68 -3 0 3 0.00 0.0 0 5.0 10 270 M M 0 8 15 260
4 81 57 69 -3 0 4 T 0.0 0 6.1 17 180 M M 3 22 170
5 82 63 73 1 0 8 0.00 0.0 0 7.6 15 170 M M 3 21 150
6 82 64 73 1 0 8 0.00 0.0 0 5.8 10 150 M M 3 14 170
7 84 66 75 2 0 10 0.00 0.0 0 5.9 15 20 M M 2 19 60
8 78 64 71 -2 0 6 0.61 0.0 0 10.4 33 250 M M 6 13 50 260
9 82 59 71 -2 0 6 0.00 0.0 0 4.7 12 280 M M 0 16 270
10 84 64 74 0 0 9 0.14 0.0 0 5.8 14 10 M M 5 1 20 250
11 89 66 78 4 0 13 0.00 0.0 0 4.4 16 90 M M 4 12 23 100
12 91 77 84 10 0 19 0.00 0.0 0 8.2 18 160 M M 4 24 160
13 96 79 88 14 0 23 0.01 0.0 0 10.9 22 200 M M 0 3 33 190
14 94 76 85 11 0 20 0.00 0.0 0 12.8 24 200 M M 0 32 210
15 91 76 84 9 0 19 0.00 0.0 0 11.5 22 190 M M 0 32 190
16 94 77 86 11 0 21 0.00 0.0 0 8.9 17 230 M M 1 22 230
17 94 72 83 8 0 18 T 0.0 0 8.4 37 340 M M 1 3 53 300
18 88 68 78 3 0 13 0.00 0.0 0 8.1 14 90 M M 2 20 120
19 87 62 75 -1 0 10 0.00 0.0 0 8.4 14 170 M M 0 19 170
20 91 60 76 0 0 11 0.00 0.0 0 8.1 15 190 M M 0 22 160
21 95 69 82 6 0 17 0.00 0.0 0 8.0 15 220 M M 0 23 220
22 91 69 80 4 0 15 T 0.0 0 7.2 30 340 M M 1 3 38 330
23 90 65 78 2 0 13 0.00 0.0 0 4.8 13 90 M M 1 19 160
24 83 70 77 0 0 12 M 0.0 0 7.8 12 100 M M 1 12 100
25 98 M M M M M 0.00 0.0 0 12.0 21 230 M M 1 28 230
26 82 65 74 -3 0 9 0.53 0.0 0 11.5 24 350 M M 3 1 31 360
27 83 60 72 -5 0 7 0.00 0.0 0 5.6 15 20 M M 0 19 30
28 84 61 73 -4 0 8 0.00 0.0 0 5.4 12 170 M M 0 16 170
29 91 61 76 -1 0 11 0.00 0.0 0 6.2 12 170 M M 0 17 170
30 91 63 77 -1 0 12 0.00 0.0 0 9.3 17 200 M M 0 23 210
================================================================================
SM 2609 1907 0 331 2.61 0.0 232.3 M 51
================================================================================
AV 87.0 65.8 7.7 FASTST M M 2 MAX(MPH)
MISC ----> 37 340 53 300
================================================================================
NOTES:
# LAST OF SEVERAL OCCURRENCES
COLUMN 17 PEAK WIND IN M.P.H.
PRELIMINARY LOCAL CLIMATOLOGICAL DATA (WS FORM: F-6) , PAGE 2
STATION: COLUMBIA ASOS
MONTH: JUNE
YEAR: 2022
LATITUDE: 38 49 N
LONGITUDE: 92 13 W
[TEMPERATURE DATA] [PRECIPITATION DATA] SYMBOLS USED IN COLUMN 16
AVERAGE MONTHLY: 76.4 TOTAL FOR MONTH: 2.61 1 = FOG OR MIST
DPTR FM NORMAL: 1.8 DPTR FM NORMAL: -1.62 2 = FOG REDUCING VISIBILITY
HIGHEST: 98 ON 25 GRTST 24HR 1.32 ON 1- 1 TO 1/4 MILE OR LESS
LOWEST: 54 ON 3 3 = THUNDER
SNOW, ICE PELLETS, HAIL 4 = ICE PELLETS
TOTAL MONTH: 0.0 INCH 5 = HAIL
GRTST 24HR 0.0 6 = FREEZING RAIN OR DRIZZLE
GRTST DEPTH: 0 7 = DUSTSTORM OR SANDSTORM:
VSBY 1/2 MILE OR LESS
8 = SMOKE OR HAZE
[NO. OF DAYS WITH] [WEATHER - DAYS WITH] 9 = BLOWING SNOW
X = TORNADO
MAX 32 OR BELOW: 0 0.01 INCH OR MORE: 5
MAX 90 OR ABOVE: 13 0.10 INCH OR MORE: 4
MIN 32 OR BELOW: 0 0.50 INCH OR MORE: 3
MIN 0 OR BELOW: 0 1.00 INCH OR MORE: 1
[HDD (BASE 65) ]
TOTAL THIS MO. 0 CLEAR (SCALE 0-3) 23
DPTR FM NORMAL -6 PTCLDY (SCALE 4-7) 6
TOTAL FM JUL 1 4198 CLOUDY (SCALE 8-10) 1
DPTR FM NORMAL -481
[CDD (BASE 65) ]
TOTAL THIS MO. 331
DPTR FM NORMAL 37 [PRESSURE DATA]
TOTAL FM JAN 1 522 HIGHEST SLP 30.31 ON 27
DPTR FM NORMAL 82 LOWEST SLP 29.64 ON 11
[REMARKS]
#FINAL-06-22#