543
CXUS52 KJAX 011822
CF6CRG
PRELIMINARY LOCAL CLIMATOLOGICAL DATA (WS FORM: F-6)
STATION: CRAIG EXEC ARPT
MONTH: MAY
YEAR: 2020
LATITUDE: 30 19 N
LONGITUDE: 81 31 W
TEMPERATURE IN F: :PCPN: SNOW: WIND :SUNSHINE: SKY :PK WND
================================================================================
1 2 3 4 5 6A 6B 7 8 9 10 11 12 13 14 15 16 17 18
12Z AVG MX 2MIN
DY MAX MIN AVG DEP HDD CDD WTR SNW DPTH SPD SPD DIR MIN PSBL S-S WX SPD DR
================================================================================
1 80 53 67 -3 0 2 0.00 0.0 0 7.0 22 330 M M 0 29 280
2 82 53 68 -2 0 3 0.00 0.0 0 3.9 13 140 M M 0 18 110
3 87 58 73 3 0 8 0.00 0.0 0 5.4 14 140 M M 0 17 140
4 88 60 74 3 0 9 0.00 0.0 0 5.8 15 200 M M 0 19 220
5 89 68 79 8 0 14 0.00 0.0 0 9.5 20 260 M M 2 26 270
6 86 69 78 7 0 13 0.00 0.0 0 10.4 18 300 M M 3 25 350
7 70 52 61 -11 4 0 0.00 0.0 0 8.6 21 340 M M 0 26 350
8 82 49 66 -6 0 1 0.00 0.0 0 7.9 21 230 M M 0 27 220
9 72 60 66 -6 0 1 0.00 0.0 0 9.6 18 70 M M 3 25 30
10 76 62 69 -3 0 4 0.00 0.0 0 6.7 15 90 M M 3 20 90
11 84 57 71 -2 0 6 0.00 0.0 0 5.5 15 320 M M 0 12 20 340
12 76 55 66 -7 0 1 0.00 0.0 0 6.5 17 80 M M 0 24 80
13 80 58 69 -4 0 4 0.00 0.0 0 7.6 17 100 M M 5 23 100
14 80 66 73 -1 0 8 0.00 0.0 0 9.5 21 100 M M 4 28 110
15 82 62 72 -2 0 7 0.00 0.0 0 8.4 20 90 M M 3 30 110
16 83 70 77 3 0 12 0.00 0.0 0 9.7 20 60 M M 4 29 40
17 84 70 77 3 0 12 0.00 0.0 0 8.4 17 60 M M 4 22 60
18 89 68 79 4 0 14 0.00 0.0 0 8.5 21 210 M M 1 28 220
19 89 70 80 5 0 15 0.00 0.0 0 9.9 18 210 M M 4 24 200
20 86 70 78 3 0 13 T 0.0 0 8.5 16 150 M M 2 21 150
21 89 69 79 4 0 14 0.00 0.0 0 6.5 23 30 M M 3 3 33 10
22 92 67 80 4 0 15 0.00 0.0 0 8.4 17 160 M M 0 22 140
23 91 70 81 5 0 16 0.03 0.0 0 6.6 20 150 M M 2 3 23 160
24 85 70 78 2 0 13 0.00 0.0 0 6.2 15 100 M M 3 1 20 90
25 79 75 77 1 0 12 0.13 0.0 0 9.6 16 100 M M 3 1 23 110
26 77 72 75 -2 0 10 2.22 0.0 0 10.5 21 70 M M 9 13 32 50
27 87 74 81 4 0 16 0.21 0.0 0 5.1 22 230 M M 7 13 28 230
28 89 71 80 3 0 15 0.35 0.0 0 5.6 14 80 M M 2 13 17 190
29 85 69 77 0 0 12 0.22 0.0 0 4.8 15 190 M M 3 13 19 200
30 90 68 79 2 0 14 1.11 0.0 0 6.9 17 30 M M 3 13 23 20
31 89 71 80 2 0 15 0.00 0.0 0 6.0 15 70 M M 1 19 80
================================================================================
SM 2598 2006 4 299 4.27 0.0 233.5 M 74
================================================================================
AV 83.8 64.7 7.5 FASTST M M 2 MAX(MPH)
MISC ----> 23 30 33 10
================================================================================
NOTES:
# LAST OF SEVERAL OCCURRENCES
COLUMN 17 PEAK WIND IN M.P.H.
PRELIMINARY LOCAL CLIMATOLOGICAL DATA (WS FORM: F-6) , PAGE 2
STATION: CRAIG EXEC ARPT
MONTH: MAY
YEAR: 2020
LATITUDE: 30 19 N
LONGITUDE: 81 31 W
[TEMPERATURE DATA] [PRECIPITATION DATA] SYMBOLS USED IN COLUMN 16
AVERAGE MONTHLY: 74.3 TOTAL FOR MONTH: 4.27 1 = FOG OR MIST
DPTR FM NORMAL: 0.4 DPTR FM NORMAL: 1.45 2 = FOG REDUCING VISIBILITY
HIGHEST: 92 ON 22 GRTST 24HR 2.33 ON 26-27 TO 1/4 MILE OR LESS
LOWEST: 49 ON 8 3 = THUNDER
SNOW, ICE PELLETS, HAIL 4 = ICE PELLETS
TOTAL MONTH: 0.0 INCH 5 = HAIL
GRTST 24HR 0.0 6 = FREEZING RAIN OR DRIZZLE
GRTST DEPTH: 0 7 = DUSTSTORM OR SANDSTORM:
VSBY 1/2 MILE OR LESS
8 = SMOKE OR HAZE
[NO. OF DAYS WITH] [WEATHER - DAYS WITH] 9 = BLOWING SNOW
X = TORNADO
MAX 32 OR BELOW: 0 0.01 INCH OR MORE: 7
MAX 90 OR ABOVE: 3 0.10 INCH OR MORE: 6
MIN 32 OR BELOW: 0 0.50 INCH OR MORE: 2
MIN 0 OR BELOW: 0 1.00 INCH OR MORE: 2
[HDD (BASE 65) ]
TOTAL THIS MO. 4 CLEAR (SCALE 0-3) 21
DPTR FM NORMAL 0 PTCLDY (SCALE 4-7) 9
TOTAL FM JUL 1 729 CLOUDY (SCALE 8-10) 1
DPTR FM NORMAL -481
[CDD (BASE 65) ]
TOTAL THIS MO. 299
DPTR FM NORMAL 18 [PRESSURE DATA]
TOTAL FM JAN 1 819 HIGHEST SLP 30.28 ON 13
DPTR FM NORMAL 357 LOWEST SLP 29.76 ON 19
[REMARKS]
#FINAL-05-20#