000
CXUS54 KCRP 011210
CF6CRP
PRELIMINARY LOCAL CLIMATOLOGICAL DATA (WS FORM: F-6)
STATION: CORPUS CHRISTI
MONTH: JUNE
YEAR: 2022
LATITUDE: 27 46 N
LONGITUDE: 97 30 W
TEMPERATURE IN F: :PCPN: SNOW: WIND :SUNSHINE: SKY :PK WND
================================================================================
1 2 3 4 5 6A 6B 7 8 9 10 11 12 13 14 15 16 17 18
12Z AVG MX 2MIN
DY MAX MIN AVG DEP HDD CDD WTR SNW DPTH SPD SPD DIR MIN PSBL S-S WX SPD DR
================================================================================
1 90 78 84 2 0 19 0.01 0.0 0 13.7 21 140 M M 7 28 140
2 92 73 83 1 0 18 0.00 0.0 0 7.3 17 130 M M 5 24 130
3 94 73 84 2 0 19 0.00 0.0 0 6.8 16 150 M M 5 3 23 130
4 93 72 83 1 0 18 0.00 0.0 0 7.0 21 110 M M 4 27 110
5 93 72 83 1 0 18 0.00 0.0 0 12.3 22 150 M M 2 31 160
6 92 76 84 1 0 19 0.00 0.0 0 16.9 28 150 M M 4 38 150
7 91 77 84 1 0 19 0.00 0.0 0 15.1 24 140 M M 5 32 150
8 93 76 85 2 0 20 0.00 0.0 0 12.1 21 130 M M 7 27 120
9 92 76 84 1 0 19 0.00 0.0 0 9.5 20 120 M M 4 27 90
10 97 75 86 3 0 21 0.00 0.0 0 10.3 25 160 M M 4 34 160
11 97 75 86 3 0 21 0.00 0.0 0 11.0 22 150 M M 4 29 150
12 99 78 89 6 0 24 0.00 0.0 0 14.8 24 150 M M 5 18 32 150
13 91 79 85 2 0 20 0.00 0.0 0 17.0 28 140 M M 8 37 140
14 91 79 85 2 0 20 0.00 0.0 0 18.0 28 150 M M 9 37 140
15 92 79 86 3 0 21 0.00 0.0 0 15.9 23 140 M M 9 8 32 160
16 92 75 84 0 0 19 0.00 0.0 0 9.4 17 130 M M 5 1 27 130
17 92 71 82 -2 0 17 0.00 0.0 0 8.0 18 110 M M 3 1 25 80
18 91 71 81 -3 0 16 0.02 0.0 0 7.8 20 120 M M 5 1 30 80
19 93 75 84 0 0 19 0.00 0.0 0 7.7 18 120 M M 4 1 27 100
20 94 72 83 -1 0 18 0.00 0.0 0 8.6 18 90 M M 4 1 27 80
21 93 75 84 0 0 19 0.00 0.0 0 10.1 23 100 M M 6 18 29 110
22 93 74 84 0 0 19 0.00 0.0 0 7.8 20 120 M M 3 31 110
23 94 70 82 -2 0 17 0.00 0.0 0 7.0 16 150 M M 2 1 24 90
24 94 71 83 -1 0 18 0.00 0.0 0 9.4 22 140 M M 3 30 130
25 92 71 82 -2 0 17 0.00 0.0 0 10.5 21 130 M M 3 1 27 120
26 94 74 84 0 0 19 0.01 0.0 0 7.8 18 130 M M 4 26 120
27 96 71 84 0 0 19 T 0.0 0 6.0 33 50 M M 5 1 44 60
28 92 73 83 -1 0 18 0.23 0.0 0 8.1 21 10 M M 9 138 28 350
29 94 73 84 0 0 19 0.00 0.0 0 9.6 22 100 M M 6 28 100
30 95 74 85 1 0 20 T 0.0 0 9.1 20 110 M M 6 3 28 100
================================================================================
SM 2796 2228 0 570 0.27 0.0 314.6 M 150
================================================================================
AV 93.2 74.3 10.5 FASTST M M 5 MAX(MPH)
MISC ----> 33 50 44 60
================================================================================
NOTES:
# LAST OF SEVERAL OCCURRENCES
COLUMN 17 PEAK WIND IN M.P.H.
PRELIMINARY LOCAL CLIMATOLOGICAL DATA (WS FORM: F-6) , PAGE 2
STATION: CORPUS CHRISTI
MONTH: JUNE
YEAR: 2022
LATITUDE: 27 46 N
LONGITUDE: 97 30 W
[TEMPERATURE DATA] [PRECIPITATION DATA] SYMBOLS USED IN COLUMN 16
AVERAGE MONTHLY: 83.7 TOTAL FOR MONTH: 0.27 1 = FOG OR MIST
DPTR FM NORMAL: 0.5 DPTR FM NORMAL: -3.29 2 = FOG REDUCING VISIBILITY
HIGHEST: 99 ON 12 GRTST 24HR 0.23 ON 27-28 TO 1/4 MILE OR LESS
LOWEST: 70 ON 23 3 = THUNDER
SNOW, ICE PELLETS, HAIL 4 = ICE PELLETS
TOTAL MONTH: 0.0 INCH 5 = HAIL
GRTST 24HR 0.0 6 = FREEZING RAIN OR DRIZZLE
GRTST DEPTH: 0 7 = DUSTSTORM OR SANDSTORM:
VSBY 1/2 MILE OR LESS
8 = SMOKE OR HAZE
[NO. OF DAYS WITH] [WEATHER - DAYS WITH] 9 = BLOWING SNOW
X = TORNADO
MAX 32 OR BELOW: 0 0.01 INCH OR MORE: 4
MAX 90 OR ABOVE: 30 0.10 INCH OR MORE: 1
MIN 32 OR BELOW: 0 0.50 INCH OR MORE: 0
MIN 0 OR BELOW: 0 1.00 INCH OR MORE: 0
[HDD (BASE 65) ]
TOTAL THIS MO. 0 CLEAR (SCALE 0-3) 6
DPTR FM NORMAL 0 PTCLDY (SCALE 4-7) 21
TOTAL FM JUL 1 871 CLOUDY (SCALE 8-10) 3
DPTR FM NORMAL 70
[CDD (BASE 65) ]
TOTAL THIS MO. 570
DPTR FM NORMAL 23 [PRESSURE DATA]
TOTAL FM JAN 1 1635 HIGHEST SLP 30.11 ON 22
DPTR FM NORMAL 154 LOWEST SLP 29.66 ON 6
[REMARKS]
#FINAL-06-22#