000
CXUS54 KCRP 011745
CF6CRP
PRELIMINARY LOCAL CLIMATOLOGICAL DATA (WS FORM: F-6)
STATION: CORPUS CHRISTI
MONTH: SEPTEMBER
YEAR: 2021
LATITUDE: 27 46 N
LONGITUDE: 97 30 W
TEMPERATURE IN F: :PCPN: SNOW: WIND :SUNSHINE: SKY :PK WND
================================================================================
1 2 3 4 5 6A 6B 7 8 9 10 11 12 13 14 15 16 17 18
12Z AVG MX 2MIN
DY MAX MIN AVG DEP HDD CDD WTR SNW DPTH SPD SPD DIR MIN PSBL S-S WX SPD DR
================================================================================
1 98 78 88 4 0 23 0.00 0.0 0 11.9 24 140 M M 5 1 30 140
2 99 77 88 4 0 23 0.00 0.0 0 10.3 22 130 M M 4 33 110
3 97 77 87 3 0 22 0.00 0.0 0 10.3 22 150 M M 5 3 27 140
4 98 76 87 3 0 22 0.00 0.0 0 10.5 22 140 M M 1 29 130
5 99 72 86 2 0 21 0.00 0.0 0 8.6 20 150 M M 2 26 120
6 98 72 85 1 0 20 0.00 0.0 0 7.4 16 110 M M 2 20 70
7 97 75 86 3 0 21 0.00 0.0 0 5.6 18 130 M M 7 3 22 110
8 96 71 84 1 0 19 0.00 0.0 0 6.5 16 110 M M 5 20 110
9 97 70 84 1 0 19 0.00 0.0 0 8.1 17 110 M M 1 23 80
10 96 72 84 1 0 19 0.00 0.0 0 11.0 23 100 M M 2 29 90
11 93 68 81 -2 0 16 0.00 0.0 0 8.2 17 60 M M 2 24 120
12 90 75 83 0 0 18 0.76 0.0 0 9.5 23 100 M M 7 1 29 80
13 83 73 78 -4 0 13 2.38 0.0 0 13.6 28 40 M M 10 18 34 40
14 93 70 82 0 0 17 0.00 0.0 0 8.4 15 50 M M 5 19 280
15 89 73 81 -1 0 16 0.00 0.0 0 8.7 16 20 M M 7 21 360
16 93 71 82 0 0 17 0.00 0.0 0 6.4 14 160 M M 6 17 150
17 95 74 85 3 0 20 0.00 0.0 0 5.6 15 130 M M 4 20 130
18 96 75 86 4 0 21 0.00 0.0 0 5.8 16 100 M M 3 1 19 100
19 97 73 85 4 0 20 0.00 0.0 0 5.4 21 140 M M 2 1 25 140
20 95 75 85 4 0 20 0.00 0.0 0 10.8 20 140 M M 2 25 150
21 96 75 86 5 0 21 0.33 0.0 0 8.8 29 40 M M 5 13 36 360
22 89 64 77 -4 0 12 0.01 0.0 0 11.7 23 20 M M 7 13 28 20
23 88 57 73 -8 0 8 0.00 0.0 0 6.7 15 80 M M 1 18 80
24 87 62 75 -5 0 10 0.00 0.0 0 7.4 17 110 M M 2 21 100
25 88 65 77 -3 0 12 0.00 0.0 0 7.2 17 100 M M 2 22 90
26 88 61 75 -5 0 10 0.00 0.0 0 7.7 18 100 M M 3 22 80
27 92 68 80 0 0 15 0.00 0.0 0 7.3 18 100 M M 5 23 100
28 95 77 86 6 0 21 T 0.0 0 12.0 24 140 M M 9 3 30 160
29 85 70 78 -2 0 13 1.55 0.0 0 10.4 30 50 M M 7 13 36 40
30 91 72 82 3 0 17 2.41 0.0 0 8.9 46 340 M M 7 13 55 340
================================================================================
SM 2798 2138 0 526 7.44 0.0 260.7 M 130
================================================================================
AV 93.3 71.3 8.7 FASTST M M 4 MAX(MPH)
MISC ----> 46 340 55 340
================================================================================
NOTES:
# LAST OF SEVERAL OCCURRENCES
COLUMN 17 PEAK WIND IN M.P.H.
PRELIMINARY LOCAL CLIMATOLOGICAL DATA (WS FORM: F-6) , PAGE 2
STATION: CORPUS CHRISTI
MONTH: SEPTEMBER
YEAR: 2021
LATITUDE: 27 46 N
LONGITUDE: 97 30 W
[TEMPERATURE DATA] [PRECIPITATION DATA] SYMBOLS USED IN COLUMN 16
AVERAGE MONTHLY: 82.3 TOTAL FOR MONTH: 7.44 1 = FOG OR MIST
DPTR FM NORMAL: 0.4 DPTR FM NORMAL: 2.02 2 = FOG REDUCING VISIBILITY
HIGHEST: 99 ON 5, 2 GRTST 24HR 3.11 ON 12-13 TO 1/4 MILE OR LESS
LOWEST: 57 ON 23 3 = THUNDER
SNOW, ICE PELLETS, HAIL 4 = ICE PELLETS
TOTAL MONTH: 0.0 INCH 5 = HAIL
GRTST 24HR 0.0 6 = FREEZING RAIN OR DRIZZLE
GRTST DEPTH: 0 7 = DUSTSTORM OR SANDSTORM:
VSBY 1/2 MILE OR LESS
8 = SMOKE OR HAZE
[NO. OF DAYS WITH] [WEATHER - DAYS WITH] 9 = BLOWING SNOW
X = TORNADO
MAX 32 OR BELOW: 0 0.01 INCH OR MORE: 6
MAX 90 OR ABOVE: 22 0.10 INCH OR MORE: 5
MIN 32 OR BELOW: 0 0.50 INCH OR MORE: 4
MIN 0 OR BELOW: 0 1.00 INCH OR MORE: 3
[HDD (BASE 65) ]
TOTAL THIS MO. 0 CLEAR (SCALE 0-3) 12
DPTR FM NORMAL 0 PTCLDY (SCALE 4-7) 16
TOTAL FM JUL 1 0 CLOUDY (SCALE 8-10) 2
DPTR FM NORMAL 0
[CDD (BASE 65) ]
TOTAL THIS MO. 526
DPTR FM NORMAL 19 [PRESSURE DATA]
TOTAL FM JAN 1 3177 HIGHEST SLP 30.23 ON 22
DPTR FM NORMAL -51 LOWEST SLP 29.73 ON 14
[REMARKS]
#FINAL-09-21#