029
CXUS54 KCRP 011210
CF6CRP
PRELIMINARY LOCAL CLIMATOLOGICAL DATA (WS FORM: F-6)
STATION: CORPUS CHRISTI
MONTH: MARCH
YEAR: 2021
LATITUDE: 27 46 N
LONGITUDE: 97 30 W
TEMPERATURE IN F: :PCPN: SNOW: WIND :SUNSHINE: SKY :PK WND
================================================================================
1 2 3 4 5 6A 6B 7 8 9 10 11 12 13 14 15 16 17 18
12Z AVG MX 2MIN
DY MAX MIN AVG DEP HDD CDD WTR SNW DPTH SPD SPD DIR MIN PSBL S-S WX SPD DR
================================================================================
1 72 52 62 -1 3 0 0.07 0.0 0 17.3 29 10 M M 10 12 35 360
2 70 47 59 -4 6 0 0.00 0.0 0 12.3 23 360 M M 7 1 32 10
3 69 42 56 -8 9 0 0.00 0.0 0 8.2 17 110 M M 5 12 22 120
4 75 49 62 -2 3 0 0.00 0.0 0 11.6 22 130 M M 7 1 27 120
5 87 65 76 12 0 11 T 0.0 0 10.5 23 20 M M 7 31 300
6 70 48 59 -5 6 0 0.00 0.0 0 12.5 24 360 M M 5 30 360
7 72 44 58 -6 7 0 0.00 0.0 0 12.7 23 80 M M 4 28 80
8 76 58 67 3 0 2 0.00 0.0 0 12.7 22 110 M M 8 29 110
9 81 55 68 3 0 3 0.00 0.0 0 18.6 32 140 M M 5 42 160
10 84 63 74 9 0 9 0.00 0.0 0 22.4 37 150 M M 8 45 150
11 83 69 76 11 0 11 0.00 0.0 0 21.9 31 140 M M 9 1 40 140
12 83 70 77 12 0 12 0.00 0.0 0 20.3 29 130 M M 9 36 150
13 84 70 77 11 0 12 T 0.0 0 22.9 32 140 M M 9 41 150
14 73 55 64 -2 1 0 T 0.0 0 14.6 29 170 M M 10 1 35 160
15 73 56 65 -1 0 0 0.01 0.0 0 5.9 15 130 M M 10 12 18 130
16 80 64 72 6 0 7 0.01 0.0 0 12.4 24 150 M M 10 128 28 140
17 91 65 78 12 0 13 0.08 0.0 0 18.4 31 300 M M 5 1 41 320
18 79 48 64 -2 1 0 0.00 0.0 0 15.0 28 10 M M 0 36 360
19 76 49 63 -4 2 0 0.00 0.0 0 10.1 20 40 M M 2 25 40
20 70 48 59 -8 6 0 0.00 0.0 0 10.3 18 110 M M 2 22 110
21 75 46 61 -6 4 0 0.00 0.0 0 10.9 21 90 M M 3 26 90
22 78 60 69 2 0 4 0.00 0.0 0 20.0 35 150 M M 7 41 160
23 87 64 76 8 0 11 0.00 0.0 0 9.6 18 100 M M 8 1 25 30
24 83 67 75 7 0 10 T 0.0 0 12.4 20 110 M M 9 128 24 120
25 88 56 72 4 0 7 T 0.0 0 13.9 32 350 M M 6 18 38 350
26 82 52 67 -1 0 2 0.00 0.0 0 11.0 20 110 M M 4 1 24 120
27 88 71 80 12 0 15 0.00 0.0 0 15.7 26 150 M M 9 18 33 160
28 75 57 66 -2 0 1 2.32 0.0 0 15.0 33 30 M M 10 13 43 40
29 68 53 61 -8 4 0 0.05 0.0 0 9.4 16 110 M M 9 1 19 90
30 82 65 74 5 0 9 0.02 0.0 0 16.0 32 150 M M 9 1 40 160
31 81 66 74 5 0 9 T 0.0 0 14.3 30 40 M M 10 1 37 30
================================================================================
SM 2435 1774 52 148 2.56 0.0 438.8 M 216
================================================================================
AV 78.5 57.2 14.2 FASTST M M 7 MAX(MPH)
MISC ----> 37 150 45 150
================================================================================
NOTES:
# LAST OF SEVERAL OCCURRENCES
COLUMN 17 PEAK WIND IN M.P.H.
PRELIMINARY LOCAL CLIMATOLOGICAL DATA (WS FORM: F-6) , PAGE 2
STATION: CORPUS CHRISTI
MONTH: MARCH
YEAR: 2021
LATITUDE: 27 46 N
LONGITUDE: 97 30 W
[TEMPERATURE DATA] [PRECIPITATION DATA] SYMBOLS USED IN COLUMN 16
AVERAGE MONTHLY: 67.9 TOTAL FOR MONTH: 2.56 1 = FOG OR MIST
DPTR FM NORMAL: 1.8 DPTR FM NORMAL: 0.67 2 = FOG REDUCING VISIBILITY
HIGHEST: 91 ON 17 GRTST 24HR 2.32 ON 28-28 TO 1/4 MILE OR LESS
LOWEST: 42 ON 3 3 = THUNDER
SNOW, ICE PELLETS, HAIL 4 = ICE PELLETS
TOTAL MONTH: 0.0 INCH 5 = HAIL
GRTST 24HR 0.0 6 = FREEZING RAIN OR DRIZZLE
GRTST DEPTH: 0 7 = DUSTSTORM OR SANDSTORM:
VSBY 1/2 MILE OR LESS
8 = SMOKE OR HAZE
[NO. OF DAYS WITH] [WEATHER - DAYS WITH] 9 = BLOWING SNOW
X = TORNADO
MAX 32 OR BELOW: 0 0.01 INCH OR MORE: 7
MAX 90 OR ABOVE: 1 0.10 INCH OR MORE: 1
MIN 32 OR BELOW: 0 0.50 INCH OR MORE: 1
MIN 0 OR BELOW: 0 1.00 INCH OR MORE: 1
[HDD (BASE 65) ]
TOTAL THIS MO. 52 CLEAR (SCALE 0-3) 4
DPTR FM NORMAL -29 PTCLDY (SCALE 4-7) 13
TOTAL FM JUL 1 888 CLOUDY (SCALE 8-10) 14
DPTR FM NORMAL 7
[CDD (BASE 65) ]
TOTAL THIS MO. 148
DPTR FM NORMAL 33 [PRESSURE DATA]
TOTAL FM JAN 1 267 HIGHEST SLP 30.42 ON 8
DPTR FM NORMAL 76 LOWEST SLP 29.53 ON 25
[REMARKS]
#FINAL-03-21#