000
CXUS54 KFWD 010730
CF6CRS
PRELIMINARY LOCAL CLIMATOLOGICAL DATA (WS FORM: F-6)
STATION: CORSICANA
MONTH: APRIL
YEAR: 2023
LATITUDE: 32 1 N
LONGITUDE: 96 24 W
TEMPERATURE IN F: :PCPN: SNOW: WIND :SUNSHINE: SKY :PK WND
================================================================================
1 2 3 4 5 6A 6B 7 8 9 10 11 12 13 14 15 16 17 18
12Z AVG MX 2MIN
DY MAX MIN AVG DEP HDD CDD WTR SNW DPTH SPD SPD DIR MIN PSBL S-S WX SPD DR
================================================================================
1 76 48 62 -1 3 0 0.00 M M 7.0 15 30 M M 0 25 20
2 80 56 68 5 0 3 0.21 M M 10.9 22 170 M M 4 138 27 170
3 90 70 80 17 0 15 0.00 M M 16.7 26 170 M M 4 37 170
4 85 72 79 15 0 14 0.00 M M 18.9 28 180 M M 4 18 36 170
5 78 57 68 4 0 3 0.94 M M 12.6 31 290 M M 8 13 40 270
6 57 50 54 -10 11 0 0.58 M M 9.4 20 30 M M 7 1 29 40
7 57 50 54 -10 11 0 T M M 8.6 18 30 M M 10 18 27 40
8 72 53 63 -1 2 0 0.00 M M 4.4 10 70 M M 7 1 16 40
9 72 59 66 1 0 1 0.00 M M 4.4 13 100 M M 9 17 110
10 73 57 65 0 0 0 0.00 M M 3.6 12 80 M M 5 1 16 60
11 76 54 65 0 0 0 0.00 M M 4.9 12 70 M M 1 19 100
12 77 53 65 0 0 0 0.00 M M 5.0 17 140 M M 0 23 130
13 77 53 65 -1 0 0 0.00 M M 6.6 14 150 M M 0 19 160
14 79 60 70 4 0 5 T M M 13.2 24 170 M M 4 34 190
15 87 61 74 8 0 9 0.00 M M 13.1 24 320 M M 3 34 300
16 72 47 60 -6 5 0 0.00 M M 6.3 17 310 M M 0 27 360
17 79 45 62 -4 3 0 0.00 M M 8.6 17 150 M M 0 25 150
18 73 58 66 0 0 1 T M M 12.6 23 160 M M 4 29 150
19 82 64 73 6 0 8 0.00 M M 15.4 26 160 M M 6 35 170
20 84 65 75 8 0 10 0.12 M M 11.3 32 130 M M 8 13 50 140
21 77 60 69 2 0 4 0.00 M M 7.3 17 350 M M 3 25 350
22 77 52 65 -2 0 0 0.06 M M 7.8 16 20 M M 3 26 30
23 59 49 54 -14 11 0 0.57 M M 8.9 16 40 M M 6 1 26 30
24 69 45 57 -11 8 0 T M M 7.2 22 140 M M 5 30 150
25 73 58 66 -2 0 1 0.12 M M 8.2 18 150 M M 8 13 25 150
26 70 60 65 -3 0 0 0.12 M M 11.6 21 150 M M 10 13 28 150
27 71 57 64 -5 1 0 0.02 M M 8.3 21 280 M M 4 1 26 280
28 78 53 66 -3 0 1 0.01 M M 10.5 28 340 M M 5 13 35 350
29 71 50 61 -8 4 0 M M M 12.6 23 340 M M 6 32 330
30 84 49 67 -2 0 2 0.00 M M 6.2 12 30 M M 0 17 50
================================================================================
SM 2255 1665 59 77 2.75 M 282.1 M 134
================================================================================
AV 75.2 55.5 9.4 FASTST M M 4 MAX(MPH)
MISC ----> 32 130 50 140
================================================================================
NOTES:
# LAST OF SEVERAL OCCURRENCES
COLUMN 17 PEAK WIND IN M.P.H.
PRELIMINARY LOCAL CLIMATOLOGICAL DATA (WS FORM: F-6) , PAGE 2
STATION: CORSICANA
MONTH: APRIL
YEAR: 2023
LATITUDE: 32 1 N
LONGITUDE: 96 24 W
[TEMPERATURE DATA] [PRECIPITATION DATA] SYMBOLS USED IN COLUMN 16
AVERAGE MONTHLY: 65.3 TOTAL FOR MONTH: 2.75 1 = FOG OR MIST
DPTR FM NORMAL: -0.7 DPTR FM NORMAL: -0.73 2 = FOG REDUCING VISIBILITY
HIGHEST: 90 ON 3 GRTST 24HR 0.94 ON 5- 5 TO 1/4 MILE OR LESS
LOWEST: 45 ON 24,17 3 = THUNDER
SNOW, ICE PELLETS, HAIL 4 = ICE PELLETS
TOTAL MONTH: M 5 = HAIL
GRTST 24HR M ON M 6 = FREEZING RAIN OR DRIZZLE
GRTST DEPTH: M ON M 7 = DUSTSTORM OR SANDSTORM:
VSBY 1/2 MILE OR LESS
8 = SMOKE OR HAZE
[NO. OF DAYS WITH] [WEATHER - DAYS WITH] 9 = BLOWING SNOW
X = TORNADO
MAX 32 OR BELOW: 0 0.01 INCH OR MORE: 10
MAX 90 OR ABOVE: 1 0.10 INCH OR MORE: 7
MIN 32 OR BELOW: 0 0.50 INCH OR MORE: 3
MIN 0 OR BELOW: 0 1.00 INCH OR MORE: 0
[HDD (BASE 65) ]
TOTAL THIS MO. 59 CLEAR (SCALE 0-3) 9
DPTR FM NORMAL -16 PTCLDY (SCALE 4-7) 17
TOTAL FM JUL 1 1652 CLOUDY (SCALE 8-10) 4
DPTR FM NORMAL -360
[CDD (BASE 65) ]
TOTAL THIS MO. 77
DPTR FM NORMAL -29 [PRESSURE DATA]
TOTAL FM JAN 1 191 HIGHEST SLP M ON M
DPTR FM NORMAL 31 LOWEST SLP 29.56 ON 4
[REMARKS]
#FINAL-04-23#