000
CXUS52 KFFC 011010
CF6CSG
PRELIMINARY LOCAL CLIMATOLOGICAL DATA (WS FORM: F-6)
STATION: COLUMBUS
MONTH: SEPTEMBER
YEAR: 2020
LATITUDE: 32 31 N
LONGITUDE: 84 56 W
TEMPERATURE IN F: :PCPN: SNOW: WIND :SUNSHINE: SKY :PK WND
================================================================================
1 2 3 4 5 6A 6B 7 8 9 10 11 12 13 14 15 16 17 18
12Z AVG MX 2MIN
DY MAX MIN AVG DEP HDD CDD WTR SNW DPTH SPD SPD DIR MIN PSBL S-S WX SPD DR
================================================================================
1 93 75 84 4 0 19 0.01 M M 4.6 16 240 M M 2 3 22 240
2 92 76 84 4 0 19 0.00 M M 4.6 14 310 M M 2 18 320
3 95 72 84 4 0 19 0.00 M M 4.0 13 310 M M 1 19 280
4 98 71 85 5 0 20 0.00 0.0 M 4.6 13 290 M M 0 18 270
5 96 76 86 6 0 21 0.00 M M 6.7 15 20 M M 0 22 10
6 90 70 80 1 0 15 0.00 M M 6.4 15 90 M M 0 22 130
7 91 66 79 0 0 14 0.00 M M 4.3 15 90 M M 0 22 120
8 91 72 82 3 0 17 0.00 M M 7.1 16 90 M M 1 21 80
9 88 70 79 0 0 14 0.00 M M 6.6 16 120 M M 5 23 90
10 91 75 83 5 0 18 T M M 7.1 17 120 M M 7 24 120
11 95 76 86 8 0 21 T 0.0 M 5.6 23 130 M M 3 3 30 110
12 94 75 85 7 0 20 0.03 0.0 M 8.0 31 160 M M 6 13 40 160
13 94 75 85 7 0 20 T 0.0 M 9.8 20 130 M M 4 29 140
14 90 74 82 5 0 17 0.00 0.0 M 9.0 16 90 M M 4 24 90
15 86 73 80 3 0 15 0.01 0.0 M 12.5 20 90 M M 7 1 29 110
16 73 67 70 -7 0 5 3.72 0.0 M 18.1 29 90 M M 9 1 42 80
17 79 71 75 -1 0 10 2.84 M M 5.4 30 80 M M 8 1 41 90
18 85 69 77 1 0 12 0.00 M M 3.4 9 30 M M 3 14 20
19 74 66 70 -6 0 5 T M M 8.9 17 90 M M 3 25 70
20 75 60 68 -7 0 3 0.00 M M 11.9 23 80 M M 1 31 80
21 75 58 67 -8 0 2 0.00 M M 12.3 22 90 M M 0 30 90
22 76 56 66 -9 0 1 0.00 M M 7.1 17 90 M M 0 22 80
23 80 63 72 -2 0 7 0.00 0.0 M 4.1 9 100 M M 5 13 110
24 74 65 70 -4 0 5 0.22 M M 8.0 18 170 M M 8 1 32 170
25 80 67 74 0 0 9 T M M 5.8 13 290 M M 8 20 280
26 85 64 75 2 0 10 0.00 0.0 M 2.0 10 280 M M 4 12 14 280
27 83 69 76 3 0 11 T M M 5.7 16 190 M M 7 22 190
28 88 70 79 7 0 14 0.47 M M 3.8 18 280 M M 7 13 25 300
29 70 57 64 -8 1 0 0.22 M M 6.1 18 330 M M 7 1 26 330
30 77 50 64 -8 1 0 0.00 M M 3.5 12 310 M M 0 18 360
================================================================================
SM 2558 2048 2 363 7.52 0.0 207.0 M 112
================================================================================
AV 85.3 68.3 6.9 FASTST M M 4 MAX(MPH)
MISC ----> 31 160 42 80
================================================================================
NOTES:
# LAST OF SEVERAL OCCURRENCES
COLUMN 17 PEAK WIND IN M.P.H.
PRELIMINARY LOCAL CLIMATOLOGICAL DATA (WS FORM: F-6) , PAGE 2
STATION: COLUMBUS
MONTH: SEPTEMBER
YEAR: 2020
LATITUDE: 32 31 N
LONGITUDE: 84 56 W
[TEMPERATURE DATA] [PRECIPITATION DATA] SYMBOLS USED IN COLUMN 16
AVERAGE MONTHLY: 76.8 TOTAL FOR MONTH: 7.52 1 = FOG OR MIST
DPTR FM NORMAL: 0.2 DPTR FM NORMAL: 4.46 2 = FOG REDUCING VISIBILITY
HIGHEST: 98 ON 4 GRTST 24HR 6.52 ON 16-17 TO 1/4 MILE OR LESS
LOWEST: 50 ON 30 3 = THUNDER
SNOW, ICE PELLETS, HAIL 4 = ICE PELLETS
TOTAL MONTH: 0.0 INCH 5 = HAIL
GRTST 24HR 0.0 6 = FREEZING RAIN OR DRIZZLE
GRTST DEPTH: M ON M 7 = DUSTSTORM OR SANDSTORM:
VSBY 1/2 MILE OR LESS
8 = SMOKE OR HAZE
[NO. OF DAYS WITH] [WEATHER - DAYS WITH] 9 = BLOWING SNOW
X = TORNADO
MAX 32 OR BELOW: 0 0.01 INCH OR MORE: 8
MAX 90 OR ABOVE: 13 0.10 INCH OR MORE: 5
MIN 32 OR BELOW: 0 0.50 INCH OR MORE: 2
MIN 0 OR BELOW: 0 1.00 INCH OR MORE: 2
[HDD (BASE 65) ]
TOTAL THIS MO. 2 CLEAR (SCALE 0-3) 15
DPTR FM NORMAL -1 PTCLDY (SCALE 4-7) 11
TOTAL FM JUL 1 2 CLOUDY (SCALE 8-10) 4
DPTR FM NORMAL 2
[CDD (BASE 65) ]
TOTAL THIS MO. 363
DPTR FM NORMAL 13 [PRESSURE DATA]
TOTAL FM JAN 1 2387 HIGHEST SLP 30.33 ON 21
DPTR FM NORMAL 165 LOWEST SLP 29.62 ON 17
[REMARKS]
#FINAL-09-20#