000
CXUS54 KOUN 010810
CF6CSM
PRELIMINARY LOCAL CLIMATOLOGICAL DATA (WS FORM: F-6)
STATION: CLINTON
MONTH: APRIL
YEAR: 2021
LATITUDE: 35 20 N
LONGITUDE: 99 12 W
TEMPERATURE IN F: :PCPN: SNOW: WIND :SUNSHINE: SKY :PK WND
================================================================================
1 2 3 4 5 6A 6B 7 8 9 10 11 12 13 14 15 16 17 18
12Z AVG MX 2MIN
DY MAX MIN AVG DEP HDD CDD WTR SNW DPTH SPD SPD DIR MIN PSBL S-S WX SPD DR
================================================================================
1 63 35 49 -6 16 0 0.00 M M 10.7 20 160 M M 0 24 180
2 66 40 53 -2 12 0 0.00 M M 18.9 30 170 M M 0 37 180
3 72 44 58 2 7 0 0.00 M M 16.4 25 210 M M 0 30 190
4 72 48 60 4 5 0 0.00 M M 16.2 23 180 M M 3 12 30 190
5 77 53 65 9 0 0 0.00 M M 22.8 35 180 M M 0 42 180
6 82 57 70 14 0 5 0.00 M M 27.2 37 170 M M 2 45 180
7 72 42 57 0 8 0 0.00 M M 19.7 36 330 M M 0 50 320
8 78 39 59 2 6 0 0.00 M M 11.4 22 200 M M 0 26 220
9 77 44 61 4 4 0 0.04 M M 15.2 37 350 M M 1 3 48 350
10 68 36 52 -5 13 0 0.00 M M 10.6 24 330 M M 0 31 360
11 81 44 63 5 2 0 0.00 M M 13.2 24 40 M M 0 30 180
12 60 47 54 -4 11 0 0.00 M M 19.6 30 30 M M 0 37 40
13 65 36 51 -7 14 0 0.03 M M 16.4 25 30 M M 3 3 34 20
14 58 45 52 -6 13 0 0.27 M M 13.1 24 50 M M 9 13 31 70
15 50 44 47 -12 18 0 0.09 M M 10.9 21 70 M M 10 1 24 70
16 53 38 46 -13 19 0 0.12 M M 13.6 24 340 M M 9 13 33 340
17 51 35 43 -16 22 0 0.00 M M 11.7 22 340 M M 6 28 360
18 65 34 50 -10 15 0 0.00 M M 9.4 20 290 M M 0 28 300
19 74 35 55 -5 10 0 0.00 M M 10.7 29 360 M M 0 35 360
20 51 31 41 -19 24 0 0.00 M M 18.3 32 360 M M 5 40 10
21 59 29 44 -16 21 0 0.00 M M 6.8 12 100 M M 0 14 90
22 54 42 48 -13 17 0 T M M 15.8 25 150 M M 10 1 30 170
23 62 47 55 -6 10 0 0.13 M M 12.1 23 20 M M 9 123 31 10
24 70 50 60 -1 5 0 0.00 M M 11.4 24 10 M M 5 1 29 10
25 82 49 66 4 0 1 0.00 M M 21.4 32 190 M M 1 1 41 200
26 80 60 70 8 0 5 0.00 0.0 M 21.6 29 150 M M 0 37 160
27 81 62 72 10 0 7 0.04 M M 14.8 28 130 M M 1 1 35 130
28 76 57 67 4 0 2 0.23 0.0 M 11.4 26 350 M M 7 1 33 360
29 75 52 64 1 1 0 0.00 M M 16.1 29 50 M M 1 36 20
30 78 49 64 1 1 0 0.00 M M 6.8 16 150 M M 0 20 160
================================================================================
SM 2052 1324 274 20 0.95 0.0 444.2 M 82
================================================================================
AV 68.4 44.1 14.8 FASTST M M 3 MAX(MPH)
MISC ----> # 37 170 50 320
================================================================================
NOTES:
# LAST OF SEVERAL OCCURRENCES
COLUMN 17 PEAK WIND IN M.P.H.
PRELIMINARY LOCAL CLIMATOLOGICAL DATA (WS FORM: F-6) , PAGE 2
STATION: CLINTON
MONTH: APRIL
YEAR: 2021
LATITUDE: 35 20 N
LONGITUDE: 99 12 W
[TEMPERATURE DATA] [PRECIPITATION DATA] SYMBOLS USED IN COLUMN 16
AVERAGE MONTHLY: 56.3 TOTAL FOR MONTH: 0.95 1 = FOG OR MIST
DPTR FM NORMAL: -2.7 DPTR FM NORMAL: -1.47 2 = FOG REDUCING VISIBILITY
HIGHEST: 82 ON 25, 6 GRTST 24HR 0.30 ON 13-14 TO 1/4 MILE OR LESS
LOWEST: 29 ON 21 3 = THUNDER
SNOW, ICE PELLETS, HAIL 4 = ICE PELLETS
TOTAL MONTH: 0.0 INCH 5 = HAIL
GRTST 24HR 0.0 6 = FREEZING RAIN OR DRIZZLE
GRTST DEPTH: M ON M 7 = DUSTSTORM OR SANDSTORM:
VSBY 1/2 MILE OR LESS
8 = SMOKE OR HAZE
[NO. OF DAYS WITH] [WEATHER - DAYS WITH] 9 = BLOWING SNOW
X = TORNADO
MAX 32 OR BELOW: 0 0.01 INCH OR MORE: 8
MAX 90 OR ABOVE: 0 0.10 INCH OR MORE: 4
MIN 32 OR BELOW: 2 0.50 INCH OR MORE: 0
MIN 0 OR BELOW: 0 1.00 INCH OR MORE: 0
[HDD (BASE 65) ]
TOTAL THIS MO. 274 CLEAR (SCALE 0-3) 21
DPTR FM NORMAL 59 PTCLDY (SCALE 4-7) 4
TOTAL FM JUL 1 3830 CLOUDY (SCALE 8-10) 5
DPTR FM NORMAL 241
[CDD (BASE 65) ]
TOTAL THIS MO. 20
DPTR FM NORMAL -15 [PRESSURE DATA]
TOTAL FM JAN 1 23 HIGHEST SLP M ON M
DPTR FM NORMAL -17 LOWEST SLP 29.45 ON 6
[REMARKS]
#FINAL-04-21#