000
CXUS56 KTFX 011110
CF6CTB
PRELIMINARY LOCAL CLIMATOLOGICAL DATA (WS FORM: F-6)
STATION: CUT BANK MT
MONTH: AUGUST
YEAR: 2020
LATITUDE: 48 37 N
LONGITUDE: 112 23 W
TEMPERATURE IN F: :PCPN: SNOW: WIND :SUNSHINE: SKY :PK WND
================================================================================
1 2 3 4 5 6A 6B 7 8 9 10 11 12 13 14 15 16 17 18
12Z AVG MX 2MIN
DY MAX MIN AVG DEP HDD CDD WTR SNW DPTH SPD SPD DIR MIN PSBL S-S WX SPD DR
================================================================================
1 91 57 74 8 0 9 T M 0 8.9 25 220 M M 0 32 220
2 92 58 75 9 0 10 0.00 M 0 8.2 16 150 M M 1 3 19 150
3 90 53 72 6 0 7 0.00 M 0 14.0 31 270 M M 1 38 280
4 84 46 65 -1 0 0 0.00 M 0 5.6 16 180 M M 0 21 190
5 90 49 70 4 0 5 0.00 M 0 6.8 18 150 M M 1 25 150
6 90 50 70 4 0 5 0.06 M 0 8.8 38 240 M M 2 3 49 240
7 71 52 62 -4 3 0 0.02 M 0 23.1 37 240 M M 1 44 240
8 74 49 62 -4 3 0 0.00 M 0 15.2 33 250 M M 3 39 240
9 75 41 58 -8 7 0 0.00 M 0 6.3 17 360 M M 4 22 350
10 84 41 63 -2 2 0 0.00 M 0 8.6 22 250 M M 0 27 250
11 87 51 69 4 0 4 0.00 M 0 10.3 24 240 M M 0 30 240
12 77 52 65 0 0 0 0.00 M 0 17.4 35 250 M M 4 44 250
13 72 48 60 -5 5 0 0.00 M 0 13.1 25 230 M M 0 31 230
14 79 46 63 -1 2 0 0.00 M 0 12.3 23 250 M M 0 33 250
15 87 54 71 7 0 6 0.00 M 0 10.1 21 260 M M 0 31 270
16 93 45 69 5 0 4 0.00 M 0 5.3 18 270 M M 0 22 270
17 97 53 75 11 0 10 0.00 M 0 8.1 23 260 M M 1 28 240
18 91 60 76 12 0 11 0.00 M 0 8.9 25 300 M M 1 32 300
19 87 57 72 9 0 7 0.00 M 0 10.4 30 210 M M 1 40 210
20 89 52 71 8 0 6 0.06 M 0 7.4 29 260 M M 1 38 33 260
21 88 50 69 6 0 4 0.00 M 0 6.0 18 250 M M 0 24 240
22 82 51 67 5 0 2 0.00 M 0 13.6 36 230 M M 0 46 230
23 88 43 66 4 0 1 0.00 M 0 8.3 24 260 M M 0 33 250
24 93 44 69 7 0 4 0.00 M 0 10.0 26 260 M M 1 8 32 250
25 85 48 67 6 0 2 0.00 M 0 12.6 25 240 M M 0 8 32 240
26 83 51 67 6 0 2 0.00 M 0 8.4 20 240 M M 0 24 290
27 77 42 60 -1 5 0 0.00 M 0 10.0 23 360 M M 0 30 10
28 83 43 63 3 2 0 0.00 M 0 7.8 17 150 M M 0 23 140
29 84 46 65 5 0 0 0.00 M 0 13.9 28 260 M M 1 36 250
30 62 39 51 -9 14 0 0.10 M 0 8.9 26 350 M M 4 1 32 350
31 66 42 54 -5 11 0 0.00 M 0 15.2 28 250 M M 1 37 250
================================================================================
SM 2591 1513 54 99 0.24 M 323.5 M 28
================================================================================
AV 83.6 48.8 10.4 FASTST M M 1 MAX(MPH)
MISC ----> 38 240 49 240
================================================================================
NOTES:
# LAST OF SEVERAL OCCURRENCES
COLUMN 17 PEAK WIND IN M.P.H.
PRELIMINARY LOCAL CLIMATOLOGICAL DATA (WS FORM: F-6) , PAGE 2
STATION: CUT BANK MT
MONTH: AUGUST
YEAR: 2020
LATITUDE: 48 37 N
LONGITUDE: 112 23 W
[TEMPERATURE DATA] [PRECIPITATION DATA] SYMBOLS USED IN COLUMN 16
AVERAGE MONTHLY: 66.2 TOTAL FOR MONTH: 0.24 1 = FOG OR MIST
DPTR FM NORMAL: 2.6 DPTR FM NORMAL: -0.95 2 = FOG REDUCING VISIBILITY
HIGHEST: 97 ON 17 GRTST 24HR 0.10 ON 30-30 TO 1/4 MILE OR LESS
LOWEST: 39 ON 30 3 = THUNDER
SNOW, ICE PELLETS, HAIL 4 = ICE PELLETS
TOTAL MONTH: M 5 = HAIL
GRTST 24HR M ON M 6 = FREEZING RAIN OR DRIZZLE
GRTST DEPTH: 0 7 = DUSTSTORM OR SANDSTORM:
VSBY 1/2 MILE OR LESS
8 = SMOKE OR HAZE
[NO. OF DAYS WITH] [WEATHER - DAYS WITH] 9 = BLOWING SNOW
X = TORNADO
MAX 32 OR BELOW: 0 0.01 INCH OR MORE: 4
MAX 90 OR ABOVE: 9 0.10 INCH OR MORE: 1
MIN 32 OR BELOW: 0 0.50 INCH OR MORE: 0
MIN 0 OR BELOW: 0 1.00 INCH OR MORE: 0
[HDD (BASE 65) ]
TOTAL THIS MO. 54 CLEAR (SCALE 0-3) 28
DPTR FM NORMAL -54 PTCLDY (SCALE 4-7) 3
TOTAL FM JUL 1 138 CLOUDY (SCALE 8-10) 0
DPTR FM NORMAL -56
[CDD (BASE 65) ]
TOTAL THIS MO. 99
DPTR FM NORMAL 35 [PRESSURE DATA]
TOTAL FM JAN 1 177 HIGHEST SLP 30.13 ON 16
DPTR FM NORMAL 24 LOWEST SLP 29.59 ON 6
[REMARKS]
#FINAL-08-20#