000
CXUS52 KTAE 010800
CF6CTY
PRELIMINARY LOCAL CLIMATOLOGICAL DATA (WS FORM: F-6)
STATION: CROSS CITY
MONTH: AUGUST
YEAR: 2022
LATITUDE: 29 37 N
LONGITUDE: 83 6 W
TEMPERATURE IN F: :PCPN: SNOW: WIND :SUNSHINE: SKY :PK WND
================================================================================
1 2 3 4 5 6A 6B 7 8 9 10 11 12 13 14 15 16 17 18
12Z AVG MX 2MIN
DY MAX MIN AVG DEP HDD CDD WTR SNW DPTH SPD SPD DIR MIN PSBL S-S WX SPD DR
================================================================================
1 93 72 83 1 0 18 0.55 0.0 0 3.1 9 260 M M 1 13 M M
2 94 74 84 2 0 19 0.00 0.0 M 3.8 12 280 M M 1 17 260
3 94 73 84 2 0 19 0.00 0.0 M 4.4 10 240 M M 2 16 240
4 95 72 84 2 0 19 0.00 0.0 0 4.1 15 270 M M 1 3 18 100
5 96 74 85 3 0 20 0.00 0.0 0 4.2 9 110 M M 2 3 M M
6 95 74 85 3 0 20 0.00 0.0 M 3.2 10 180 M M 2 3 M M
7 96 73 85 3 0 20 0.00 0.0 M 3.5 7 300 M M 2 38 M M
8 95 72 84 2 0 19 0.34 0.0 M 3.2 8 120 M M 3 3 27 120
9 91 71 81 -1 0 16 0.20 0.0 0 3.8 16 200 M M 3 13 25 200
10 90 72 81 -1 0 16 0.00 0.0 0 2.8 8 230 M M 2 138 M M
11 85 71 78 -4 0 13 0.36 0.0 M 2.7 12 250 M M 3 3 22 250
12 91 72 82 0 0 17 0.02 0.0 M 3.9 13 290 M M 4 17 230
13 90 73 82 0 0 17 0.25 0.0 M 3.1 12 270 M M 7 13 M M
14 91 73 82 0 0 17 0.00 0.0 0 3.8 10 70 M M 6 18 M M
15 93 69 81 -1 0 16 0.00 0.0 0 2.3 9 250 M M 1 M M
16 92 70 81 -1 0 16 0.00 0.0 0 5.2 14 240 M M 2 17 250
17 95 73 84 2 0 19 0.00 0.0 0 4.3 12 240 M M 2 3 17 250
18 89 72 81 -1 0 16 2.06 0.0 M 2.6 9 40 M M 2 138 20 60
19 91 72 82 1 0 17 0.00 0.0 0 2.5 9 270 M M 2 13 M M
20 93 73 83 2 0 18 0.51 0.0 0 2.5 14 150 M M 1 3 M M
21 93 71 82 1 0 17 0.49 0.0 0 2.1 12 280 M M 2 13 21 280
22 92 72 82 1 0 17 0.00 0.0 0 2.7 13 270 M M 2 M M
23 90 73 82 1 0 17 0.10 0.0 0 2.4 8 300 M M 4 M M
24 93 71 82 1 0 17 0.03 0.0 0 3.2 7 240 M M 2 M M
25 93 72 83 2 0 18 0.00 0.0 M 3.1 10 300 M M 2 13 18 70
26 92 73 83 2 0 18 0.02 0.0 0 3.9 13 280 M M 2 13 M M
27 92 72 82 1 0 17 0.78 0.0 0 2.8 7 90 M M 4 13 27 360
28 91 73 82 1 0 17 0.01 M M 3.8 14 350 M M 7 1 23 350
29 90 73 82 1 0 17 0.00 0.0 0 2.9 7 140 M M 3 M M
30 90 74 82 1 0 17 0.50 0.0 0 2.5 12 240 M M 4 13 M M
31 91 73 82 1 0 17 2.14 0.0 0 4.6 12 20 M M 4 13 18 210
================================================================================
SM 2856 2242 0 541 8.36 0.0 103.0 M 85
================================================================================
AV 92.1 72.3 3.3 FASTST M M 3 MAX(MPH)
MISC ----> 16 200 # 27 120
================================================================================
NOTES:
# LAST OF SEVERAL OCCURRENCES
COLUMN 17 PEAK WIND IN M.P.H.
PRELIMINARY LOCAL CLIMATOLOGICAL DATA (WS FORM: F-6) , PAGE 2
STATION: CROSS CITY
MONTH: AUGUST
YEAR: 2022
LATITUDE: 29 37 N
LONGITUDE: 83 6 W
[TEMPERATURE DATA] [PRECIPITATION DATA] SYMBOLS USED IN COLUMN 16
AVERAGE MONTHLY: 82.2 TOTAL FOR MONTH: 8.36 1 = FOG OR MIST
DPTR FM NORMAL: 0.8 DPTR FM NORMAL: 0.26 2 = FOG REDUCING VISIBILITY
HIGHEST: 96 ON 5, 7 GRTST 24HR 2.14 ON 31-31 TO 1/4 MILE OR LESS
LOWEST: 69 ON 15 3 = THUNDER
SNOW, ICE PELLETS, HAIL 4 = ICE PELLETS
TOTAL MONTH: 0.0 INCH 5 = HAIL
GRTST 24HR 0.0 6 = FREEZING RAIN OR DRIZZLE
GRTST DEPTH: 0 7 = DUSTSTORM OR SANDSTORM:
VSBY 1/2 MILE OR LESS
8 = SMOKE OR HAZE
[NO. OF DAYS WITH] [WEATHER - DAYS WITH] 9 = BLOWING SNOW
X = TORNADO
MAX 32 OR BELOW: 0 0.01 INCH OR MORE: 16
MAX 90 OR ABOVE: 29 0.10 INCH OR MORE: 12
MIN 32 OR BELOW: 0 0.50 INCH OR MORE: 6
MIN 0 OR BELOW: 0 1.00 INCH OR MORE: 2
[HDD (BASE 65) ]
TOTAL THIS MO. 0 CLEAR (SCALE 0-3) 22
DPTR FM NORMAL 0 PTCLDY (SCALE 4-7) 9
TOTAL FM JUL 1 0 CLOUDY (SCALE 8-10) 0
DPTR FM NORMAL 0
[CDD (BASE 65) ]
TOTAL THIS MO. 541
DPTR FM NORMAL 33 [PRESSURE DATA]
TOTAL FM JAN 1 2268 HIGHEST SLP M ON M
DPTR FM NORMAL 290 LOWEST SLP M ON M
[REMARKS]
#FINAL-08-22#