000
CXUS52 KCAE 041416
CF6CUB
PRELIMINARY LOCAL CLIMATOLOGICAL DATA (WS FORM: F-6)
STATION: HAMILTON - OWENS AIRPORT SC
MONTH: MARCH
YEAR: 2024
LATITUDE: 33 58 N
LONGITUDE: 80 59 W
TEMPERATURE IN F: :PCPN: SNOW: WIND :SUNSHINE: SKY :PK WND
================================================================================
1 2 3 4 5 6A 6B 7 8 9 10 11 12 13 14 15 16 17 18
12Z AVG MX 2MIN
DY MAX MIN AVG DEP HDD CDD WTR SNW DPTH SPD SPD DIR MIN PSBL S-S WX SPD DR
================================================================================
1 49 43 46 -7 19 0 2.40 M M 3.0 12 300 M M 9 1 18 290
2 69 46 58 4 7 0 0.01 M M 1.8 9 310 M M 7 1 14 310
3 67 50 59 5 6 0 0.00 M M 1.0 7 350 M M 7 12 10 360
4 75 46 61 7 4 0 0.00 0.0 0 2.6 M 12 M M 0 M 16
5 75 46 61 7 4 0 0.03 M M 2.0 12 160 M M 2 8 16 160
6 72 58 65 11 0 0 2.02 M M 3.4 10 210 M M 10 13 17 220
7 74 55 65 10 0 0 0.00 M M 1.7 8 140 M M 7 14 130
8 67 52 60 5 5 0 0.05 M M 2.4 10 130 M M 5 17 110
9 76 54 65 10 0 0 0.43 0.0 0 9.0 21 230 M M 8 1 29 240
10 66 49 58 2 7 0 0.00 M M 9.9 20 270 M M 0 30 320
11 65 35 50 -6 15 0 0.00 M M 2.7 12 260 M M 0 19 340
12 75 39 57 1 8 0 0.00 M M 2.8 12 270 M M 0 20 210
13 78 43 61 5 4 0 0.00 M M 2.9 18 260 M M 0 8 24 270
14 83 45 64 7 1 0 0.00 M M 2.5 13 190 M M 1 18 17 190
15 74 53 64 7 1 0 0.22 M M 4.5 14 260 M M 2 13 20 250
16 80 55 68 11 0 3 T M M 3.3 12 270 M M 4 12 17 280
17 73 49 61 4 4 0 T M M 6.1 18 260 M M 2 26 270
18 65 46 56 -2 9 0 0.00 M M 7.5 21 290 M M 3 37 310
19 61 35 48 -10 17 0 0.00 M M 6.4 16 260 M M 0 25 250
20 76 40 58 0 7 0 0.00 M M 4.9 16 260 M M 0 23 260
21 76 45 61 3 4 0 0.00 M M 2.6 10 160 M M 0 16 160
22 67 55 61 2 4 0 0.38 M M 3.4 7 99 M M 8 1 M M
23 68 54 61 2 4 0 0.04 M M 5.3 14 320 M M 8 1 29 310
24 62 42 52 -7 13 0 0.00 M M 5.5 13 20 M M 0 26 30
25 65 39 52 -8 13 0 0.00 M M 3.6 14 70 M M 4 8 23 70
26 72 53 63 3 2 0 0.03 M M 4.1 14 150 M M 9 3 24 160
27 70 56 63 3 2 0 1.28 0.0 0 4.4 12 310 M M 10 13 19 320
28 71 52 62 2 3 0 0.05 0.0 0 5.2 14 300 M M 6 3 26 300
29 72 39 56 -5 9 0 0.00 M M 4.3 18 270 M M 0 28 300
30 79 46 63 2 2 0 0.00 M M 5.7 18 250 M M 0 27 220
31 82 51 67 6 0 2 0.00 M M 5.2 17 270 M M 0 24 190
================================================================================
SM 2204 1471 174 5 6.94 0.0 129.7 M 112
================================================================================
AV 71.1 47.5 4.2 FASTST M M 4 MAX(MPH)
MISC ----> # 21 230 37 310
================================================================================
NOTES:
# LAST OF SEVERAL OCCURRENCES
COLUMN 17 PEAK WIND IN M.P.H.
PRELIMINARY LOCAL CLIMATOLOGICAL DATA (WS FORM: F-6) , PAGE 2
STATION: HAMILTON - OWENS AIRPORT SC
MONTH: MARCH
YEAR: 2024
LATITUDE: 33 58 N
LONGITUDE: 80 59 W
[TEMPERATURE DATA] [PRECIPITATION DATA] SYMBOLS USED IN COLUMN 16
AVERAGE MONTHLY: 59.3 TOTAL FOR MONTH: 6.94 1 = FOG OR MIST
DPTR FM NORMAL: 2.1 DPTR FM NORMAL: 3.46 2 = FOG REDUCING VISIBILITY
HIGHEST: 83 ON 14 GRTST 24HR 2.41 ON 1- 2 TO 1/4 MILE OR LESS
LOWEST: 35 ON 19,11 3 = THUNDER
SNOW, ICE PELLETS, HAIL 4 = ICE PELLETS
TOTAL MONTH: 0.0 INCH 5 = HAIL
GRTST 24HR 0.0 6 = FREEZING RAIN OR DRIZZLE
GRTST DEPTH: 0 7 = DUSTSTORM OR SANDSTORM:
VSBY 1/2 MILE OR LESS
8 = SMOKE OR HAZE
[NO. OF DAYS WITH] [WEATHER - DAYS WITH] 9 = BLOWING SNOW
X = TORNADO
MAX 32 OR BELOW: 0 0.01 INCH OR MORE: 12
MAX 90 OR ABOVE: 0 0.10 INCH OR MORE: 6
MIN 32 OR BELOW: 0 0.50 INCH OR MORE: 3
MIN 0 OR BELOW: 0 1.00 INCH OR MORE: 3
[HDD (BASE 65) ]
TOTAL THIS MO. 174 CLEAR (SCALE 0-3) 17
DPTR FM NORMAL -92 PTCLDY (SCALE 4-7) 10
TOTAL FM JUL 1 1878 CLOUDY (SCALE 8-10) 4
DPTR FM NORMAL -236
[CDD (BASE 65) ]
TOTAL THIS MO. 5
DPTR FM NORMAL -20 [PRESSURE DATA]
TOTAL FM JAN 1 14 HIGHEST SLP 30.45 ON 1
DPTR FM NORMAL -19 LOWEST SLP 29.66 ON 23
[REMARKS]
#FINAL-03-24#