000
CXUS53 KUNR 011549
CLMCUT
CLIMATE REPORT
NATIONAL WEATHER SERVICE RAPID CITY SD
849 AM MST MON JAN 01 2024
...................................
...THE CUSTER COUNTY AIRPORT SD CLIMATE SUMMARY FOR THE MONTH OF DECEMBER 2023...
CLIMATE NORMAL PERIOD 1991 TO 2020
CLIMATE RECORD PERIOD 9999 TO 9999
WEATHER OBSERVED NORMAL DEPART LAST YEAR`S
VALUE DATE(S) VALUE FROM VALUE DATE(S)
NORMAL
................................................................
TEMPERATURE (F)
HIGHEST 62 12/06 51 12/11
LOWEST 11 12/31 -33 12/22
AVG. MAXIMUM 43.1 34.9 8.2 32.4
AVG. MINIMUM 22.4 15.5 6.9 11.3
MEAN 32.7 25.2 7.5 21.9
DAYS MAX >= 90 0 0
DAYS MAX <= 32 5 12
DAYS MIN <= 32 30 30
DAYS MIN <= 0 0 5
PRECIPITATION (INCHES)
TOTALS 0.32 0.48 -0.16 0.31
DAILY AVG. 0.01 0.02 -0.01 0.01
DAYS >= .01 5 4
DAYS >= .10 1 2
DAYS >= .50 0 0
DAYS >= 1.00 0 0
GREATEST
24 HR. TOTAL 0.27 12/25 TO 12/26 0.14
DEGREE DAYS
HEATING TOTAL 994 1234 -240 1328
SINCE 7/1 2836 3306 -470 MM
COOLING TOTAL 0 0 0 0
SINCE 1/1 203 209 -6 MM
................................................................
WIND (MPH)
AVERAGE WIND SPEED 6.8
HIGHEST WIND SPEED/DIRECTION 30/350 DATE 12/25
HIGHEST GUST SPEED/DIRECTION 63/360 DATE 12/25
AVERAGE RH (PERCENT) 55
WEATHER CONDITIONS. NUMBER OF DAYS WITH
THUNDERSTORM 0 MIXED PRECIP 0
HEAVY RAIN 0 RAIN 0
LIGHT RAIN 1 FREEZING RAIN 0
LT FREEZING RAIN 0 HAIL 0
HEAVY SNOW 0 SNOW 1
LIGHT SNOW 4 SLEET 0
FOG 5 FOG W/VIS <= 1/4 MILE 0
HAZE 1
- INDICATES NEGATIVE NUMBERS.
R INDICATES RECORD WAS SET OR TIED.
MM INDICATES DATA IS MISSING.
T INDICATES TRACE AMOUNT.
$$