000
CXUS55 KCYS 040934
CF6CYS
PRELIMINARY LOCAL CLIMATOLOGICAL DATA (WS FORM: F-6)
STATION: CHEYENNE WYOMING AIRPORT
MONTH: MARCH
YEAR: 2020
LATITUDE: 41 9 N
LONGITUDE: 104 49 W
TEMPERATURE IN F: :PCPN: SNOW: WIND :SUNSHINE: SKY :PK WND
================================================================================
1 2 3 4 5 6A 6B 7 8 9 10 11 12 13 14 15 16 17 18
12Z AVG MX 2MIN
DY MAX MIN AVG DEP HDD CDD WTR SNW DPTH SPD SPD DIR MIN PSBL S-S WX SPD DR
================================================================================
1 37 21 29 -3 36 0 0.12 1.7 0 9.9 18 20 M M 7 12 25 360
2 39 15 27 -6 38 0 T T T 17.6 37 280 M M 3 1 47 290
3 51 28 40 7 25 0 0.00 0.0 T 17.0 41 280 M M 0 53 290
4 58 28 43 10 22 0 0.00 0.0 0 20.2 35 280 M M 0 46 280
5 48 22 35 1 30 0 0.00 0.0 0 9.0 24 10 M M 2 32 360
6 64 26 45 11 20 0 0.00 0.0 0 9.2 24 260 M M 0 36 260
7 63 31 47 13 18 0 0.00 0.0 0 9.9 28 260 M M 0 39 240
8 61 32 47 13 18 0 0.21 T 0 8.7 22 360 M M 6 12 32 350
9 54 30 42 8 23 0 T T 0 9.8 29 280 M M 4 12 39 270
10 54 30 42 7 23 0 0.00 0.0 0 15.4 37 280 M M 1 50 280
11 58 38 48 13 17 0 0.00 0.0 0 22.5 45 270 M M 0 60 250
12 46 26 36 1 29 0 0.00 0.0 0 11.6 29 360 M M 7 1 41 20
13 29 24 27 -9 38 0 0.08 0.9 0 18.7 32 160 M M 10 126 47 160
14 30 24 27 -9 38 0 0.01 0.1 1 13.8 22 160 M M 10 12 30 150
15 51 27 39 3 26 0 0.00 0.0 1 11.1 23 190 M M 5 128 27 190
16 50 27 39 3 26 0 0.00 0.0 0 8.9 16 160 M M 2 12 25 120
17 48 30 39 3 26 0 T 0.0 0 10.9 21 180 M M 6 126 27 190
18 58 29 44 8 21 0 0.48 T 0 9.2 26 360 M M 3 13 36 10
19 35 19 27 -10 38 0 0.14 1.1 0 17.5 32 360 M M 9 126 47 340
20 20 15 18 -19 47 0 0.02 0.3 1 11.8 23 180 M M 10 1268 31 170
21 49 12 31 -6 34 0 0.00 0.0 0 10.4 21 170 M M 1 27 170
22 51 30 41 4 24 0 0.00 0.0 0 13.5 31 280 M M 4 46 280
23 54 26 40 2 25 0 0.00 0.0 0 9.6 25 230 M M 3 35 230
24 57 31 44 6 21 0 0.00 0.0 0 16.1 37 260 M M 2 46 260
25 56 31 44 6 21 0 0.00 0.0 0 13.1 31 280 M M 0 43 290
26 57 26 42 4 23 0 0.00 0.0 0 7.2 17 60 M M 5 25 70
27 36 30 33 -5 32 0 0.16 2.8 0 11.4 22 350 M M 10 128 30 350
28 43 28 36 -2 29 0 T 0.0 3 18.6 30 330 M M 4 1 44 310
29 50 28 39 0 26 0 0.00 0.0 0 9.8 21 270 M M 4 33 250
30 55 28 42 3 23 0 0.00 0.0 0 10.1 33 300 M M 5 46 290
31 62 34 48 9 17 0 0.00 0.0 0 14.9 32 280 M M 3 44 280
================================================================================
SM 1524 826 834 0 1.22 6.9 397.4 M 126
================================================================================
AV 49.2 26.7 12.8 FASTST M M 4 MAX(MPH)
MISC ----> # 45 270 # 60 250
================================================================================
NOTES:
# LAST OF SEVERAL OCCURRENCES
COLUMN 17 PEAK WIND IN M.P.H.
PRELIMINARY LOCAL CLIMATOLOGICAL DATA (WS FORM: F-6) , PAGE 2
STATION: CHEYENNE WYOMING AIRPORT
MONTH: MARCH
YEAR: 2020
LATITUDE: 41 9 N
LONGITUDE: 104 49 W
[TEMPERATURE DATA] [PRECIPITATION DATA] SYMBOLS USED IN COLUMN 16
AVERAGE MONTHLY: 37.9 TOTAL FOR MONTH: 1.22 1 = FOG OR MIST
DPTR FM NORMAL: 2.0 DPTR FM NORMAL: 0.17 2 = FOG REDUCING VISIBILITY
HIGHEST: 64 ON 6 GRTST 24HR 0.48 ON 18-18 TO 1/4 MILE OR LESS
LOWEST: 12 ON 21 3 = THUNDER
SNOW, ICE PELLETS, HAIL 4 = ICE PELLETS
TOTAL MONTH: 6.9 INCHES 5 = HAIL
GRTST 24HR 2.8 ON 27-27 6 = FREEZING RAIN OR DRIZZLE
GRTST DEPTH: 3 ON 28 7 = DUSTSTORM OR SANDSTORM:
VSBY 1/2 MILE OR LESS
8 = SMOKE OR HAZE
[NO. OF DAYS WITH] [WEATHER - DAYS WITH] 9 = BLOWING SNOW
X = TORNADO
MAX 32 OR BELOW: 3 0.01 INCH OR MORE: 8
MAX 90 OR ABOVE: 0 0.10 INCH OR MORE: 5
MIN 32 OR BELOW: 29 0.50 INCH OR MORE: 0
MIN 0 OR BELOW: 0 1.00 INCH OR MORE: 0
[HDD (BASE 65) ]
TOTAL THIS MO. 834 CLEAR (SCALE 0-3) 13
DPTR FM NORMAL -67 PTCLDY (SCALE 4-7) 13
TOTAL FM JUL 1 5819 CLOUDY (SCALE 8-10) 5
DPTR FM NORMAL -101
[CDD (BASE 65) ]
TOTAL THIS MO. 0
DPTR FM NORMAL 0 [PRESSURE DATA]
TOTAL FM JAN 1 0 HIGHEST SLP 30.50 ON 20
DPTR FM NORMAL 0 LOWEST SLP 29.55 ON 26
[REMARKS]
#FINAL-03-20#