000
CXUS52 KMLB 011526
CLMDAB
CLIMATE REPORT
NATIONAL WEATHER SERVICE MELBOURNE FL
1126 AM EDT THU JUN 01 2023
...................................
...THE DAYTONA BEACH CLIMATE SUMMARY FOR THE MONTH OF MAY 2023...
CLIMATE NORMAL PERIOD 1991 TO 2020
CLIMATE RECORD PERIOD 1923 TO 2023
WEATHER OBSERVED NORMAL DEPART LAST YEAR`S
VALUE DATE(S) VALUE FROM VALUE
NORMAL
..............................................................
TEMPERATURE (F)
MONTHLY RECORD
HOTTEST 79.0 1995
COLDEST 69.7 1940
DAILY RECORD
HIGH 100 05/26/1953
LOW 40 05/05/1940
MAY 2023
HIGHEST 93 05/17 94
LOWEST 56 05/04 62
AVG. MAXIMUM 84.8 85.0 -0.2 86.5
AVG. MINIMUM 66.8 66.2 0.6 68.8
MEAN 75.8 75.6 0.2 77.7
DAYS MAX >= 90 1 6.6 -5.6 8
DAYS MAX <= 32 0 0.0 0.0 0
DAYS MIN <= 32 0 0.0 0.0 0
DAYS MIN <= 0 0 0.0 0.0 0
PRECIPITATION (INCHES)
MONTHLY RECORD
MAXIMUM 22.33 2009
MINIMUM 0.08 1965
DAILY RECORD
MAXIMUM 6.37 05/20/2009
MAY 2023
TOTALS 4.14 3.69 0.45 2.87
DAYS >= .01 9 7.4 1.6 8
DAYS >= .10 5 4.7 0.3 6
DAYS >= .50 2 2.1 -0.1 3
DAYS >= 1.00 1 1.1 -0.1 0
GREATEST
24 HR. TOTAL 2.56 05/24 TO 05/25
SNOWFALL (INCHES)
TOTALS 0.0 MM MM 0.0
SINCE 7/1 0.0 MM MM MM
DAYS >= TRACE 0 0
DEGREE DAYS
HEATING TOTAL 0 1 -1 0
SINCE 7/1 422 707 -285 MM
COOLING TOTAL 343 330 13 401
SINCE 1/1 997 671 326 MM
..............................................................
WIND (MPH)
AVERAGE WIND SPEED 7.1
HIGHEST WIND SPEED/DIRECTION 28/240 DATE 05/01
HIGHEST GUST SPEED/DIRECTION 38/010 DATE 05/26
SKY COVER
POSSIBLE SUNSHINE (PERCENT) MM
AVERAGE SKY COVER 0.47
NUMBER OF DAYS FAIR 12
NUMBER OF DAYS PC 15
NUMBER OF DAYS CLOUDY 4
AVERAGE RH (PERCENT) 71
WEATHER CONDITIONS. NUMBER OF DAYS WITH
THUNDERSTORM 5 MIXED PRECIP 0
HEAVY RAIN 4 RAIN 8
LIGHT RAIN 10 LT FREEZING RAIN 0
HAIL 0 LIGHT SNOW 0
SLEET 0 FOG 17
FOG W/VIS <= 1/4 MILE 1 HAZE 3
- INDICATES NEGATIVE NUMBERS.
R INDICATES RECORD WAS SET OR TIED.
MM INDICATES DATA IS MISSING.
T INDICATES TRACE AMOUNT.
$$