000
CXUS55 KVEF 010910
CF6DAG
PRELIMINARY LOCAL CLIMATOLOGICAL DATA (WS FORM: F-6)
STATION: BARSTOW-DAGGETT CA
MONTH: NOVEMBER
YEAR: 2021
LATITUDE: 34 51 N
LONGITUDE: 116 47 W
TEMPERATURE IN F: :PCPN: SNOW: WIND :SUNSHINE: SKY :PK WND
================================================================================
1 2 3 4 5 6A 6B 7 8 9 10 11 12 13 14 15 16 17 18
12Z AVG MX 2MIN
DY MAX MIN AVG DEP HDD CDD WTR SNW DPTH SPD SPD DIR MIN PSBL S-S WX SPD DR
================================================================================
1 80 56 68 6 0 3 0.00 0.0 0 10.0 24 260 M M 0 29 280
2 77 54 66 4 0 1 0.00 0.0 0 8.9 18 250 M M 0 20 250
3 82 52 67 6 0 2 0.00 0.0 0 7.4 14 280 M M 0 17 290
4 85 54 70 9 0 5 0.00 0.0 0 10.0 16 270 M M 0 18 270
5 82 51 67 7 0 2 0.00 0.0 0 7.0 16 270 M M 0 17 270
6 84 52 68 8 0 3 0.00 0.0 0 8.6 23 250 M M 0 27 240
7 78 51 65 5 0 0 0.00 0.0 0 9.5 21 270 M M 0 25 270
8 76 48 62 3 3 0 0.00 0.0 0 8.3 20 270 M M 0 21 270
9 78 55 67 8 0 2 0.00 0.0 0 16.7 36 270 M M 1 42 260
10 77 50 64 6 1 0 0.00 0.0 0 10.2 20 290 M M 0 25 280
11 80 52 66 8 0 1 0.00 0.0 0 7.6 17 290 M M 0 19 280
12 81 52 67 9 0 2 0.00 0.0 0 6.4 12 270 M M 0 14 80
13 84 52 68 11 0 3 0.00 0.0 0 7.1 16 280 M M 0 19 270
14 82 51 67 10 0 2 0.00 0.0 0 6.2 14 270 M M 0 16 270
15 85 51 68 12 0 3 0.00 0.0 0 7.8 17 280 M M 0 19 290
16 81 58 70 14 0 5 0.00 0.0 0 11.7 22 270 M M 0 26 270
17 74 49 62 7 3 0 0.00 0.0 0 6.4 17 270 M M 0 19 270
18 74 42 58 3 7 0 0.00 0.0 0 3.8 9 70 M M 0 12 80
19 76 41 59 5 6 0 0.00 0.0 0 4.3 15 260 M M 0 19 270
20 75 49 62 8 3 0 0.00 0.0 0 7.0 14 10 M M 0 16 10
21 71 41 56 2 9 0 0.00 0.0 0 5.5 18 50 M M 0 22 80
22 70 37 54 1 11 0 0.00 0.0 0 5.1 12 70 M M 0 14 90
23 77 50 64 11 1 0 0.00 0.0 0 12.8 29 280 M M 0 38 270
24 65 44 55 3 10 0 0.00 0.0 0 9.0 23 20 M M 0 29 360
25 65 37 51 -1 14 0 0.00 0.0 0 4.9 13 60 M M 0 17 60
26 69 36 53 1 12 0 0.00 0.0 0 7.8 16 290 M M 0 19 280
27 71 39 55 4 10 0 0.00 0.0 0 6.5 17 260 M M 0 20 270
28 75 41 58 7 7 0 0.00 0.0 0 5.7 14 280 M M 0 16 280
29 77 45 61 10 4 0 0.00 0.0 0 7.9 16 270 M M 0 19 280
30 80 45 63 13 2 0 0.00 0.0 M 7.9 17 280 M M 0 19 280
================================================================================
SM 2311 1435 103 34 0.00 0.0 238.0 M 1
================================================================================
AV 77.0 47.8 7.9 FASTST M M 0 MAX(MPH)
MISC ----> 36 270 42 260
================================================================================
NOTES:
# LAST OF SEVERAL OCCURRENCES
COLUMN 17 PEAK WIND IN M.P.H.
PRELIMINARY LOCAL CLIMATOLOGICAL DATA (WS FORM: F-6) , PAGE 2
STATION: BARSTOW-DAGGETT CA
MONTH: NOVEMBER
YEAR: 2021
LATITUDE: 34 51 N
LONGITUDE: 116 47 W
[TEMPERATURE DATA] [PRECIPITATION DATA] SYMBOLS USED IN COLUMN 16
AVERAGE MONTHLY: 62.4 TOTAL FOR MONTH: 0.00 1 = FOG OR MIST
DPTR FM NORMAL: 6.3 DPTR FM NORMAL: -0.32 2 = FOG REDUCING VISIBILITY
HIGHEST: 85 ON 15, 4 GRTST 24HR 0.00 ON 1- 1 TO 1/4 MILE OR LESS
LOWEST: 36 ON 26 3 = THUNDER
SNOW, ICE PELLETS, HAIL 4 = ICE PELLETS
TOTAL MONTH: 0.0 INCH 5 = HAIL
GRTST 24HR 0.0 6 = FREEZING RAIN OR DRIZZLE
GRTST DEPTH: 0 7 = DUSTSTORM OR SANDSTORM:
VSBY 1/2 MILE OR LESS
8 = SMOKE OR HAZE
[NO. OF DAYS WITH] [WEATHER - DAYS WITH] 9 = BLOWING SNOW
X = TORNADO
MAX 32 OR BELOW: 0 0.01 INCH OR MORE: 0
MAX 90 OR ABOVE: 0 0.10 INCH OR MORE: 0
MIN 32 OR BELOW: 0 0.50 INCH OR MORE: 0
MIN 0 OR BELOW: 0 1.00 INCH OR MORE: 0
[HDD (BASE 65) ]
TOTAL THIS MO. 103 CLEAR (SCALE 0-3) 30
DPTR FM NORMAL -175 PTCLDY (SCALE 4-7) 0
TOTAL FM JUL 1 169 CLOUDY (SCALE 8-10) 0
DPTR FM NORMAL -155
[CDD (BASE 65) ]
TOTAL THIS MO. 34
DPTR FM NORMAL 24 [PRESSURE DATA]
TOTAL FM JAN 1 3606 HIGHEST SLP M ON M
DPTR FM NORMAL 478 LOWEST SLP 29.78 ON 23
[REMARKS]
#FINAL-11-21#