136
CXUS55 KVEF 151340
CF6DAG
PRELIMINARY LOCAL CLIMATOLOGICAL DATA (WS FORM: F-6)
STATION: BARSTOW-DAGGETT CA
MONTH: NOVEMBER
YEAR: 2020
LATITUDE: 34 51 N
LONGITUDE: 116 47 W
TEMPERATURE IN F: :PCPN: SNOW: WIND :SUNSHINE: SKY :PK WND
================================================================================
1 2 3 4 5 6A 6B 7 8 9 10 11 12 13 14 15 16 17 18
12Z AVG MX 2MIN
DY MAX MIN AVG DEP HDD CDD WTR SNW DPTH SPD SPD DIR MIN PSBL S-S WX SPD DR
================================================================================
1 84 50 67 5 0 2 0.00 0.0 0 3.7 13 80 M M 0 16 80
2 88 52 70 8 0 5 0.00 0.0 0 7.0 14 280 M M 0 17 90
3 87 53 70 9 0 5 0.00 0.0 0 7.5 15 270 M M 0 17 270
4 87 55 71 10 0 6 0.00 0.0 0 7.9 17 270 M M 0 19 270
5 86 52 69 9 0 4 0.00 0.0 0 7.0 14 290 M M 0 17 270
6 87 56 72 12 0 7 0.00 0.0 0 15.4 35 210 M M 0 42 220
7 58 45 52 -7 13 0 0.03 0.0 0 24.1 41 220 M M 2 52 220
8 58 40 49 -10 16 0 0.00 0.0 0 23.4 45 270 M M 2 51 280
9 57 33 45 -13 20 0 0.00 0.0 0 6.7 14 300 M M 0 16 300
10 61 32 47 -11 18 0 0.00 0.0 0 5.7 16 280 M M 0 8 18 270
11 65 33 49 -9 16 0 0.00 0.0 0 5.0 12 280 M M 0 8 14 280
12 67 35 51 -6 14 0 0.00 0.0 0 4.6 13 300 M M 0 13 290
13 74 39 57 0 8 0 0.00 0.0 0 16.4 39 250 M M 0 47 250
14 72 44 58 2 7 0 0.00 0.0 0 10.2 40 260 M M 0 49 260
15 72 41 57 1 8 0 0.00 0.0 0 4.9 13 290 M M 0 15 280
16 75 39 57 2 8 0 0.00 0.0 0 5.3 15 80 M M 0 17 80
17 80 39 60 5 5 0 0.00 0.0 0 4.8 22 270 M M 0 25 270
18 78 52 65 11 0 0 0.00 0.0 0 15.0 26 270 M M 0 32 270
19 71 47 59 5 6 0 0.00 0.0 0 10.4 22 290 M M 0 28 240
20 70 46 58 4 7 0 0.00 0.0 0 5.9 16 270 M M 0 18 270
21 72 44 58 5 7 0 0.00 0.0 0 6.3 15 280 M M 0 17 280
22 73 44 59 6 6 0 0.00 0.0 0 7.7 17 270 M M 0 20 290
23 71 45 58 6 7 0 0.00 0.0 0 15.5 31 270 M M 0 38 270
24 65 39 52 0 13 0 0.00 0.0 0 6.5 16 250 M M 0 18 250
25 69 35 52 0 13 0 0.00 0.0 0 8.2 26 280 M M 0 33 280
26 61 38 50 -1 15 0 0.00 0.0 0 11.7 20 360 M M 0 31 30
27 59 32 46 -5 19 0 0.00 0.0 0 4.6 9 180 M M 0 12 70
28 62 28 45 -5 20 0 0.00 0.0 0 5.2 12 280 M M 0 13 270
29 66 31 49 -1 16 0 0.00 0.0 0 7.4 16 270 M M 0 18 280
30 66 36 51 1 14 0 0.00 0.0 0 6.6 17 280 M M 0 19 290
================================================================================
SM 2141 1255 276 29 0.03 0.0 270.6 M 4
================================================================================
AV 71.4 41.8 9.0 FASTST M M 0 MAX(MPH)
MISC ----> 45 270 52 220
================================================================================
NOTES:
# LAST OF SEVERAL OCCURRENCES
COLUMN 17 PEAK WIND IN M.P.H.
PRELIMINARY LOCAL CLIMATOLOGICAL DATA (WS FORM: F-6) , PAGE 2
STATION: BARSTOW-DAGGETT CA
MONTH: NOVEMBER
YEAR: 2020
LATITUDE: 34 51 N
LONGITUDE: 116 47 W
[TEMPERATURE DATA] [PRECIPITATION DATA] SYMBOLS USED IN COLUMN 16
AVERAGE MONTHLY: 56.6 TOTAL FOR MONTH: 0.03 1 = FOG OR MIST
DPTR FM NORMAL: 0.9 DPTR FM NORMAL: -0.31 2 = FOG REDUCING VISIBILITY
HIGHEST: 88 ON 2 GRTST 24HR 0.03 ON 7- 7 TO 1/4 MILE OR LESS
LOWEST: 28 ON 28 3 = THUNDER
SNOW, ICE PELLETS, HAIL 4 = ICE PELLETS
TOTAL MONTH: 0.0 INCH 5 = HAIL
GRTST 24HR 0.0 6 = FREEZING RAIN OR DRIZZLE
GRTST DEPTH: 0 7 = DUSTSTORM OR SANDSTORM:
VSBY 1/2 MILE OR LESS
8 = SMOKE OR HAZE
[NO. OF DAYS WITH] [WEATHER - DAYS WITH] 9 = BLOWING SNOW
X = TORNADO
MAX 32 OR BELOW: 0 0.01 INCH OR MORE: 1
MAX 90 OR ABOVE: 0 0.10 INCH OR MORE: 0
MIN 32 OR BELOW: 4 0.50 INCH OR MORE: 0
MIN 0 OR BELOW: 0 1.00 INCH OR MORE: 0
[HDD (BASE 65) ]
TOTAL THIS MO. 276 CLEAR (SCALE 0-3) 30
DPTR FM NORMAL -10 PTCLDY (SCALE 4-7) 0
TOTAL FM JUL 1 300 CLOUDY (SCALE 8-10) 0
DPTR FM NORMAL -37
[CDD (BASE 65) ]
TOTAL THIS MO. 29
DPTR FM NORMAL 22 [PRESSURE DATA]
TOTAL FM JAN 1 3562 HIGHEST SLP 30.33 ON 28
DPTR FM NORMAL 583 LOWEST SLP 29.46 ON 6
[REMARKS]
#FINAL-11-20#