895
CXUS51 KRNK 010734
CLSDAN
CLIMATE REPORT
NATIONAL WEATHER SERVICE BLACKSBURG, VA
334 AM EDT TUE SEP 01 2020
...................................
...THE DANVILLE VA CLIMATE SUMMARY FOR THE SEASON, FROM
6/1/2020 TO 8/31/2020...
CLIMATE NORMAL PERIOD: 1981 TO 2010
CLIMATE RECORD PERIOD: 1916 TO 2020
WEATHER OBSERVED NORMAL DEPART LAST YEAR`S
VALUE DATE(S) VALUE FROM VALUE
NORMAL
..............................................................
TEMPERATURE (F)
RECORD
HIGH 107 08/31/1932
08/06/1918
LOW 40 06/11/1977
HIGHEST 95 07/20 98
07/21
07/27
LOWEST 52 06/02 49
AVG. MAXIMUM 87.4 86.2 1.2 87.4
AVG. MINIMUM 67.5 67.2 0.3 65.5
MEAN 77.5 76.7 0.8 76.4
DAYS MAX >= 90 41 25.6 15.4 44
DAYS MAX <= 32 0 0.0 0.0 0
DAYS MIN <= 32 0 0.0 0.0 0
DAYS MIN <= 0 0 0.0 0.0 0
PRECIPITATION (INCHES)
RECORD
MAXIMUM 22.94 1995
MINIMUM 6.76 2007
TOTALS 15.13 12.41 2.72 12.29
DAYS >= .01 36 29.3 6.7 32
DAYS >= .10 28 19.7 8.3 22
DAYS >= .50 10 8.4 1.6 6
DAYS >= 1.00 4 3.1 0.9 4
GREATEST
24 HR. TOTAL 2.03 1.74
SNOWFALL (INCHES)
TOTALS 0.0 0.0
DAYS >= TRACE 0 0
DAYS >= 1.0 0 0
GREATEST
24 HR TOTAL 0.0 0.0
DEGREE DAYS
HEATING TOTAL 12 3 9 1
COOLING TOTAL 1186 1082 104 1077
..............................................................
WIND (MPH)
AVERAGE WIND SPEED 4.2
RESULTANT WIND SPEED/DIRECTION 0/230
HIGHEST WIND SPEED/DIRECTION 30/200 DATE 08/02
HIGHEST GUST SPEED/DIRECTION 48/220 DATE 08/02
- INDICATES NEGATIVE NUMBERS.
R INDICATES RECORD WAS SET OR TIED.
MM INDICATES DATA IS MISSING.
T INDICATES TRACE AMOUNT.
$$