000
CXUS51 KILN 010851
CF6DAY
PRELIMINARY LOCAL CLIMATOLOGICAL DATA (WS FORM: F-6)
STATION: DAYTON OH
MONTH: MARCH
YEAR: 2023
LATITUDE: 39 54 N
LONGITUDE: 84 12 W
TEMPERATURE IN F: :PCPN: SNOW: WIND :SUNSHINE: SKY :PK WND
================================================================================
1 2 3 4 5 6A 6B 7 8 9 10 11 12 13 14 15 16 17 18
12Z AVG MX 2MIN
DY MAX MIN AVG DEP HDD CDD WTR SNW DPTH SPD SPD DIR MIN PSBL S-S WX SPD DR
================================================================================
1 75 39 57 20 8 0 0.00 0.0 0 11.5 22 320 M M 5 28 200
2 54 39 47 10 18 0 0.00 0.0 0 8.8 20 330 M M 8 24 320
3 51 36 44 6 21 0 2.70 0.0 0 16.2 33 320 M M 10 13 42 220
4 53 36 45 7 20 0 0.01 0.0 0 10.6 24 290 M M 7 1 31 300
5 55 37 46 8 19 0 0.00 0.0 0 6.5 15 120 M M 3 18 19 110
6 73 42 58 19 7 0 0.00 0.0 0 13.4 24 230 M M 6 30 220
7 49 30 40 1 25 0 0.01 0.0 0 14.0 23 30 M M 5 18 31 30
8 50 27 39 0 26 0 0.00 0.0 0 10.4 18 50 M M 5 24 30
9 52 25 39 -1 26 0 0.02 0.0 0 9.7 18 80 M M 6 1 23 150
10 43 35 39 -1 26 0 0.08 0.0 0 14.3 28 270 M M 10 1 38 280
11 45 32 39 -1 26 0 0.00 0.0 0 9.4 16 110 M M 9 1 22 330
12 37 32 35 -6 30 0 0.09 0.9 1 7.8 16 70 M M 10 18 20 70
13 38 29 34 -7 31 0 T 0.1 T 14.9 31 290 M M 9 18 37 280
14 34 25 30 -11 35 0 0.03 0.3 T 13.2 24 320 M M 9 1 31 330
15 49 21 35 -7 30 0 0.00 0.0 0 5.8 13 260 M M 2 17 250
16 62 36 49 7 16 0 T 0.0 0 13.4 23 200 M M 9 29 200
17 58 28 43 1 22 0 0.15 0.0 0 18.8 31 210 M M 9 1 43 210
18 30 19 25 -18 40 0 T T 0 18.1 35 280 M M 7 9 44 280
19 37 15 26 -17 39 0 0.00 0.0 0 11.4 20 270 M M 2 25 260
20 50 22 36 -7 29 0 0.00 0.0 0 12.6 21 190 M M 2 27 190
21 59 34 47 3 18 0 0.02 0.0 0 12.4 25 190 M M 7 37 230
22 53 43 48 4 17 0 0.05 0.0 0 13.3 23 190 M M 10 18 28 200
23 70 47 59 15 6 0 0.53 0.0 0 15.2 25 200 M M 10 123 34 200
24 48 39 44 -1 21 0 1.41 0.0 0 11.7 18 50 M M 10 1 24 80
25 59 35 47 2 18 0 0.92 0.0 0 20.0 46 240 M M 8 12 57 240
26 62 33 48 2 17 0 0.00 0.0 0 7.4 14 190 M M 2 19 190
27 58 39 49 3 16 0 0.24 0.0 0 9.8 18 290 M M 10 1 24 180
28 51 34 43 -3 22 0 0.00 0.0 0 5.3 18 20 M M 6 128 23 10
29 55 31 43 -4 22 0 T 0.0 0 12.5 26 270 M M 4 34 250
30 59 26 43 -4 22 0 0.00 0.0 0 7.5 15 150 M M 2 18 150
31 63 45 54 6 11 0 0.46 0.0 0 17.5 31 190 M M 10 13 41 190
================================================================================
SM 1632 1011 684 0 6.72 1.3 373.4 M 212
================================================================================
AV 52.6 32.6 12.0 FASTST M M 7 MAX(MPH)
MISC ----> 46 240 57 240
================================================================================
NOTES:
# LAST OF SEVERAL OCCURRENCES
COLUMN 17 PEAK WIND IN M.P.H.
PRELIMINARY LOCAL CLIMATOLOGICAL DATA (WS FORM: F-6) , PAGE 2
STATION: DAYTON OH
MONTH: MARCH
YEAR: 2023
LATITUDE: 39 54 N
LONGITUDE: 84 12 W
[TEMPERATURE DATA] [PRECIPITATION DATA] SYMBOLS USED IN COLUMN 16
AVERAGE MONTHLY: 42.6 TOTAL FOR MONTH: 6.72 1 = FOG OR MIST
DPTR FM NORMAL: 0.5 DPTR FM NORMAL: 3.22 2 = FOG REDUCING VISIBILITY
HIGHEST: 75 ON 1 GRTST 24HR 2.71 ON 3- 4 TO 1/4 MILE OR LESS
LOWEST: 15 ON 19 3 = THUNDER
SNOW, ICE PELLETS, HAIL 4 = ICE PELLETS
TOTAL MONTH: 1.3 INCHES 5 = HAIL
GRTST 24HR 0.9 ON 12-12 6 = FREEZING RAIN OR DRIZZLE
GRTST DEPTH: 1 ON 12 7 = DUSTSTORM OR SANDSTORM:
VSBY 1/2 MILE OR LESS
8 = SMOKE OR HAZE
[NO. OF DAYS WITH] [WEATHER - DAYS WITH] 9 = BLOWING SNOW
X = TORNADO
MAX 32 OR BELOW: 1 0.01 INCH OR MORE: 15
MAX 90 OR ABOVE: 0 0.10 INCH OR MORE: 7
MIN 32 OR BELOW: 14 0.50 INCH OR MORE: 4
MIN 0 OR BELOW: 0 1.00 INCH OR MORE: 2
[HDD (BASE 65) ]
TOTAL THIS MO. 684 CLEAR (SCALE 0-3) 5
DPTR FM NORMAL -28 PTCLDY (SCALE 4-7) 13
TOTAL FM JUL 1 4109 CLOUDY (SCALE 8-10) 13
DPTR FM NORMAL -547
[CDD (BASE 65) ]
TOTAL THIS MO. 0
DPTR FM NORMAL -2 [PRESSURE DATA]
TOTAL FM JAN 1 0 HIGHEST SLP 30.54 ON 8
DPTR FM NORMAL -2 LOWEST SLP 28.90 ON 3
[REMARKS]
#FINAL-03-23#