000
CXUS55 KDVN 011100
CF6DBQ
PRELIMINARY LOCAL CLIMATOLOGICAL DATA (WS FORM: F-6)
STATION: DUBUQUE IA
MONTH: NOVEMBER
YEAR: 2020
LATITUDE: 42 24 N
LONGITUDE: 90 42 W
TEMPERATURE IN F: :PCPN: SNOW: WIND :SUNSHINE: SKY :PK WND
================================================================================
1 2 3 4 5 6A 6B 7 8 9 10 11 12 13 14 15 16 17 18
12Z AVG MX 2MIN
DY MAX MIN AVG DEP HDD CDD WTR SNW DPTH SPD SPD DIR MIN PSBL S-S WX SPD DR
================================================================================
1 42 22 32 -12 33 0 0.00 0.0 0 16.1 36 300 M M 2 48 310
2 55 18 37 -7 28 0 0.00 0.0 0 10.1 25 230 M M 0 35 240
3 69 30 50 7 15 0 0.00 0.0 0 10.7 21 210 M M 0 26 190
4 68 43 56 13 9 0 0.00 0.0 0 10.6 18 200 M M 0 25 200
5 70 42 56 14 9 0 0.00 0.0 0 6.0 12 220 M M 0 15 220
6 71 40 56 14 9 0 0.00 0.0 0 9.8 20 200 M M 0 1 27 200
7 70 50 60 19 5 0 0.00 0.0 0 14.8 22 190 M M 0 30 200
8 73 51 62 21 3 0 0.00 0.0 0 15.2 25 190 M M 3 31 190
9 72 61 67 27 0 2 0.00 0.0 0 17.6 29 190 M M 6 37 190
10 64 31 48 8 17 0 1.67 0.0 0 16.9 37 240 M M 10 13 50 240
11 43 29 36 -3 29 0 0.00 0.0 0 10.7 22 290 M M 4 31 300
12 52 27 40 1 25 0 T 0.0 0 8.3 23 320 M M 5 1 32 310
13 36 20 28 -10 37 0 T T 0 10.2 23 320 M M 0 4 30 330
14 50 26 38 0 27 0 0.25 0.0 0 17.5 26 150 M M 7 138 33 160
15 50 29 40 3 25 0 0.05 T 0 21.4 37 280 M M 8 1 52 270
16 49 25 37 1 28 0 0.00 0.0 0 13.6 30 320 M M 3 39 320
17 40 23 32 -4 33 0 0.00 0.0 0 7.6 17 320 M M 4 26 320
18 52 29 41 6 24 0 0.00 0.0 0 20.5 32 170 M M 0 43 180
19 66 43 55 20 10 0 0.00 0.0 0 15.6 26 220 M M 0 35 220
20 53 34 44 10 21 0 0.00 0.0 0 9.5 20 340 M M 1 23 330
21 42 25 34 0 31 0 0.00 0.0 0 4.7 9 30 M M 0 1 12 360
22 45 24 35 2 30 0 0.00 0.0 0 6.8 17 240 M M 4 18 23 230
23 41 26 34 1 31 0 0.00 0.0 0 5.3 14 310 M M 2 20 320
24 42 32 37 5 28 0 0.50 2.4 2 11.6 22 150 M M 10 12 29 130
25 41 37 39 7 26 0 0.42 0.0 0 9.2 17 40 M M 10 12 24 40
26 45 29 37 6 28 0 0.00 0.0 0 8.2 22 200 M M 7 1 28 210
27 42 25 34 4 31 0 0.00 0.0 0 8.3 20 320 M M 4 1 24 310
28 51 24 38 8 27 0 0.00 0.0 0 10.4 20 220 M M 0 26 210
29 42 29 36 7 29 0 T T 0 12.7 28 330 M M 4 37 340
30 32 18 25 -4 40 0 T T 0 13.2 23 360 M M 7 30 340
================================================================================
SM 1568 942 688 2 2.89 2.4 353.1 M 101
================================================================================
AV 52.3 31.4 11.8 FASTST M M 3 MAX(MPH)
MISC ----> # 37 240 52 270
================================================================================
NOTES:
# LAST OF SEVERAL OCCURRENCES
COLUMN 17 PEAK WIND IN M.P.H.
PRELIMINARY LOCAL CLIMATOLOGICAL DATA (WS FORM: F-6) , PAGE 2
STATION: DUBUQUE IA
MONTH: NOVEMBER
YEAR: 2020
LATITUDE: 42 24 N
LONGITUDE: 90 42 W
[TEMPERATURE DATA] [PRECIPITATION DATA] SYMBOLS USED IN COLUMN 16
AVERAGE MONTHLY: 41.8 TOTAL FOR MONTH: 2.89 1 = FOG OR MIST
DPTR FM NORMAL: 5.1 DPTR FM NORMAL: 0.54 2 = FOG REDUCING VISIBILITY
HIGHEST: 73 ON 8 GRTST 24HR 1.67 ON 10-10 TO 1/4 MILE OR LESS
LOWEST: 18 ON 30, 2 3 = THUNDER
SNOW, ICE PELLETS, HAIL 4 = ICE PELLETS
TOTAL MONTH: 2.4 INCHES 5 = HAIL
GRTST 24HR 2.4 ON 24-24 6 = FREEZING RAIN OR DRIZZLE
GRTST DEPTH: 2 ON 24 7 = DUSTSTORM OR SANDSTORM:
VSBY 1/2 MILE OR LESS
8 = SMOKE OR HAZE
[NO. OF DAYS WITH] [WEATHER - DAYS WITH] 9 = BLOWING SNOW
X = TORNADO
MAX 32 OR BELOW: 1 0.01 INCH OR MORE: 5
MAX 90 OR ABOVE: 0 0.10 INCH OR MORE: 4
MIN 32 OR BELOW: 21 0.50 INCH OR MORE: 2
MIN 0 OR BELOW: 0 1.00 INCH OR MORE: 1
[HDD (BASE 65) ]
TOTAL THIS MO. 688 CLEAR (SCALE 0-3) 15
DPTR FM NORMAL -163 PTCLDY (SCALE 4-7) 11
TOTAL FM JUL 1 1434 CLOUDY (SCALE 8-10) 4
DPTR FM NORMAL -65
[CDD (BASE 65) ]
TOTAL THIS MO. 2
DPTR FM NORMAL 2 [PRESSURE DATA]
TOTAL FM JAN 1 756 HIGHEST SLP 30.61 ON 21
DPTR FM NORMAL 113 LOWEST SLP 29.30 ON 15
[REMARKS]
#FINAL-11-20#