000
CXUS53 KDVN 011112
CLSDBQ
CLIMATE REPORT
NATIONAL WEATHER SERVICE QUAD CITIES IA IL
612 AM CDT THU SEP 01 2022
...................................
...THE DUBUQUE IA CLIMATE SUMMARY FOR THE SEASON, FROM
6/1/2022 TO 8/31/2022...
CLIMATE NORMAL PERIOD 1991 TO 2020
CLIMATE RECORD PERIOD 1873 TO 2022
WEATHER OBSERVED NORMAL DEPART LAST YEAR`S
VALUE DATE(S) VALUE FROM VALUE
NORMAL
..............................................................
TEMPERATURE (F)
RECORD
HIGH 110 07/14/1936
LOW 36 06/11/1972
HIGHEST 96 06/21 82 14
LOWEST 50 06/03 54 -4
AVG. MAXIMUM 81.2 79.8 1.4
AVG. MINIMUM 61.5 60.2 1.3
MEAN 71.4 70.0 1.4
DAYS MAX >= 90 7 5.5 1.5
DAYS MAX <= 32 0 0.0 0.0
DAYS MIN <= 32 0 0.0 0.0
DAYS MIN <= 0 0 0.0 0.0
PRECIPITATION (INCHES)
TOTALS 13.24 13.94 -0.70
DAILY AVG. 0.14 0.15 -0.01
DAYS >= .01 31 30.9 0.1
DAYS >= .10 21
DAYS >= .50 9
DAYS >= 1.00 3 3.9 -0.9
GREATEST
24 HR. TOTAL 3.08 08/07 TO 08/08
SNOWFALL (INCHES)
TOTALS 0.0 0.0 0.0
SINCE 7/1 0.0 0.0 0.0
SNOWDEPTH AVG. 0
DAYS >= TRACE 0 0.0 0.0
DAYS >= 1.0 0 0.0 0.0
GREATEST
SNOW DEPTH 0
24 HR TOTAL 0.0
DEGREE DAYS
HEATING TOTAL 15 62 -47
SINCE 7/1 3 21 -18
COOLING TOTAL 626 527 99
SINCE 1/1 739 567 172
..............................................................
WIND (MPH)
AVERAGE WIND SPEED 8.2
HIGHEST WIND SPEED/DIRECTION 47/230 DATE 07/23
HIGHEST GUST SPEED/DIRECTION 66/260 DATE 07/23
SKY COVER
POSSIBLE SUNSHINE (PERCENT) MM
AVERAGE SKY COVER 0.27
NUMBER OF DAYS FAIR 64
NUMBER OF DAYS PC 19
NUMBER OF DAYS CLOUDY 8
AVERAGE RH (PERCENT) 74
WEATHER CONDITIONS. NUMBER OF DAYS WITH
THUNDERSTORM 18 HAIL 0
SLEET 0 FOG 38
FOG W/VIS <= 1/4 MILE 7 HAZE 3
- INDICATES NEGATIVE NUMBERS.
R INDICATES RECORD WAS SET OR TIED.
MM INDICATES DATA IS MISSING.
T INDICATES TRACE AMOUNT.
$$
GROSS