000
CXUS54 KHUN 042047
CF6DCU
PRELIMINARY LOCAL CLIMATOLOGICAL DATA (WS FORM: F-6)
STATION: DECATUR
MONTH: APRIL
YEAR: 2020
LATITUDE: 34 39 N
LONGITUDE: 86 56 W
TEMPERATURE IN F: :PCPN: SNOW: WIND :SUNSHINE: SKY :PK WND
================================================================================
1 2 3 4 5 6A 6B 7 8 9 10 11 12 13 14 15 16 17 18
12Z AVG MX 2MIN
DY MAX MIN AVG DEP HDD CDD WTR SNW DPTH SPD SPD DIR MIN PSBL S-S WX SPD DR
================================================================================
1 61 39 50 -7 15 0 0.00 0.0 0 6.6 15 10 M M 0 18 10
2 69 38 54 -3 11 0 0.00 0.0 0 2.8 13 60 M M 0 17 20
3 76 42 59 2 6 0 0.00 0.0 0 1.9 8 280 M M 2 11 270
4 77 53 65 7 0 0 0.00 0.0 0 2.8 12 360 M M 3 17 20
5 80 53 67 9 0 2 0.00 0.0 0 4.2 12 280 M M 0 15 270
6 82 51 67 9 0 2 0.00 0.0 0 2.1 9 140 M M 2 14 290
7 73 62 68 10 0 3 0.00 0.0 0 6.9 17 200 M M 7 21 200
8 79 64 72 13 0 7 0.38 0.0 0 5.7 25 360 M M 7 3 38 350
9 70 56 63 4 2 0 0.54 0.0 0 9.6 37 320 M M 2 3 52 320
10 59 39 49 -10 16 0 0.00 0.0 0 9.3 25 350 M M 0 34 360
11 70 36 53 -6 12 0 0.00 0.0 0 4.6 15 180 M M 0 18 180
12 67 52 60 0 5 0 3.26 0.0 0 10.9 24 140 M M 8 3 31 150
13 67 41 54 -6 11 0 T 0.0 0 9.6 31 220 M M 6 41 220
14 57 38 48 -12 17 0 0.00 0.0 0 10.3 24 350 M M 1 30 350
15 60 33 47 -13 18 0 0.00 0.0 0 6.1 18 340 M M 0 25 20
16 67 35 51 -10 14 0 0.00 0.0 0 2.8 10 350 M M 0 13 360
17 76 43 60 -1 5 0 0.11 0.0 0 10.2 24 190 M M 1 1 30 180
18 63 44 54 -7 11 0 0.24 0.0 0 7.1 21 360 M M 5 1 25 360
19 63 46 55 -7 10 0 0.87 0.0 0 4.5 13 150 M M 7 13 15 110
20 70 51 61 -1 4 0 0.11 0.0 0 7.0 22 350 M M 2 1 26 360
21 75 49 62 0 3 0 0.00 0.0 0 9.3 21 290 M M 3 25 310
22 69 43 56 -6 9 0 0.33 0.0 0 5.8 30 130 M M 4 1 39 140
23 69 53 61 -2 4 0 0.63 0.0 0 13.4 28 150 M M 9 13 35 150
24 72 57 65 2 0 0 T 0.0 0 6.0 14 290 M M 5 1 18 280
25 73 54 64 1 1 0 0.06 0.0 0 10.6 26 250 M M 9 1 37 280
26 60 41 51 -13 14 0 0.00 0.0 0 10.7 25 340 M M 7 32 350
27 69 38 54 -10 11 0 T 0.0 0 2.7 10 250 M M 0 1 14 190
28 77 51 64 0 1 0 T 0.0 0 8.4 17 170 M M 2 23 180
29 70 56 63 -1 2 0 0.06 0.0 0 12.8 30 170 M M 6 1 35 160
30 71 47 59 -6 6 0 0.00 0.0 0 9.8 21 300 M M 6 30 280
================================================================================
SM 2091 1405 208 14 6.59 0.0 214.5 M 104
================================================================================
AV 69.7 46.8 7.1 FASTST M M 3 MAX(MPH)
MISC ----> 37 320 52 320
================================================================================
NOTES:
# LAST OF SEVERAL OCCURRENCES
COLUMN 17 PEAK WIND IN M.P.H.
PRELIMINARY LOCAL CLIMATOLOGICAL DATA (WS FORM: F-6) , PAGE 2
STATION: DECATUR
MONTH: APRIL
YEAR: 2020
LATITUDE: 34 39 N
LONGITUDE: 86 56 W
[TEMPERATURE DATA] [PRECIPITATION DATA] SYMBOLS USED IN COLUMN 16
AVERAGE MONTHLY: 58.3 TOTAL FOR MONTH: 6.59 1 = FOG OR MIST
DPTR FM NORMAL: -2.4 DPTR FM NORMAL: 2.06 2 = FOG REDUCING VISIBILITY
HIGHEST: 82 ON 6 GRTST 24HR 3.26 ON 12-12 TO 1/4 MILE OR LESS
LOWEST: 33 ON 15 3 = THUNDER
SNOW, ICE PELLETS, HAIL 4 = ICE PELLETS
TOTAL MONTH: 0.0 INCH 5 = HAIL
GRTST 24HR 0.0 6 = FREEZING RAIN OR DRIZZLE
GRTST DEPTH: 0 7 = DUSTSTORM OR SANDSTORM:
VSBY 1/2 MILE OR LESS
8 = SMOKE OR HAZE
[NO. OF DAYS WITH] [WEATHER - DAYS WITH] 9 = BLOWING SNOW
X = TORNADO
MAX 32 OR BELOW: 0 0.01 INCH OR MORE: 11
MAX 90 OR ABOVE: 0 0.10 INCH OR MORE: 9
MIN 32 OR BELOW: 0 0.50 INCH OR MORE: 4
MIN 0 OR BELOW: 0 1.00 INCH OR MORE: 1
[HDD (BASE 65) ]
TOTAL THIS MO. 208 CLEAR (SCALE 0-3) 17
DPTR FM NORMAL 31 PTCLDY (SCALE 4-7) 11
TOTAL FM JUL 1 2689 CLOUDY (SCALE 8-10) 2
DPTR FM NORMAL -503
[CDD (BASE 65) ]
TOTAL THIS MO. 14
DPTR FM NORMAL -34 [PRESSURE DATA]
TOTAL FM JAN 1 45 HIGHEST SLP 30.34 ON 16
DPTR FM NORMAL -11 LOWEST SLP 29.47 ON 13
[REMARKS]
#FINAL-04-20#