000
CXUS53 KDDC 031610
CF6DDC
PRELIMINARY LOCAL CLIMATOLOGICAL DATA (WS FORM: F-6)
STATION: DODGE CITY KS
MONTH: NOVEMBER
YEAR: 2021
LATITUDE: 37 46 N
LONGITUDE: 99 58 W
TEMPERATURE IN F: :PCPN: SNOW: WIND :SUNSHINE: SKY :PK WND
================================================================================
1 2 3 4 5 6A 6B 7 8 9 10 11 12 13 14 15 16 17 18
12Z AVG MX 2MIN
DY MAX MIN AVG DEP HDD CDD WTR SNW DPTH SPD SPD DIR MIN PSBL S-S WX SPD DR
================================================================================
1 45 32 39 -11 26 0 0.00 0.0 0 10.0 16 90 M M 7 22 80
2 39 34 37 -12 28 0 0.37 T 0 6.4 12 90 M M 10 1 15 80
3 43 35 39 -10 26 0 0.01 0.0 0 6.9 13 210 M M 9 1 17 210
4 62 31 47 -1 18 0 0.00 0.0 0 12.6 17 190 M M 1 1 24 190
5 65 39 52 4 13 0 0.00 0.0 0 14.4 22 190 M M 0 1 29 190
6 72 37 55 7 10 0 0.00 0.0 0 14.5 23 170 M M 0 30 170
7 80 45 63 16 2 0 0.00 0.0 0 12.4 20 210 M M 0 27 190
8 62 40 51 4 14 0 0.00 0.0 0 11.6 25 320 M M 0 1 32 320
9 56 40 48 2 17 0 0.00 0.0 0 7.9 12 340 M M 6 1 17 350
10 65 40 53 7 12 0 T 0.0 0 12.1 24 320 M M 0 18 35 350
11 55 35 45 -1 20 0 0.00 0.0 0 11.9 23 320 M M 2 33 310
12 50 26 38 -7 27 0 T 0.0 0 15.3 37 360 M M 2 48 360
13 65 25 45 0 20 0 0.00 0.0 0 11.3 23 200 M M 0 30 200
14 59 31 45 1 20 0 0.00 0.0 0 10.4 28 10 M M 0 40 10
15 79 40 60 16 5 0 0.00 0.0 0 9.0 16 230 M M 0 8 22 220
16 70 44 57 14 8 0 0.00 0.0 0 10.8 18 360 M M 0 28 350
17 57 24 41 -2 24 0 0.00 0.0 0 20.1 36 10 M M 1 48 10
18 52 16 34 -9 31 0 0.00 0.0 0 10.5 23 180 M M 0 32 180
19 61 36 49 7 16 0 0.00 0.0 0 19.2 32 190 M M 0 43 180
20 54 30 42 0 23 0 0.00 0.0 0 6.6 13 180 M M 0 17 170
21 57 30 44 3 21 0 T 0.0 0 11.5 25 360 M M 2 34 360
22 68 28 48 7 17 0 0.00 0.0 0 8.1 15 310 M M 0 20 290
23 73 35 54 14 11 0 0.00 0.0 0 15.8 31 190 M M 0 40 190
24 57 34 46 6 19 0 0.00 0.0 0 19.5 33 10 M M 1 44 360
25 47 22 35 -5 30 0 0.00 0.0 0 10.4 29 360 M M 0 37 360
26 72 30 51 12 14 0 0.00 0.0 0 10.1 21 220 M M 0 31 220
27 66 32 49 10 16 0 0.00 0.0 0 13.9 29 20 M M 0 37 20
28 60 25 43 4 22 0 0.00 0.0 0 9.0 20 210 M M 0 26 220
29 78 37 58 20 7 0 0.00 0.0 0 7.1 15 280 M M 0 19 280
30 60 33 47 9 18 0 0.00 0.0 0 10.2 24 40 M M 0 32 30
================================================================================
SM 1829 986 535 0 0.38 T 349.5 M 41
================================================================================
AV 61.0 32.9 11.7 FASTST M M 1 MAX(MPH)
MISC ----> 37 360 # 48 10
================================================================================
NOTES:
# LAST OF SEVERAL OCCURRENCES
COLUMN 17 PEAK WIND IN M.P.H.
PRELIMINARY LOCAL CLIMATOLOGICAL DATA (WS FORM: F-6) , PAGE 2
STATION: DODGE CITY KS
MONTH: NOVEMBER
YEAR: 2021
LATITUDE: 37 46 N
LONGITUDE: 99 58 W
[TEMPERATURE DATA] [PRECIPITATION DATA] SYMBOLS USED IN COLUMN 16
AVERAGE MONTHLY: 47.0 TOTAL FOR MONTH: 0.38 1 = FOG OR MIST
DPTR FM NORMAL: 3.3 DPTR FM NORMAL: -0.42 2 = FOG REDUCING VISIBILITY
HIGHEST: 80 ON 7 GRTST 24HR 0.38 ON 2- 3 TO 1/4 MILE OR LESS
LOWEST: 16 ON 18 3 = THUNDER
SNOW, ICE PELLETS, HAIL 4 = ICE PELLETS
TOTAL MONTH: T 5 = HAIL
GRTST 24HR T ON 2- 2 6 = FREEZING RAIN OR DRIZZLE
GRTST DEPTH: 0 7 = DUSTSTORM OR SANDSTORM:
VSBY 1/2 MILE OR LESS
8 = SMOKE OR HAZE
[NO. OF DAYS WITH] [WEATHER - DAYS WITH] 9 = BLOWING SNOW
X = TORNADO
MAX 32 OR BELOW: 0 0.01 INCH OR MORE: 2
MAX 90 OR ABOVE: 0 0.10 INCH OR MORE: 1
MIN 32 OR BELOW: 14 0.50 INCH OR MORE: 0
MIN 0 OR BELOW: 0 1.00 INCH OR MORE: 0
[HDD (BASE 65) ]
TOTAL THIS MO. 535 CLEAR (SCALE 0-3) 26
DPTR FM NORMAL -106 PTCLDY (SCALE 4-7) 2
TOTAL FM JUL 1 748 CLOUDY (SCALE 8-10) 2
DPTR FM NORMAL -234
[CDD (BASE 65) ]
TOTAL THIS MO. 0
DPTR FM NORMAL -1 [PRESSURE DATA]
TOTAL FM JAN 1 1747 HIGHEST SLP 30.60 ON 18
DPTR FM NORMAL 200 LOWEST SLP 29.54 ON 24
[REMARKS]
#FINAL-11-21#