000
CXUS55 KALY 010810
CF6DDH
PRELIMINARY LOCAL CLIMATOLOGICAL DATA (WS FORM: F-6)
STATION: BENNINGTON VT
MONTH: JANUARY
YEAR: 2021
LATITUDE: 42 53 N
LONGITUDE: 73 15 W
TEMPERATURE IN F: :PCPN: SNOW: WIND :SUNSHINE: SKY :PK WND
================================================================================
1 2 3 4 5 6A 6B 7 8 9 10 11 12 13 14 15 16 17 18
12Z AVG MX 2MIN
DY MAX MIN AVG DEP HDD CDD WTR SNW DPTH SPD SPD DIR MIN PSBL S-S WX SPD DR
================================================================================
1 33 18 26 4 39 0 0.22 M M 1.6 12 130 M M 2 168 14 130
2 40 30 35 13 30 0 0.35 M M 5.9 16 270 M M 9 16 24 340
3 33 28 31 9 34 0 0.05 M M 5.1 14 140 M M 8 18 16 150
4 35 30 33 11 32 0 0.02 M M 0.5 5 260 M M 10 18 7 270
5 34 28 31 10 34 0 0.00 M M 2.8 8 320 M M 10 1 12 320
6 29 26 28 7 37 0 0.00 M M 8.3 17 330 M M 10 24 360
7 30 23 27 6 38 0 0.00 M M 8.0 17 340 M M 5 26 340
8 26 15 21 0 44 0 0.00 M M 6.0 13 180 M M 6 16 280
9 30 16 23 2 42 0 0.00 M M 9.0 20 330 M M 5 29 330
10 29 14 22 1 43 0 0.00 M M 4.2 9 270 M M 4 14 330
11 30 20 25 4 40 0 T M M 1.3 10 120 M M 10 128 12 120
12 32 23 28 7 37 0 T M M 1.3 8 280 M M 10 18 12 320
13 35 28 32 11 33 0 T M M 3.2 12 200 M M 10 8 17 200
14 37 24 31 10 34 0 0.00 M M 0.0 3 220 M M 9 18 4 10
15 39 24 32 11 33 0 0.00 M M 8.3 25 120 M M 5 18 37 120
16 42 33 38 17 27 0 0.66 M M 11.0 29 100 M M 10 1 42 110
17 36 32 34 13 31 0 0.02 M M 7.8 17 300 M M 10 30 310
18 35 21 28 7 37 0 0.03 M M 6.2 16 270 M M 9 18 27 300
19 33 12 23 2 42 0 T M M 1.9 10 230 M M 7 1 16 230
20 30 13 22 1 43 0 0.02 M M 6.1 20 280 M M 9 18 28 300
21 32 9 21 0 44 0 0.01 M M 1.9 10 210 M M 7 13 210
22 36 27 32 11 33 0 0.06 M M 5.1 14 270 M M 10 1 20 290
23 27 8 18 -3 47 0 T M M 9.7 22 280 M M 9 8 30 280
24 20 5 13 -8 52 0 0.00 M M 7.5 16 280 M M 0 20 270
25 27 -2 13 -8 52 0 0.00 M M 1.5 9 270 M M 0 12 290
26 30 6 18 -3 47 0 0.17 M M 1.7 15 160 M M 6 12 18 170
27 29 26 28 6 37 0 0.04 M M 3.2 8 270 M M 10 18 13 290
28 26 9 18 -4 47 0 T M M 8.8 18 260 M M 9 8 26 270
29 12 -4 4 -18 61 0 T M M 7.4 16 330 M M 6 8 24 330
30 17 -14 2 -20 63 0 0.00 M M 3.0 12 280 M M 0 17 270
31 18 -10 4 -18 61 0 0.00 M M 0.5 8 200 M M 0 10 200
================================================================================
SM 942 518 1274 0 1.65 M 148.8 M 215
================================================================================
AV 30.4 16.7 4.8 FASTST M M 7 MAX(MPH)
MISC ----> 29 100 42 110
================================================================================
NOTES:
# LAST OF SEVERAL OCCURRENCES
COLUMN 17 PEAK WIND IN M.P.H.
PRELIMINARY LOCAL CLIMATOLOGICAL DATA (WS FORM: F-6) , PAGE 2
STATION: BENNINGTON VT
MONTH: JANUARY
YEAR: 2021
LATITUDE: 42 53 N
LONGITUDE: 73 15 W
[TEMPERATURE DATA] [PRECIPITATION DATA] SYMBOLS USED IN COLUMN 16
AVERAGE MONTHLY: 23.5 TOTAL FOR MONTH: 1.65 1 = FOG OR MIST
DPTR FM NORMAL: 2.4 DPTR FM NORMAL: -1.10 2 = FOG REDUCING VISIBILITY
HIGHEST: 42 ON 16 GRTST 24HR 0.66 ON 16-16 TO 1/4 MILE OR LESS
LOWEST: -14 ON 30 3 = THUNDER
SNOW, ICE PELLETS, HAIL 4 = ICE PELLETS
TOTAL MONTH: M 5 = HAIL
GRTST 24HR M ON M 6 = FREEZING RAIN OR DRIZZLE
GRTST DEPTH: M ON M 7 = DUSTSTORM OR SANDSTORM:
VSBY 1/2 MILE OR LESS
8 = SMOKE OR HAZE
[NO. OF DAYS WITH] [WEATHER - DAYS WITH] 9 = BLOWING SNOW
X = TORNADO
MAX 32 OR BELOW: 18 0.01 INCH OR MORE: 12
MAX 90 OR ABOVE: 0 0.10 INCH OR MORE: 4
MIN 32 OR BELOW: 30 0.50 INCH OR MORE: 1
MIN 0 OR BELOW: 4 1.00 INCH OR MORE: 0
[HDD (BASE 65) ]
TOTAL THIS MO. 1274 CLEAR (SCALE 0-3) 5
DPTR FM NORMAL -85 PTCLDY (SCALE 4-7) 9
TOTAL FM JUL 1 3652 CLOUDY (SCALE 8-10) 17
DPTR FM NORMAL -476
[CDD (BASE 65) ]
TOTAL THIS MO. 0
DPTR FM NORMAL 0 [PRESSURE DATA]
TOTAL FM JAN 1 0 HIGHEST SLP 30.53 ON 1
DPTR FM NORMAL 0 LOWEST SLP 29.28 ON 16
[REMARKS]
#FINAL-01-21#