000
CXUS55 KALY 010710
CF6DDH
PRELIMINARY LOCAL CLIMATOLOGICAL DATA (WS FORM: F-6)
STATION: BENNINGTON VT
MONTH: AUGUST
YEAR: 2020
LATITUDE: 42 53 N
LONGITUDE: 73 15 W
TEMPERATURE IN F: :PCPN: SNOW: WIND :SUNSHINE: SKY :PK WND
================================================================================
1 2 3 4 5 6A 6B 7 8 9 10 11 12 13 14 15 16 17 18
12Z AVG MX 2MIN
DY MAX MIN AVG DEP HDD CDD WTR SNW DPTH SPD SPD DIR MIN PSBL S-S WX SPD DR
================================================================================
1 86 55 71 3 0 6 0.00 M M 1.5 8 130 M M 1 11 280
2 84 66 75 7 0 10 0.13 M M 8.0 30 170 M M 7 3 38 180
3 82 66 74 6 0 9 T M M 6.1 16 280 M M 3 24 230
4 75 67 71 3 0 6 1.40 M M 6.4 32 170 M M 8 18 47 180
5 79 55 67 -1 0 2 T M M 4.6 14 250 M M 4 1 21 300
6 77 53 65 -3 0 0 0.00 M M 1.4 10 200 M M 2 1 13 210
7 77 56 67 -1 0 2 0.02 M M 1.2 9 350 M M 7 12 330
8 84 65 75 7 0 10 0.02 M M 2.0 14 140 M M 5 13 25 90
9 85 60 73 5 0 8 T M M 2.5 9 310 M M 4 1 14 290
10 87 63 75 8 0 10 0.11 M M 3.5 12 280 M M 5 13 16 290
11 89 63 76 9 0 11 0.19 M M 5.0 24 280 M M 2 13 34 280
12 84 61 73 6 0 8 0.00 M M 3.1 10 260 M M 4 12 14 270
13 86 58 72 5 0 7 0.00 M M 1.4 7 70 M M 0 1 10 280
14 84 58 71 4 0 6 0.00 M M 1.3 8 360 M M 4 1 12 360
15 81 54 68 1 0 3 0.00 M M 5.2 18 130 M M 1 1 26 130
16 75 59 67 0 0 2 0.00 M M 4.3 13 140 M M 3 17 100
17 79 52 66 -1 0 1 0.00 M M 2.1 8 290 M M 4 1 14 200
18 78 54 66 0 0 1 0.00 M M 5.1 16 260 M M 4 25 250
19 76 49 63 -3 2 0 0.06 M M 2.2 17 330 M M 3 27 310
20 76 46 61 -5 4 0 0.00 M M 2.4 12 270 M M 1 12 16 260
21 83 50 67 1 0 2 0.00 M M 2.9 13 230 M M 0 20 230
22 82 57 70 4 0 5 0.16 M M 3.2 14 340 M M 3 13 19 330
23 88 57 73 7 0 8 T M M 2.3 14 250 M M 1 1 21 240
24 88 61 75 9 0 10 T M M 2.0 10 270 M M 1 13 15 290
25 80 62 71 6 0 6 0.03 M M 5.7 20 360 M M 3 13 26 10
26 71 52 62 -3 3 0 0.00 M M 6.2 16 280 M M 1 24 280
27 66 49 58 -7 7 0 0.58 M M 0.9 9 360 M M 9 12 11 360
28 73 57 65 0 0 0 0.00 M M 3.2 13 270 M M 6 12 16 230
29 80 57 69 5 0 4 1.27 M M 5.8 16 240 M M 8 138 22 230
30 69 47 58 -6 7 0 0.00 M M 6.6 17 330 M M 4 8 26 320
31 73 43 58 -6 7 0 0.00 M M 1.1 9 190 M M 0 1 15 260
================================================================================
SM 2477 1752 30 137 3.97 M 109.2 M 108
================================================================================
AV 79.9 56.5 3.5 FASTST M M 3 MAX(MPH)
MISC ----> 32 170 47 180
================================================================================
NOTES:
# LAST OF SEVERAL OCCURRENCES
COLUMN 17 PEAK WIND IN M.P.H.
PRELIMINARY LOCAL CLIMATOLOGICAL DATA (WS FORM: F-6) , PAGE 2
STATION: BENNINGTON VT
MONTH: AUGUST
YEAR: 2020
LATITUDE: 42 53 N
LONGITUDE: 73 15 W
[TEMPERATURE DATA] [PRECIPITATION DATA] SYMBOLS USED IN COLUMN 16
AVERAGE MONTHLY: 68.2 TOTAL FOR MONTH: 3.97 1 = FOG OR MIST
DPTR FM NORMAL: 1.8 DPTR FM NORMAL: -0.03 2 = FOG REDUCING VISIBILITY
HIGHEST: 89 ON 11 GRTST 24HR 1.40 ON 4- 4 TO 1/4 MILE OR LESS
LOWEST: 43 ON 31 3 = THUNDER
SNOW, ICE PELLETS, HAIL 4 = ICE PELLETS
TOTAL MONTH: M 5 = HAIL
GRTST 24HR M ON M 6 = FREEZING RAIN OR DRIZZLE
GRTST DEPTH: M ON M 7 = DUSTSTORM OR SANDSTORM:
VSBY 1/2 MILE OR LESS
8 = SMOKE OR HAZE
[NO. OF DAYS WITH] [WEATHER - DAYS WITH] 9 = BLOWING SNOW
X = TORNADO
MAX 32 OR BELOW: 0 0.01 INCH OR MORE: 11
MAX 90 OR ABOVE: 0 0.10 INCH OR MORE: 7
MIN 32 OR BELOW: 0 0.50 INCH OR MORE: 3
MIN 0 OR BELOW: 0 1.00 INCH OR MORE: 2
[HDD (BASE 65) ]
TOTAL THIS MO. 30 CLEAR (SCALE 0-3) 14
DPTR FM NORMAL -18 PTCLDY (SCALE 4-7) 15
TOTAL FM JUL 1 30 CLOUDY (SCALE 8-10) 2
DPTR FM NORMAL -38
[CDD (BASE 65) ]
TOTAL THIS MO. 137
DPTR FM NORMAL 44 [PRESSURE DATA]
TOTAL FM JAN 1 534 HIGHEST SLP M ON M
DPTR FM NORMAL 246 LOWEST SLP 29.39 ON 29
[REMARKS]
#FINAL-08-20#