000
CXUS53 KARX 041208
CF6DEH
PRELIMINARY LOCAL CLIMATOLOGICAL DATA (WS FORM: F-6)
STATION: DECORAH IA
MONTH: APRIL
YEAR: 2022
LATITUDE: 43 16 N
LONGITUDE: 91 44 W
TEMPERATURE IN F: :PCPN: SNOW: WIND :SUNSHINE: SKY :PK WND
================================================================================
1 2 3 4 5 6A 6B 7 8 9 10 11 12 13 14 15 16 17 18
12Z AVG MX 2MIN
DY MAX MIN AVG DEP HDD CDD WTR SNW DPTH SPD SPD DIR MIN PSBL S-S WX SPD DR
================================================================================
1 45 23 34 M 31 0 0.00 0.0 0 4.7 9 230 M M 3 16 320
2 50 32 41 M 24 0 0.41 M M 5.0 15 300 M M 6 1 25 300
3 45 28 37 M 28 0 0.01 M M 7.0 15 160 M M 4 23 150
4 43 32 38 M 27 0 0.00 0.0 0 9.6 20 330 M M 9 1 27 330
5 50 32 41 M 24 0 0.07 0.0 0 12.1 20 150 M M 8 1 33 150
6 41 36 39 M 26 0 0.03 0.0 0 11.7 20 270 M M 9 35 260
7 43 30 37 M 28 0 M M 0 12.6 18 340 M M 9 35 340
8 41 30 36 M 29 0 M M M 13.6 22 340 M M 9 30 340
9 52 28 40 M 25 0 0.00 0.0 0 5.6 15 330 M M 2 17 330
10 63 36 50 M 15 0 0.00 0.0 0 12.7191 M M M 4 39 150
11 59 37 48 M 17 0 0.00 0.0 0 8.0 15 320 M M 4 22 330
12 68 41 55 M 10 0 0.02 0.0 0 13.0 25 160 M M 7 3 46 160
13 57 32 45 M 20 0 0.11 0.0 0 8.9 14 170 M M 9 1 23 300
14 39 27 33 M 32 0 0.00 0.0 0 13.0 23 250 M M 6 43 260
15 37 27 32 M 33 0 0.00 0.0 0 9.6 15 300 M M 2 24 300
16 39 27 33 M 32 0 0.00 0.0 0 9.3 17 340 M M 5 29 320
17 46 23 35 M 30 0 0.00 0.0 0 4.9 13 160 M M 4 20 160
18 36 28 32 M 33 0 0.00 0.0 0 11.7 23 300 M M 10 31 300
19 46 25 36 M 29 0 0.00 0.0 0 5.5 9 320 M M 3 16 320
20 48 41 45 M 20 0 0.26 0.0 0 12.5 24 150 M M 10 1 36 160
21 61 37 49 M 16 0 0.00 0.0 0 7.0 12 300 M M 4 12 21 300
22 55 45 50 M 15 0 0.52 0.0 0 13.2 18 110 M M 10 1 28 120
23 73 54 64 M 1 0 0.06 0.0 0 14.9 21 220 M M 8 1 39 180
24 59 43 51 M 14 0 0.00 0.0 0 14.1 20 260 M M 7 37 220
25 43 32 38 M 27 0 0.00 0.0 0 10.6 16 310 M M 10 25 310
26 43 28 36 M 29 0 0.00 0.0 0 9.9 18 320 M M 7 25 300
27 46 32 39 M 26 0 0.00 0.0 0 11.7 17 90 M M 5 24 90
28 54 36 45 M 20 0 0.00 0.0 0 13.2 21 110 M M 8 31 110
29 61 46 54 M 11 0 0.12 0.0 0 12.9 21 100 M M 10 1 33 110
30 63 46 55 M 10 0 0.24 0.0 0 13.7 21 100 M M 10 1 31 110
================================================================================
SM 1506 1014 682 0 1.85 0.0 312.2 M 202
================================================================================
AV 50.2 33.8 10.4 FASTST M M 7 MAX(MPH)
MISC ----> 191 9999 46 160
================================================================================
NOTES:
# LAST OF SEVERAL OCCURRENCES
COLUMN 17 PEAK WIND IN M.P.H.
PRELIMINARY LOCAL CLIMATOLOGICAL DATA (WS FORM: F-6) , PAGE 2
STATION: DECORAH IA
MONTH: APRIL
YEAR: 2022
LATITUDE: 43 16 N
LONGITUDE: 91 44 W
[TEMPERATURE DATA] [PRECIPITATION DATA] SYMBOLS USED IN COLUMN 16
AVERAGE MONTHLY: 42.0 TOTAL FOR MONTH: 1.85 1 = FOG OR MIST
DPTR FM NORMAL: 0.0 DPTR FM NORMAL: M 2 = FOG REDUCING VISIBILITY
HIGHEST: 73 ON 23 GRTST 24HR 0.52 ON 22-22 TO 1/4 MILE OR LESS
LOWEST: 23 ON 17, 1 3 = THUNDER
SNOW, ICE PELLETS, HAIL 4 = ICE PELLETS
TOTAL MONTH: 0.0 INCH 5 = HAIL
GRTST 24HR 0.0 6 = FREEZING RAIN OR DRIZZLE
GRTST DEPTH: 0 7 = DUSTSTORM OR SANDSTORM:
VSBY 1/2 MILE OR LESS
8 = SMOKE OR HAZE
[NO. OF DAYS WITH] [WEATHER - DAYS WITH] 9 = BLOWING SNOW
X = TORNADO
MAX 32 OR BELOW: 0 0.01 INCH OR MORE: 11
MAX 90 OR ABOVE: 0 0.10 INCH OR MORE: 6
MIN 32 OR BELOW: 18 0.50 INCH OR MORE: 1
MIN 0 OR BELOW: 0 1.00 INCH OR MORE: 0
[HDD (BASE 65) ]
TOTAL THIS MO. 682 CLEAR (SCALE 0-3) 3
DPTR FM NORMAL M PTCLDY (SCALE 4-7) 16
TOTAL FM JUL 1 6830 CLOUDY (SCALE 8-10) 11
DPTR FM NORMAL M
[CDD (BASE 65) ]
TOTAL THIS MO. 0
DPTR FM NORMAL M [PRESSURE DATA]
TOTAL FM JAN 1 0 HIGHEST SLP M ON M
DPTR FM NORMAL M LOWEST SLP M ON M
[REMARKS]
#FINAL-04-22#