000
CXUS53 KARX 010930
CF6DEH
PRELIMINARY LOCAL CLIMATOLOGICAL DATA (WS FORM: F-6)
STATION: DECORAH IA
MONTH: MAY
YEAR: 2020
LATITUDE: 43 16 N
LONGITUDE: 91 44 W
TEMPERATURE IN F: :PCPN: SNOW: WIND :SUNSHINE: SKY :PK WND
================================================================================
1 2 3 4 5 6A 6B 7 8 9 10 11 12 13 14 15 16 17 18
12Z AVG MX 2MIN
DY MAX MIN AVG DEP HDD CDD WTR SNW DPTH SPD SPD DIR MIN PSBL S-S WX SPD DR
================================================================================
1 73 45 59 M 6 0 0.00 0.0 0 11.2 22 160 M M 0 28 160
2 73 55 64 M 1 0 0.00 0.0 0 8.5 15 300 M M 1 25 310
3 73 46 60 M 5 0 0.00 0.0 0 8.4 20 330 M M 0 30 330
4 57 39 48 M 17 0 0.00 0.0 0 8.2 16 90 M M 2 18 120
5 48 37 43 M 22 0 M 0.0 0 6.9 13 80 M M 7 1 14 99
6 63 39 51 M 14 0 0.00 0.0 0 7.3 14 330 M M 2 1 20 310
7 63 41 52 M 13 0 0.00 0.0 0 8.9 20 320 M M 0 27 320
8 48 32 40 M 25 0 0.00 0.0 0 11.3 18 320 M M 0 32 340
9 64 28 46 M 19 0 0.00 0.0 0 6.1 17 240 M M 3 30 240
10 45 37 41 M 24 0 0.10 0.0 0 11.3 22 340 M M 10 30 340
11 52 37 45 M 20 0 0.00 0.0 0 5.9 17 330 M M 4 16 310
12 59 32 46 M 19 0 0.00 0.0 0 3.6 9 340 M M 0 12 99
13 64 39 52 M 13 0 0.09 0.0 0 11.7 21 170 M M 6 1 31 170
14 68 52 60 M 5 0 0.00 0.0 0 4.7 12 180 M M 7 12 17 190
15 70 50 60 M 5 0 0.00 0.0 0 5.5 14 340 M M 1 2 18 320
16 72 50 61 M 4 0 0.00 0.0 0 10.1 16 110 M M 3 24 110
17 57 50 54 M 11 0 0.84 0.0 0 11.5 18 80 M M 8 1 24 60
18 55 50 53 M 12 0 0.11 0.0 0 11.5 15 50 M M 10 1 22 20
19 63 48 56 M 9 0 0.00 0.0 0 8.6 15 60 M M 10 1 17 60
20 72 55 64 M 1 0 0.00 0.0 0 9.0 17 110 M M 7 24 110
21 63 55 59 M 6 0 0.00 0.0 0 5.6 13 140 M M 10 1 20 130
22 68 55 62 M 3 0 0.00 0.0 0 5.8 9 160 M M 10 1 15 99
23 66 59 63 M 2 0 0.14 0.0 0 7.7 15 90 M M 8 1 16 100
24 77 57 67 M 0 2 0.00 0.0 0 5.0 14 150 M M 4 12 23 150
25 82 66 74 M 0 9 1.36 0.0 0 5.0 14 180 M M 3 1 20 180
26 82 64 73 M 0 8 0.19 0.0 0 8.3 15 150 M M 2 25 150
27 81 66 74 M 0 9 0.02 0.0 0 5.8 13 160 M M 4 15 180
28 72 59 66 M 0 1 0.83 0.0 0 4.9 10 340 M M 5 18 16 360
29 64 52 58 M 7 0 0.00 0.0 0 8.4 16 340 M M 3 21 330
30 66 46 56 M 9 0 0.00 0.0 0 5.9 16 340 M M 2 20 320
31 73 43 58 M 7 0 0.00 0.0 0 4.5 9 210 M M 2 13 99
================================================================================
SM 2033 1484 279 29 3.68 0.0 237.1 M 134
================================================================================
AV 65.6 47.9 7.6 FASTST M M 4 MAX(MPH)
MISC ----> # 22 160 # 32 340
================================================================================
NOTES:
# LAST OF SEVERAL OCCURRENCES
COLUMN 17 PEAK WIND IN M.P.H.
PRELIMINARY LOCAL CLIMATOLOGICAL DATA (WS FORM: F-6) , PAGE 2
STATION: DECORAH IA
MONTH: MAY
YEAR: 2020
LATITUDE: 43 16 N
LONGITUDE: 91 44 W
[TEMPERATURE DATA] [PRECIPITATION DATA] SYMBOLS USED IN COLUMN 16
AVERAGE MONTHLY: 56.7 TOTAL FOR MONTH: 3.68 1 = FOG OR MIST
DPTR FM NORMAL: M DPTR FM NORMAL: M 2 = FOG REDUCING VISIBILITY
HIGHEST: 82 ON 26,25 GRTST 24HR 1.36 ON 25-25 TO 1/4 MILE OR LESS
LOWEST: 28 ON 9 3 = THUNDER
SNOW, ICE PELLETS, HAIL 4 = ICE PELLETS
TOTAL MONTH: 0.0 INCH 5 = HAIL
GRTST 24HR 0.0 6 = FREEZING RAIN OR DRIZZLE
GRTST DEPTH: 0 7 = DUSTSTORM OR SANDSTORM:
VSBY 1/2 MILE OR LESS
8 = SMOKE OR HAZE
[NO. OF DAYS WITH] [WEATHER - DAYS WITH] 9 = BLOWING SNOW
X = TORNADO
MAX 32 OR BELOW: 0 0.01 INCH OR MORE: 9
MAX 90 OR ABOVE: 0 0.10 INCH OR MORE: 7
MIN 32 OR BELOW: 3 0.50 INCH OR MORE: 3
MIN 0 OR BELOW: 0 1.00 INCH OR MORE: 1
[HDD (BASE 65) ]
TOTAL THIS MO. 279 CLEAR (SCALE 0-3) 13
DPTR FM NORMAL M PTCLDY (SCALE 4-7) 12
TOTAL FM JUL 1 7198 CLOUDY (SCALE 8-10) 6
DPTR FM NORMAL M
[CDD (BASE 65) ]
TOTAL THIS MO. 29
DPTR FM NORMAL M [PRESSURE DATA]
TOTAL FM JAN 1 29 HIGHEST SLP M ON M
DPTR FM NORMAL M LOWEST SLP M ON M
[REMARKS]
#FINAL-05-20#