000
CXUS55 KBOU 010900
CF6DEN
PRELIMINARY LOCAL CLIMATOLOGICAL DATA (WS FORM: F-6)
STATION: DENVER CO
MONTH: JUNE
YEAR: 2021
LATITUDE: 39 52 N
LONGITUDE: 104 40 W
TEMPERATURE IN F: :PCPN: SNOW: WIND :SUNSHINE: SKY :PK WND
================================================================================
1 2 3 4 5 6A 6B 7 8 9 10 11 12 13 14 15 16 17 18
12Z AVG MX 2MIN
DY MAX MIN AVG DEP HDD CDD WTR SNW DPTH SPD SPD DIR MIN PSBL S-S WX SPD DR
================================================================================
1 70 44 57 -7 8 0 0.00 0.0 0 8.2 20 110 M M 4 28 250
2 75 49 62 -2 3 0 0.00 0.0 0 9.2 15 220 M M 4 20 230
3 82 52 67 3 0 2 0.00 0.0 0 8.0 15 200 M M 3 22 50
4 87 55 71 6 0 6 0.00 0.0 0 8.0 15 210 M M 1 19 60
5 91 59 75 10 0 10 0.00 0.0 0 9.9 31 220 M M 3 40 210
6 91 59 75 10 0 10 T 0.0 0 11.6 26 170 M M 7 3 35 160
7 92 53 73 7 0 8 0.00 0.0 0 7.0 24 310 M M 5 3X 33 310
8 93 52 73 7 0 8 0.00 0.0 0 12.3 32 160 M M 2 42 170
9 89 59 74 8 0 9 0.00 0.0 0 9.9 18 170 M M 3 128 25 140
10 95 63 79 13 0 14 0.00 0.0 0 12.2 28 160 M M 6 39 190
11 77 51 64 -3 1 0 0.00 0.0 0 11.8 18 50 M M 1 28 60
12 91 50 71 4 0 6 0.00 0.0 0 10.0 23 160 M M 1 29 160
13 93 61 77 9 0 12 0.00 0.0 0 10.1 22 170 M M 3 3 31 160
14 98 60 79 11 0 14 0.00 0.0 0 9.7 25 160 M M 3 34 130
15 101 65 83 15 0 18 0.00 0.0 0 9.2 21 160 M M 3 29 160
16 100 67 84 16 0 19 0.00 0.0 0 10.7 23 10 M M 5 29 20
17 100 68 84 15 0 19 0.00 0.0 0 10.2 18 170 M M 6 25 160
18 89 66 78 9 0 13 0.00 0.0 0 9.5 22 40 M M 8 28 30
19 88 58 73 4 0 8 T 0.0 0 8.8 30 330 M M 6 3 40 320
20 82 54 68 -2 0 3 0.02 0.0 0 12.9 28 50 M M 5 18 35 50
21 72 52 62 -8 3 0 0.03 0.0 0 6.8 17 200 M M 6 1 23 210
22 94 52 73 3 0 8 0.00 0.0 0 9.2 17 200 M M 3 8 25 50
23 97 64 81 10 0 16 0.00 0.0 0 10.7 23 300 M M 7 30 260
24 84 62 73 2 0 8 0.30 0.0 0 10.2 30 270 M M 8 38 40 260
25 81 57 69 -2 0 4 0.08 0.0 0 6.3 35 330 M M 7 13 43 320
26 70 56 63 -9 2 0 0.20 0.0 0 9.5 29 360 M M 8 13 37 360
27 73 55 64 -8 1 0 0.12 0.0 0 7.7 28 340 M M 8 13 38 330
28 74 53 64 -8 1 0 0.09 0.0 0 6.2 17 30 M M 6 3 27 10
29 79 50 65 -7 0 0 0.00 0.0 0 8.6 21 140 M M 6 28 150
30 85 57 71 -2 0 6 T 0.0 0 10.8 22 150 M M 6 29 160
================================================================================
SM 2593 1703 19 221 0.84 0.0 285.2 M 144
================================================================================
AV 86.4 56.8 9.5 FASTST M M 5 MAX(MPH)
MISC ----> 35 330 43 320
================================================================================
NOTES:
# LAST OF SEVERAL OCCURRENCES
COLUMN 17 PEAK WIND IN M.P.H.
PRELIMINARY LOCAL CLIMATOLOGICAL DATA (WS FORM: F-6) , PAGE 2
STATION: DENVER CO
MONTH: JUNE
YEAR: 2021
LATITUDE: 39 52 N
LONGITUDE: 104 40 W
[TEMPERATURE DATA] [PRECIPITATION DATA] SYMBOLS USED IN COLUMN 16
AVERAGE MONTHLY: 71.6 TOTAL FOR MONTH: 0.84 1 = FOG OR MIST
DPTR FM NORMAL: 3.4 DPTR FM NORMAL: -1.10 2 = FOG REDUCING VISIBILITY
HIGHEST: 101 ON 15 GRTST 24HR 0.31 ON 24-25 TO 1/4 MILE OR LESS
LOWEST: 44 ON 1 3 = THUNDER
SNOW, ICE PELLETS, HAIL 4 = ICE PELLETS
TOTAL MONTH: 0.0 INCH 5 = HAIL
GRTST 24HR 0.0 6 = FREEZING RAIN OR DRIZZLE
GRTST DEPTH: 0 7 = DUSTSTORM OR SANDSTORM:
VSBY 1/2 MILE OR LESS
8 = SMOKE OR HAZE
[NO. OF DAYS WITH] [WEATHER - DAYS WITH] 9 = BLOWING SNOW
X = TORNADO
MAX 32 OR BELOW: 0 0.01 INCH OR MORE: 7
MAX 90 OR ABOVE: 13 0.10 INCH OR MORE: 3
MIN 32 OR BELOW: 0 0.50 INCH OR MORE: 0
MIN 0 OR BELOW: 0 1.00 INCH OR MORE: 0
[HDD (BASE 65) ]
TOTAL THIS MO. 19 CLEAR (SCALE 0-3) 8
DPTR FM NORMAL -33 PTCLDY (SCALE 4-7) 22
TOTAL FM JUL 1 5920 CLOUDY (SCALE 8-10) 0
DPTR FM NORMAL 58
[CDD (BASE 65) ]
TOTAL THIS MO. 221
DPTR FM NORMAL 74 [PRESSURE DATA]
TOTAL FM JAN 1 230 HIGHEST SLP M ON M
DPTR FM NORMAL 56 LOWEST SLP 29.48 ON 10
[REMARKS]
#FINAL-06-21#