000
CXUS55 KBOU 010823
CF6DEN
PRELIMINARY LOCAL CLIMATOLOGICAL DATA (WS FORM: F-6)
STATION: DENVER CO
MONTH: MARCH
YEAR: 2020
LATITUDE: 39 52 N
LONGITUDE: 104 40 W
TEMPERATURE IN F: :PCPN: SNOW: WIND :SUNSHINE: SKY :PK WND
================================================================================
1 2 3 4 5 6A 6B 7 8 9 10 11 12 13 14 15 16 17 18
12Z AVG MX 2MIN
DY MAX MIN AVG DEP HDD CDD WTR SNW DPTH SPD SPD DIR MIN PSBL S-S WX SPD DR
================================================================================
1 44 26 35 -1 30 0 0.03 0.3 0 10.4 20 10 M M 8 1 26 20
2 51 17 34 -2 31 0 0.01 0.2 0 6.1 18 280 M M 6 128 25 280
3 60 26 43 6 22 0 0.00 0.0 0 9.9 18 270 M M 2 26 270
4 65 29 47 10 18 0 0.00 0.0 0 16.1 32 270 M M 2 45 280
5 53 22 38 1 27 0 0.00 0.0 0 11.0 24 50 M M 2 32 50
6 68 27 48 10 17 0 0.00 0.0 0 7.8 16 230 M M 6 21 240
7 68 38 53 15 12 0 0.00 0.0 0 12.6 20 200 M M 6 27 200
8 68 38 53 15 12 0 0.30 0.0 0 15.0 30 350 M M 6 1 40 20
9 59 37 48 9 17 0 T 0.0 0 5.8 18 120 M M 7 1 24 120
10 63 32 48 9 17 0 0.00 0.0 0 11.0 26 310 M M 5 34 310
11 68 32 50 11 15 0 0.00 0.0 0 11.3 21 260 M M 3 30 200
12 53 34 44 4 21 0 0.00 0.0 0 11.6 23 80 M M 8 28 70
13 40 28 34 -6 31 0 0.02 T 0 19.3 40 160 M M 8 1 52 170
14 49 28 39 -1 26 0 0.00 0.0 0 7.6 21 100 M M 7 24 90
15 59 32 46 6 19 0 0.00 0.0 0 6.6 17 40 M M 7 25 40
16 59 30 45 4 20 0 0.00 0.0 0 13.3 24 60 M M 5 1 33 50
17 59 33 46 5 19 0 0.00 0.0 0 6.7 17 150 M M 8 1 22 140
18 67 32 50 9 15 0 0.00 0.0 0 12.7 28 200 M M 6 35 210
19 41 22 32 -9 33 0 0.74 6.0 0 18.5 38 350 M M 10 129 49 350
20 30 16 23 -19 42 0 T T 6 11.4 25 110 M M 9 12 30 110
21 44 11 28 -14 37 0 0.00 0.0 5 8.4 20 190 M M 5 12 24 190
22 52 31 42 0 23 0 0.00 0.0 3 6.8 16 360 M M 3 8 19 360
23 58 32 45 3 20 0 0.00 0.0 1 10.6 22 180 M M 5 28 170
24 63 30 47 4 18 0 0.00 0.0 0 6.2 15 180 M M 2 8 18 170
25 67 36 52 9 13 0 0.00 0.0 0 7.7 16 20 M M 6 22 20
26 52 32 42 -1 23 0 0.00 0.0 0 8.5 16 70 M M 6 12 19 70
27 44 29 37 -6 28 0 0.16 1.0 0 11.3 22 340 M M 9 12 26 330
28 51 28 40 -3 25 0 0.00 0.0 1 12.1 21 310 M M 6 27 300
29 55 27 41 -3 24 0 0.00 0.0 0 9.6 17 110 M M 4 25 110
30 58 33 46 2 19 0 0.00 0.0 0 9.3 24 360 M M 7 33 10
31 67 31 49 5 16 0 0.00 0.0 0 9.1 18 260 M M 3 28 260
================================================================================
SM 1735 899 690 0 1.26 7.5 324.3 M 177
================================================================================
AV 56.0 29.0 10.5 FASTST M M 6 MAX(MPH)
MISC ----> # 40 160 # 52 170
================================================================================
NOTES:
# LAST OF SEVERAL OCCURRENCES
COLUMN 17 PEAK WIND IN M.P.H.
PRELIMINARY LOCAL CLIMATOLOGICAL DATA (WS FORM: F-6) , PAGE 2
STATION: DENVER CO
MONTH: MARCH
YEAR: 2020
LATITUDE: 39 52 N
LONGITUDE: 104 40 W
[TEMPERATURE DATA] [PRECIPITATION DATA] SYMBOLS USED IN COLUMN 16
AVERAGE MONTHLY: 42.5 TOTAL FOR MONTH: 1.26 1 = FOG OR MIST
DPTR FM NORMAL: 2.1 DPTR FM NORMAL: 0.34 2 = FOG REDUCING VISIBILITY
HIGHEST: 68 ON 11, 8 GRTST 24HR 0.74 ON 19-19 TO 1/4 MILE OR LESS
LOWEST: 11 ON 21 3 = THUNDER
SNOW, ICE PELLETS, HAIL 4 = ICE PELLETS
TOTAL MONTH: 7.5 INCHES 5 = HAIL
GRTST 24HR 6.0 ON 19-19 6 = FREEZING RAIN OR DRIZZLE
GRTST DEPTH: 6 ON 20 7 = DUSTSTORM OR SANDSTORM:
VSBY 1/2 MILE OR LESS
8 = SMOKE OR HAZE
[NO. OF DAYS WITH] [WEATHER - DAYS WITH] 9 = BLOWING SNOW
X = TORNADO
MAX 32 OR BELOW: 1 0.01 INCH OR MORE: 6
MAX 90 OR ABOVE: 0 0.10 INCH OR MORE: 3
MIN 32 OR BELOW: 24 0.50 INCH OR MORE: 1
MIN 0 OR BELOW: 0 1.00 INCH OR MORE: 0
[HDD (BASE 65) ]
TOTAL THIS MO. 690 CLEAR (SCALE 0-3) 6
DPTR FM NORMAL -73 PTCLDY (SCALE 4-7) 21
TOTAL FM JUL 1 5189 CLOUDY (SCALE 8-10) 4
DPTR FM NORMAL -13
[CDD (BASE 65) ]
TOTAL THIS MO. 0
DPTR FM NORMAL 0 [PRESSURE DATA]
TOTAL FM JAN 1 0 HIGHEST SLP M ON M
DPTR FM NORMAL 0 LOWEST SLP 29.50 ON 19
[REMARKS]
#FINAL-03-20#