000
CXUS52 KTAE 010800
CF6DHN
PRELIMINARY LOCAL CLIMATOLOGICAL DATA (WS FORM: F-6)
STATION: DOTHAN
MONTH: AUGUST
YEAR: 2023
LATITUDE: 31 19 N
LONGITUDE: 85 27 W
TEMPERATURE IN F: :PCPN: SNOW: WIND :SUNSHINE: SKY :PK WND
================================================================================
1 2 3 4 5 6A 6B 7 8 9 10 11 12 13 14 15 16 17 18
12Z AVG MX 2MIN
DY MAX MIN AVG DEP HDD CDD WTR SNW DPTH SPD SPD DIR MIN PSBL S-S WX SPD DR
================================================================================
1 98 72 85 2 0 20 0.00 0.0 0 5.8 14 320 M M 0 19 290
2 95 71 83 0 0 18 0.00 0.0 0 6.0 12 90 M M 1 16 90
3 98 74 86 3 0 21 0.00 0.0 0 5.2 13 220 M M 1 16 180
4 99 75 87 4 0 22 0.09 0.0 0 8.0 40 310 M M 2 13 48 300
5 98 75 87 4 0 22 T 0.0 0 6.5 22 210 M M 5 3 27 200
6 101 74 88 5 0 23 0.09 0.0 M 6.5 20 210 M M 3 3 29 210
7 99 74 87 4 0 22 0.00 0.0 0 9.1 18 240 M M 2 25 250
8 99 74 87 4 0 22 0.19 0.0 0 8.3 29 300 M M 3 13 37 300
9 97 73 85 2 0 20 0.00 0.0 0 5.7 12 210 M M 3 13 16 280
10 97 78 88 5 0 23 T 0.0 0 8.7 22 320 M M 2 27 330
11 99 72 86 4 0 21 0.73 0.0 0 8.8 28 40 M M 3 13 37 50
12 96 73 85 3 0 20 1.21 0.0 0 4.4 30 340 M M 2 13 40 320
13 96 74 85 3 0 20 0.00 0.0 0 4.2 18 310 M M 1 3 25 300
14 97 77 87 5 0 22 0.00 0.0 0 5.0 22 140 M M 1 3 27 150
15 96 75 86 4 0 21 0.12 0.0 0 7.6 31 300 M M 3 13 44 300
16 91 72 82 0 0 17 0.00 0.0 0 5.4 13 290 M M 3 1 18 330
17 93 69 81 -1 0 16 0.00 0.0 0 3.1 15 330 M M 1 18 310
18 95 71 83 1 0 18 0.00 0.0 0 5.5 13 340 M M 0 15 330
19 95 71 83 1 0 18 0.00 0.0 0 4.1 12 20 M M 1 15 50
20 96 73 85 3 0 20 0.00 0.0 0 6.1 15 80 M M 1 19 110
21 96 75 86 4 0 21 0.00 0.0 0 4.0 12 80 M M 0 14 130
22 101 74 88 6 0 23 0.00 0.0 0 4.0 12 10 M M 2 14 350
23 100 76 88 6 0 23 0.00 0.0 0 6.1 13 30 M M 1 1 17 70
24 96 75 86 5 0 21 0.00 0.0 0 4.6 14 90 M M 1 1 17 80
25 101 71 86 5 0 21 0.00 0.0 0 3.8 10 340 M M 0 13 360
26 101 76 89 8 0 24 0.00 0.0 0 5.8 16 320 M M 0 18 25 310
27 101 76 89 8 0 24 0.00 0.0 0 3.6 17 140 M M 1 138 22 120
28 98 74 86 5 0 21 0.00 0.0 0 4.2 26 320 M M 2 32 320
29 95 74 85 4 0 20 0.07 M 0 5.4 29 180 M M 3 138 39 170
30 90 75 83 2 0 18 T 0.0 0 8.9 18 340 M M 6 3 22 10
31 95 73 84 3 0 19 0.00 0.0 0 3.9 17 140 M M 4 13 22 140
================================================================================
SM 3009 2286 0 641 2.50 0.0 178.3 M 58
================================================================================
AV 97.1 73.7 5.8 FASTST M M 2 MAX(MPH)
MISC ----> 40 310 48 300
================================================================================
NOTES:
# LAST OF SEVERAL OCCURRENCES
COLUMN 17 PEAK WIND IN M.P.H.
PRELIMINARY LOCAL CLIMATOLOGICAL DATA (WS FORM: F-6) , PAGE 2
STATION: DOTHAN
MONTH: AUGUST
YEAR: 2023
LATITUDE: 31 19 N
LONGITUDE: 85 27 W
[TEMPERATURE DATA] [PRECIPITATION DATA] SYMBOLS USED IN COLUMN 16
AVERAGE MONTHLY: 85.4 TOTAL FOR MONTH: 2.50 1 = FOG OR MIST
DPTR FM NORMAL: 3.4 DPTR FM NORMAL: -3.67 2 = FOG REDUCING VISIBILITY
HIGHEST: 101 ON 27,26 GRTST 24HR 1.83 ON 11-12 TO 1/4 MILE OR LESS
LOWEST: 69 ON 17 3 = THUNDER
SNOW, ICE PELLETS, HAIL 4 = ICE PELLETS
TOTAL MONTH: 0.0 INCH 5 = HAIL
GRTST 24HR 0.0 6 = FREEZING RAIN OR DRIZZLE
GRTST DEPTH: 0 7 = DUSTSTORM OR SANDSTORM:
VSBY 1/2 MILE OR LESS
8 = SMOKE OR HAZE
[NO. OF DAYS WITH] [WEATHER - DAYS WITH] 9 = BLOWING SNOW
X = TORNADO
MAX 32 OR BELOW: 0 0.01 INCH OR MORE: 7
MAX 90 OR ABOVE: 31 0.10 INCH OR MORE: 4
MIN 32 OR BELOW: 0 0.50 INCH OR MORE: 2
MIN 0 OR BELOW: 0 1.00 INCH OR MORE: 1
[HDD (BASE 65) ]
TOTAL THIS MO. 0 CLEAR (SCALE 0-3) 27
DPTR FM NORMAL 0 PTCLDY (SCALE 4-7) 4
TOTAL FM JUL 1 0 CLOUDY (SCALE 8-10) 0
DPTR FM NORMAL 0
[CDD (BASE 65) ]
TOTAL THIS MO. 641
DPTR FM NORMAL 114 [PRESSURE DATA]
TOTAL FM JAN 1 2288 HIGHEST SLP M ON M
DPTR FM NORMAL 203 LOWEST SLP 29.65 ON 30
[REMARKS]
#FINAL-08-23#