000
CXUS54 KEPZ 011130
CF6DMN
PRELIMINARY LOCAL CLIMATOLOGICAL DATA (WS FORM: F-6)
STATION: DEMING
MONTH: JANUARY
YEAR: 2022
LATITUDE: 32 15 N
LONGITUDE: 107 42 W
TEMPERATURE IN F: :PCPN: SNOW: WIND :SUNSHINE: SKY :PK WND
================================================================================
1 2 3 4 5 6A 6B 7 8 9 10 11 12 13 14 15 16 17 18
12Z AVG MX 2MIN
DY MAX MIN AVG DEP HDD CDD WTR SNW DPTH SPD SPD DIR MIN PSBL S-S WX SPD DR
================================================================================
1 49 29 39 -2 26 0 0.03 M M 20.2 40 260 M M 5 18 59 240
2 42 17 30 -11 35 0 0.00 M M 6.1 17 290 M M 0 23 290
3 47 17 32 -9 33 0 0.00 M M 5.8 13 80 M M 0 15 80
4 63 21 42 1 23 0 0.00 M M 9.5 24 270 M M 0 33 270
5 65 30 48 7 17 0 0.00 M M 8.6 18 260 M M 0 24 250
6 65 29 47 6 18 0 0.00 M M 5.2 16 260 M M 0 21 260
7 68 27 48 7 17 0 0.00 M M 5.9 21 250 M M 0 28 250
8 66 34 50 9 15 0 0.00 M M 9.2 25 270 M M 0 33 260
9 55 31 43 1 22 0 0.00 M M 8.7 22 60 M M 1 29 50
10 46 32 39 -3 26 0 0.01 M M 10.4 18 60 M M 7 24 110
11 54 26 40 -2 25 0 0.00 M M 5.9 14 80 M M 0 18 110
12 60 22 41 -1 24 0 0.00 M M 4.3 10 240 M M 0 14 240
13 63 21 42 0 23 0 0.00 M M 3.9 9 300 M M 0 11 310
14 70 29 50 8 15 0 0.00 M M 11.0 28 270 M M 0 37 280
15 51 29 40 -2 25 0 0.00 M M 7.9 15 70 M M 0 20 80
16 56 17 37 -5 28 0 0.00 M M 2.5 8 90 M M 0 11 90
17 63 23 43 1 22 0 0.00 M M 5.3 14 250 M M 1 18 250
18 63 33 48 6 17 0 0.02 M M 10.2 23 260 M M 3 32 270
19 59 34 47 5 18 0 0.00 M M 8.7 18 300 M M 5 24 320
20 52 30 41 -2 24 0 0.00 M M 8.4 15 90 M M 2 24 100
21 54 19 37 -6 28 0 0.00 M M 3.6 12 60 M M 0 15 40
22 56 32 44 1 21 0 0.00 M M 17.3 31 40 M M 0 43 50
23 50 29 40 -3 25 0 0.00 M M 8.5 18 90 M M 3 25 90
24 62 28 45 2 20 0 0.00 M M 9.7 18 270 M M 0 24 270
25 62 27 45 2 20 0 0.00 M M 8.6 20 260 M M 0 25 260
26 59 24 42 -1 23 0 0.00 M M 4.9 13 240 M M 0 18 260
27 61 25 43 -1 22 0 0.00 M M 8.1 36 40 M M 0 8 52 60
28 51 28 40 -4 25 0 0.00 M M 12.9 35 40 M M 0 8 50 50
29 56 25 41 -3 24 0 0.00 M M 7.7 16 80 M M 0 21 110
30 61 26 44 0 21 0 0.00 M M 5.5 22 260 M M 2 32 260
31 65 33 49 5 16 0 0.00 M M 9.6 21 270 M M 0 29 270
================================================================================
SM 1794 827 698 0 0.06 M 254.1 M 29
================================================================================
AV 57.9 26.7 8.2 FASTST M M 1 MAX(MPH)
MISC ----> 40 260 59 240
================================================================================
NOTES:
# LAST OF SEVERAL OCCURRENCES
COLUMN 17 PEAK WIND IN M.P.H.
PRELIMINARY LOCAL CLIMATOLOGICAL DATA (WS FORM: F-6) , PAGE 2
STATION: DEMING
MONTH: JANUARY
YEAR: 2022
LATITUDE: 32 15 N
LONGITUDE: 107 42 W
[TEMPERATURE DATA] [PRECIPITATION DATA] SYMBOLS USED IN COLUMN 16
AVERAGE MONTHLY: 42.3 TOTAL FOR MONTH: 0.06 1 = FOG OR MIST
DPTR FM NORMAL: 0.0 DPTR FM NORMAL: -0.41 2 = FOG REDUCING VISIBILITY
HIGHEST: 70 ON 14 GRTST 24HR 0.06 ON 31- 1 TO 1/4 MILE OR LESS
LOWEST: 17 ON 16, 3 3 = THUNDER
SNOW, ICE PELLETS, HAIL 4 = ICE PELLETS
TOTAL MONTH: M 5 = HAIL
GRTST 24HR M ON M 6 = FREEZING RAIN OR DRIZZLE
GRTST DEPTH: M ON M 7 = DUSTSTORM OR SANDSTORM:
VSBY 1/2 MILE OR LESS
8 = SMOKE OR HAZE
[NO. OF DAYS WITH] [WEATHER - DAYS WITH] 9 = BLOWING SNOW
X = TORNADO
MAX 32 OR BELOW: 0 0.01 INCH OR MORE: 3
MAX 90 OR ABOVE: 0 0.10 INCH OR MORE: 0
MIN 32 OR BELOW: 27 0.50 INCH OR MORE: 0
MIN 0 OR BELOW: 0 1.00 INCH OR MORE: 0
[HDD (BASE 65) ]
TOTAL THIS MO. 698 CLEAR (SCALE 0-3) 27
DPTR FM NORMAL -6 PTCLDY (SCALE 4-7) 4
TOTAL FM JUL 1 1678 CLOUDY (SCALE 8-10) 0
DPTR FM NORMAL -290
[CDD (BASE 65) ]
TOTAL THIS MO. 0
DPTR FM NORMAL 0 [PRESSURE DATA]
TOTAL FM JAN 1 0 HIGHEST SLP 30.57 ON 10
DPTR FM NORMAL 0 LOWEST SLP 29.64 ON 1
[REMARKS]
#FINAL-01-22#