000
CXUS54 KEPZ 011030
CF6DMN
PRELIMINARY LOCAL CLIMATOLOGICAL DATA (WS FORM: F-6)
STATION: DEMING
MONTH: AUGUST
YEAR: 2021
LATITUDE: 32 15 N
LONGITUDE: 107 42 W
TEMPERATURE IN F: :PCPN: SNOW: WIND :SUNSHINE: SKY :PK WND
================================================================================
1 2 3 4 5 6A 6B 7 8 9 10 11 12 13 14 15 16 17 18
12Z AVG MX 2MIN
DY MAX MIN AVG DEP HDD CDD WTR SNW DPTH SPD SPD DIR MIN PSBL S-S WX SPD DR
================================================================================
1 94 70 82 1 0 17 0.00 M M 8.9 17 60 M M 2 34 110
2 91 69 80 -1 0 15 T M M 8.3 24 90 M M 2 3 33 90
3 95 67 81 0 0 16 0.00 M M 4.1 13 280 M M 1 19 90
4 95 67 81 0 0 16 0.01 M M 9.1 36 20 M M 1 38 56 10
5 95 66 81 0 0 16 0.09 M M 6.9 30 30 M M 2 38 40 30
6 98 68 83 3 0 18 0.00 M M 5.7 16 320 M M 1 23 310
7 99 69 84 4 0 19 0.07 M M 8.1 26 40 M M 1 3 35 60
8 101 66 84 4 0 19 0.00 M M 7.4 17 210 M M 1 24 210
9 96 73 85 5 0 20 0.00 M M 10.0 20 300 M M 1 28 220
10 90 68 79 -1 0 14 0.09 M M 9.1 21 270 M M 3 3 28 280
11 92 66 79 -1 0 14 T M M 7.9 26 330 M M 2 3 44 320
12 88 66 77 -3 0 12 0.01 M M 9.0 20 230 M M 2 3 27 250
13 86 65 76 -4 0 11 0.10 M M 5.6 17 50 M M 6 13 24 60
14 74 66 70 -10 0 5 0.13 M M 7.7 18 60 M M 6 1 24 70
15 80 65 73 -7 0 8 0.22 M M 4.8 12 80 M M 6 1 20 80
16 86 62 74 -6 0 9 T M M 5.6 17 330 M M 1 3 22 320
17 88 62 75 -4 0 10 0.00 M M 6.2 16 270 M M 1 23 270
18 90 67 79 0 0 14 T M M 10.9 25 280 M M 2 33 280
19 91 62 77 -2 0 12 0.00 M M 7.0 18 280 M M 2 25 300
20 93 64 79 0 0 14 0.00 M M 6.5 16 270 M M 0 26 300
21 95 59 77 -2 0 12 0.00 M M 5.8 20 130 M M 1 27 130
22 95 67 81 2 0 16 0.00 M M 8.4 15 140 M M 1 23 140
23 95 66 81 2 0 16 0.38 M M 10.4 28 320 M M 3 3 40 320
24 93 65 79 1 0 14 0.04 M M 3.5 14 310 M M 1 3 20 180
25 98 64 81 3 0 16 0.00 M M 4.3 13 120 M M 1 17 110
26 96 69 83 5 0 18 0.00 M M 8.7 17 70 M M 0 23 70
27 95 67 81 3 0 16 0.25 M M 8.2 36 320 M M 2 3 49 310
28 94 66 80 2 0 15 0.52 M M 6.0 21 280 M M 1 3 30 270
29 93 66 80 2 0 15 0.00 M M 7.6 16 100 M M 1 26 80
30 92 69 81 4 0 16 0.00 M M 9.6 25 40 M M 2 3 34 190
31 91 65 78 1 0 13 0.27 M M 6.0 20 160 M M 3 13 27 170
================================================================================
SM 2859 2051 0 446 2.18 M 227.3 M 59
================================================================================
AV 92.2 66.2 7.3 FASTST M M 2 MAX(MPH)
MISC ----> # 36 20 56 10
================================================================================
NOTES:
# LAST OF SEVERAL OCCURRENCES
COLUMN 17 PEAK WIND IN M.P.H.
PRELIMINARY LOCAL CLIMATOLOGICAL DATA (WS FORM: F-6) , PAGE 2
STATION: DEMING
MONTH: AUGUST
YEAR: 2021
LATITUDE: 32 15 N
LONGITUDE: 107 42 W
[TEMPERATURE DATA] [PRECIPITATION DATA] SYMBOLS USED IN COLUMN 16
AVERAGE MONTHLY: 79.2 TOTAL FOR MONTH: 2.18 1 = FOG OR MIST
DPTR FM NORMAL: -0.2 DPTR FM NORMAL: 0.17 2 = FOG REDUCING VISIBILITY
HIGHEST: 101 ON 8 GRTST 24HR 0.55 ON 27-28 TO 1/4 MILE OR LESS
LOWEST: 59 ON 21 3 = THUNDER
SNOW, ICE PELLETS, HAIL 4 = ICE PELLETS
TOTAL MONTH: M 5 = HAIL
GRTST 24HR M ON M 6 = FREEZING RAIN OR DRIZZLE
GRTST DEPTH: M ON M 7 = DUSTSTORM OR SANDSTORM:
VSBY 1/2 MILE OR LESS
8 = SMOKE OR HAZE
[NO. OF DAYS WITH] [WEATHER - DAYS WITH] 9 = BLOWING SNOW
X = TORNADO
MAX 32 OR BELOW: 0 0.01 INCH OR MORE: 13
MAX 90 OR ABOVE: 25 0.10 INCH OR MORE: 7
MIN 32 OR BELOW: 0 0.50 INCH OR MORE: 1
MIN 0 OR BELOW: 0 1.00 INCH OR MORE: 0
[HDD (BASE 65) ]
TOTAL THIS MO. 0 CLEAR (SCALE 0-3) 26
DPTR FM NORMAL 0 PTCLDY (SCALE 4-7) 5
TOTAL FM JUL 1 0 CLOUDY (SCALE 8-10) 0
DPTR FM NORMAL 0
[CDD (BASE 65) ]
TOTAL THIS MO. 446
DPTR FM NORMAL 1 [PRESSURE DATA]
TOTAL FM JAN 1 1608 HIGHEST SLP 30.10 ON 14
DPTR FM NORMAL 83 LOWEST SLP 29.60 ON 31
[REMARKS]
#FINAL-08-21#