000
CXUS55 KEAX 010736
CF6DMO
PRELIMINARY LOCAL CLIMATOLOGICAL DATA (WS FORM: F-6)
STATION: SEDALIA MO
MONTH: APRIL
YEAR: 2020
LATITUDE: 38 42 N
LONGITUDE: 93 6 W
TEMPERATURE IN F: :PCPN: SNOW: WIND :SUNSHINE: SKY :PK WND
================================================================================
1 2 3 4 5 6A 6B 7 8 9 10 11 12 13 14 15 16 17 18
12Z AVG MX 2MIN
DY MAX MIN AVG DEP HDD CDD WTR SNW DPTH SPD SPD DIR MIN PSBL S-S WX SPD DR
================================================================================
1 72 42 57 5 8 0 0.00 M M 8.1 15 180 M M 0 19 120
2 75 55 65 13 0 0 0.02 M M 12.9 28 160 M M 3 3 37 170
3 62 33 48 -5 17 0 0.29 M M 12.6 20 340 M M 10 18 26 320
4 43 32 38 -15 27 0 0.00 M M 8.2 16 350 M M 10 1 21 350
5 55 41 48 -5 17 0 0.00 M M 4.8 9 130 M M 9 14 110
6 73 51 62 8 3 0 0.00 M M 11.0 22 180 M M 10 28 170
7 81 62 72 18 0 7 0.00 M M 10.7 23 220 M M 4 31 220
8 87 51 69 15 0 4 0.00 M M 10.3 35 360 M M 0 128 46 350
9 60 37 49 -6 16 0 0.00 M M 14.8 29 310 M M 1 42 310
10 56 30 43 -12 22 0 0.00 M M 6.1 13 250 M M 3 21 210
11 66 47 57 2 8 0 0.26 M M 15.3 30 220 M M 7 1 41 210
12 66 34 50 -6 15 0 0.33 M M 16.4 32 330 M M 6 13 46 340
13 44 30 37 -19 28 0 0.00 M M 12.2 30 330 M M 3 46 330
14 50 33 42 -14 23 0 0.00 M M 7.2 20 280 M M 4 32 290
15 52 37 45 -12 20 0 0.00 M M 8.3 21 210 M M 1 29 210
16 58 38 48 -9 17 0 0.00 M M 12.3 23 70 M M 8 37 70
17 45 32 39 -18 26 0 0.24 M M 10.7 18 340 M M 8 1 24 340
18 63 31 47 -11 18 0 0.00 M M 9.6 20 220 M M 0 25 220
19 70 46 58 0 7 0 0.00 M M 7.7 16 20 M M 1 8 23 340
20 69 41 55 -3 10 0 T M M 6.7 15 300 M M 3 23 230
21 69 48 59 1 6 0 0.00 M M 6.7 15 280 M M 0 8 20 280
22 66 47 57 -2 8 0 0.20 M M 11.6 24 200 M M 5 1 33 210
23 69 52 61 2 4 0 0.51 M M 6.3 14 340 M M 7 18 20 10
24 69 50 60 1 5 0 0.06 M M 8.6 18 290 M M 6 1 25 300
25 63 47 55 -5 10 0 0.79 M M 14.6 31 350 M M 7 18 44 350
26 70 42 56 -4 9 0 0.00 M M 5.5 12 160 M M 3 14 290
27 73 52 63 3 2 0 0.08 M M 13.0 26 210 M M 5 38 230
28 79 56 68 8 0 3 0.50 M M 11.7 29 340 M M 3 13 42 320
29 66 50 58 -3 7 0 0.08 M M 13.0 25 340 M M 7 1 38 320
30 72 48 60 -1 5 0 0.00 M M 7.9 17 320 M M 0 24 320
================================================================================
SM 1943 1295 338 14 3.36 M 304.8 M 134
================================================================================
AV 64.8 43.2 10.2 FASTST M M 4 MAX(MPH)
MISC ----> 35 360 # 46 350
================================================================================
NOTES:
# LAST OF SEVERAL OCCURRENCES
COLUMN 17 PEAK WIND IN M.P.H.
PRELIMINARY LOCAL CLIMATOLOGICAL DATA (WS FORM: F-6) , PAGE 2
STATION: SEDALIA MO
MONTH: APRIL
YEAR: 2020
LATITUDE: 38 42 N
LONGITUDE: 93 6 W
[TEMPERATURE DATA] [PRECIPITATION DATA] SYMBOLS USED IN COLUMN 16
AVERAGE MONTHLY: 54.0 TOTAL FOR MONTH: 3.36 1 = FOG OR MIST
DPTR FM NORMAL: -2.7 DPTR FM NORMAL: -0.89 2 = FOG REDUCING VISIBILITY
HIGHEST: 87 ON 8 GRTST 24HR 0.85 ON 24-25 TO 1/4 MILE OR LESS
LOWEST: 30 ON 13,10 3 = THUNDER
SNOW, ICE PELLETS, HAIL 4 = ICE PELLETS
TOTAL MONTH: M 5 = HAIL
GRTST 24HR M ON M 6 = FREEZING RAIN OR DRIZZLE
GRTST DEPTH: M ON M 7 = DUSTSTORM OR SANDSTORM:
VSBY 1/2 MILE OR LESS
8 = SMOKE OR HAZE
[NO. OF DAYS WITH] [WEATHER - DAYS WITH] 9 = BLOWING SNOW
X = TORNADO
MAX 32 OR BELOW: 0 0.01 INCH OR MORE: 12
MAX 90 OR ABOVE: 0 0.10 INCH OR MORE: 8
MIN 32 OR BELOW: 5 0.50 INCH OR MORE: 3
MIN 0 OR BELOW: 0 1.00 INCH OR MORE: 0
[HDD (BASE 65) ]
TOTAL THIS MO. 338 CLEAR (SCALE 0-3) 13
DPTR FM NORMAL 58 PTCLDY (SCALE 4-7) 12
TOTAL FM JUL 1 4432 CLOUDY (SCALE 8-10) 5
DPTR FM NORMAL -50
[CDD (BASE 65) ]
TOTAL THIS MO. 14
DPTR FM NORMAL -17 [PRESSURE DATA]
TOTAL FM JAN 1 15 HIGHEST SLP M ON M
DPTR FM NORMAL -19 LOWEST SLP 29.46 ON 12
[REMARKS]
#FINAL-04-20#