000
CXUS53 KGJT 011548
CLADRO
CLIMATE REPORT
NATIONAL WEATHER SERVICE GRAND JUNCTION CO
848 AM MST SAT JAN 01 2022
...................................
...THE DURANGO AIRPORT CO CLIMATE SUMMARY FOR THE YEAR OF 2021...
CLIMATE NORMAL PERIOD 1991 TO 2020
CLIMATE RECORD PERIOD 9999 TO 9999
WEATHER OBSERVED NORMAL DEPART LAST YEAR`S
VALUE DATE(S) VALUE FROM VALUE DATE(S)
NORMAL
................................................................
TEMPERATURE (F)
RECORD
HIGH MM MM
LOW MM MM
HIGHEST 99 07/10 MM MM 98 07/11
LOWEST -14 01/27 MM MM -8 12/13
AVG. MAXIMUM 63.8 62.5 1.3 64.7
AVG. MINIMUM 31.5 30.3 1.2 30.8
MEAN 47.6 46.4 1.2 47.8
DAYS MAX >= 90 28 21.5 6.5 35
DAYS MAX <= 32 14 19.4 -5.4 18
DAYS MIN <= 32 204 201.8 2.2 205
DAYS MIN <= 0 10 12.5 -2.5 8
PRECIPITATION (INCHES)
RECORD
MAXIMUM MM MM
MINIMUM MM MM
TOTALS 13.24 13.51 -0.27 7.35
DAILY AVG. 0.04 0.04 0.00 0.02
DAYS >= .01 72 78.3 -6.3 54
DAYS >= .10 30 34.5 -4.5 24
DAYS >= .50 5 5.5 -0.5 3
DAYS >= 1.00 2 0.5 1.5 1
GREATEST
24 HR. TOTAL 1.34 MM 1.07
STORM TOTAL 1.34 1.02
(MM/DD(HH)) MM
SNOWFALL (INCHES)
RECORDS
TOTAL MM MM
24 HR TOTAL MM
SNOW DEPTH MM MM
TOTALS MM MM MM MM
LIQUID EQUIV MM MM MM MM
SINCE 7/1 MM MM MM MM
LIQUID 7/1 MM MM MM MM
SNOWDEPTH AVG. MM MM
DAYS >= TRACE MM MM MM MM
DAYS >= 1.0 MM MM MM MM
GREATEST
SNOW DEPTH MM MM MM
24 HR TOTAL MM MM
STORM TOTAL MM MM
(MM/DD(HH)) MM
DEGREE DAYS
HEATING TOTAL 6664 7032 -368 6634
SINCE 7/1 2544 2832 -288 2750
COOLING TOTAL 455 290 165 445
SINCE 1/1 455 290 165 445
FREEZE DATES
RECORD
EARLIEST MM
LATEST MM
EARLIEST 09/21
LATEST 05/25
................................................................
WIND (MPH)
AVERAGE WIND SPEED 6.1
RESULTANT WIND SPEED/DIRECTION 1/290
HIGHEST WIND SPEED/DIRECTION 48/260 DATE 12/15
HIGHEST GUST SPEED/DIRECTION 67/250 DATE 12/15
SKY COVER
POSSIBLE SUNSHINE (PERCENT) MM
AVERAGE SKY COVER 0.22
NUMBER OF DAYS FAIR 273
NUMBER OF DAYS PC 65
NUMBER OF DAYS CLOUDY 27
AVERAGE RH (PERCENT) 52
WEATHER CONDITIONS. NUMBER OF DAYS WITH
THUNDERSTORM 52 MIXED PRECIP 0
HEAVY RAIN 15 RAIN 24
LIGHT RAIN 98 FREEZING RAIN 0
LT FREEZING RAIN 0 HAIL 0
HEAVY SNOW 6 SNOW 14
LIGHT SNOW 39 SLEET 0
FOG 70 FOG W/VIS <= 1/4 MILE 15
HAZE 14
- INDICATES NEGATIVE NUMBERS.
R INDICATES RECORD WAS SET OR TIED.
MM INDICATES DATA IS MISSING.
T INDICATES TRACE AMOUNT.
$$