000
CXUS55 KGJT 011612
CLMDRO
CLIMATE REPORT
NATIONAL WEATHER SERVICE GRAND JUNCTION CO
912 AM MST THU FEB 01 2024
...................................
...THE DURANGO AIRPORT CO CLIMATE SUMMARY FOR THE MONTH OF JANUARY 2024...
CLIMATE NORMAL PERIOD 1991 TO 2020
CLIMATE RECORD PERIOD 9999 TO 9999
WEATHER OBSERVED NORMAL DEPART LAST YEAR`S
VALUE DATE(S) VALUE FROM VALUE DATE(S)
NORMAL
................................................................
TEMPERATURE (F)
HIGHEST 55 01/30 MM MM 44 01/10
01/31
LOWEST -16 01/09 MM MM -14 01/26
AVG. MAXIMUM 38.7 37.9 0.8 33.7
AVG. MINIMUM 13.7 9.6 4.1 8.5
MEAN 26.2 23.7 2.5 21.1
DAYS MAX >= 90 0 0.0 0.0 0
DAYS MAX <= 32 8 7.4 0.6 11
DAYS MIN <= 32 31 30.8 0.2 31
DAYS MIN <= 0 5 6.3 -1.3 7
PRECIPITATION (INCHES)
TOTALS 0.92 1.28 -0.36 1.85
DAILY AVG. 0.03 0.04 -0.01 0.06
DAYS >= .01 8 6.6 1.4 10
DAYS >= .10 2 3.6 -1.6 5
DAYS >= .50 0 0.5 -0.5 1
DAYS >= 1.00 0 0.0 0.0 0
GREATEST
24 HR. TOTAL 0.46 01/07 TO 01/08 0.53
SNOWFALL (INCHES)
TOTALS MM MM MM MM
SINCE 7/1 MM MM MM MM
SNOWDEPTH AVG. MM MM
DAYS >= 1.0 MM MM MM MM
GREATEST
SNOW DEPTH MM MM MM
24 HR TOTAL MM MM
DEGREE DAYS
HEATING TOTAL 1198 1279 -81 1352
SINCE 7/1 3678 4109 -431 4081
COOLING TOTAL 0 0 0 0
SINCE 1/1 0 0 0 0
................................................................
WIND (MPH)
AVERAGE WIND SPEED 4.8
HIGHEST WIND SPEED/DIRECTION 29/260 DATE 01/12
HIGHEST GUST SPEED/DIRECTION 35/250 DATE 01/13
35/260 01/14
35/250 01/15
SKY COVER
POSSIBLE SUNSHINE (PERCENT) MM
AVERAGE SKY COVER 0.40
NUMBER OF DAYS FAIR 16
NUMBER OF DAYS PC 9
NUMBER OF DAYS CLOUDY 6
AVERAGE RH (PERCENT) 73
WEATHER CONDITIONS. NUMBER OF DAYS WITH
THUNDERSTORM 0 MIXED PRECIP 0
HEAVY RAIN 0 RAIN 0
LIGHT RAIN 3 FREEZING RAIN 0
LT FREEZING RAIN 0 HAIL 0
HEAVY SNOW 2 SNOW 4
LIGHT SNOW 11 SLEET 0
FOG 14 FOG W/VIS <= 1/4 MILE 8
HAZE 0
- INDICATES NEGATIVE NUMBERS.
R INDICATES RECORD WAS SET OR TIED.
MM INDICATES DATA IS MISSING.
T INDICATES TRACE AMOUNT.
$$